-- Table structure for table `content_upload`
--

CREATE TABLE `content_upload` (
  `id` bigint unsigned NOT NULL AUTO_INCREMENT,
  `contents_id` int unsigned DEFAULT NULL,
  `view_file_name` text CHARACTER SET utf8mb4 COLLATE utf8mb4_unicode_ci,
  `bar_id` text CHARACTER SET utf8mb4 COLLATE utf8mb4_unicode_ci,
  `file` text CHARACTER SET utf8mb4 COLLATE utf8mb4_unicode_ci NOT NULL,
  `length` bigint unsigned NOT NULL DEFAULT '0' COMMENT 'stores video length in seconds',
  `size` double(8,2) unsigned NOT NULL COMMENT 'in mb',
  `created_at` timestamp NULL DEFAULT NULL,
  `updated_at` timestamp NULL DEFAULT NULL,
  `deleted_at` timestamp NULL DEFAULT NULL,
  PRIMARY KEY (`id`)
) ENGINE=InnoDB AUTO_INCREMENT=194 DEFAULT CHARSET=utf8mb4 COLLATE=utf8mb4_unicode_ci;

--
-- Dumping data for table `content_upload`
--

INSERT INTO `content_upload` VALUES (123,21,'CLEarly Legal - Joel Surber, Attorney Productivity','348960','CLEarly Legal - Joel Surber, Attorney Productivity_1721027518.mp3',1018,7.77,'2024-07-15 02:12:01','2025-05-08 02:40:10',NULL),(124,27,'CLEarly Legal - John Wilks, Prenups, PT. 1','349274','CLEarly Legal - John Wilks, Prenups, PT. 1_1721027551.mp3',1143,8.72,'2024-07-15 02:12:53','2025-05-07 05:22:13',NULL),(125,27,'CLEarly Legal - John Wilks, Prenups, PT. 2','350627','CLEarly Legal - John Wilks, Prenups, PT. 2_1721027558.mp3',1085,8.28,'2024-07-15 02:12:53','2025-05-07 05:22:14',NULL),(126,22,'CLEarly Legal - Joel Surber, Work-Life Balance and Productivity','348952','CLEarly Legal - Joel Surber, Work-Life Balance and Productivity_1721027612.mp3',977,7.46,'2024-07-15 02:13:37','2025-05-08 02:40:25',NULL),(127,23,'CLEarly Legal - Joel Surber, Client Development','348950','CLEarly Legal - Joel Surber, Client Development_1721027678.mp3',1136,8.67,'2024-07-15 02:14:41','2025-05-08 02:40:40',NULL),(128,24,'CLEarly Legal - Jonathan Farmer, DUI pt. 1','348953','CLEarly Legal - Jonathan Farmer, DUI PT. 1_1721027712.mp3',1033,7.89,'2024-07-15 02:15:23','2025-05-15 09:28:33',NULL),(129,24,'CLEarly Legal - Jonathan Farmer, DUI pt. 2','348951','CLEarly Legal - Jonathan Farmer, DUI PT. 2_1721027714.mp3',975,7.44,'2024-07-15 02:15:23','2025-05-15 09:28:33',NULL),(130,24,'CLEarly Legal - Jonathan Farmer, DUI pt. 3','349275','CLEarly Legal - Jonathan Farmer, DUI PT. 3_1721027713.mp3',1005,7.67,'2024-07-15 02:15:23','2025-05-15 09:28:33',NULL),(131,31,'CLEarly Legal - Scott Lynn, General Counsel, PT. 1','349278','CLEarly Legal - Scott Lynn, General Counsel, PT. 1_1721027793.mp3',934,7.13,'2024-07-15 02:16:58','2025-05-07 05:21:59',NULL),(132,31,'CLEarly Legal - Scott Lynn, General Counsel, PT. 2','349277','CLEarly Legal - Scott Lynn, General Counsel, PT. 2_1721027812.mp3',991,7.56,'2024-07-15 02:16:58','2025-05-07 05:21:59',NULL),(133,31,'CLEarly Legal - Scott Lynn, General Counsel, PT. 3','349279','CLEarly Legal - Scott Lynn, General Counsel, PT. 3_1721027805.mp3',1046,7.98,'2024-07-15 02:16:58','2025-05-07 05:21:59',NULL),(134,29,'CLEarly Legal - Adam Barber, Probate, PT. 1','349276','CLEarly Legal - Adam Barber, Probate, PT. 1_1721027846.mp3',990,7.56,'2024-07-15 02:17:29','2025-05-07 05:22:07',NULL),(135,29,'CLEarly Legal - Adam Barber, Probate, PT. 2','350626','CLEarly Legal - Adam Barber, Probate, PT. 2_1721027839.mp3',1011,7.72,'2024-07-15 02:17:29','2025-05-07 05:22:07',NULL),(136,34,'Dealing with Clients Who Fall Behind on Bills - Joel Surber, Sean Martin','350366','Riverside Joel & Sean Aug 12, 2024_1723529318.mp3',983,7.51,'2024-08-13 01:09:07','2025-05-07 05:21:17',NULL),(137,35,'Balancing Payment and Client Relationships - Joel Surber, Sean Martin','350343','Riverside Joel & Sean Aug 12, 2024_1723529319_1723530512.mp3',1083,8.26,'2024-08-13 01:29:07','2025-05-07 05:21:07',NULL),(138,36,'The Ethical Duty of Lawyers in Using Technology - Joel Surber, Sean Martin','350367','Riverside Joel & Sean Aug 12, 2024_1723530987.mp3',996,7.60,'2024-08-13 01:38:23','2025-05-07 05:20:57',NULL),(139,37,'The Importance of Secure Communication Platforms for Lawyers - Joel Surber, Sean Martin','350364','Riverside Joel & Sean Aug 12, 2024_1723531329.mp3',1037,7.92,'2024-08-13 01:42:41','2025-05-07 05:20:45',NULL),(140,38,'Maintaining Professionalism in Texting - Joel Surber, Sean Martin','350363','Riverside Joel & Sean Aug 12, 2024_1723531649.mp3',1001,7.64,'2024-08-13 01:48:55','2025-05-07 05:20:35',NULL),(141,39,'Understanding the Basics of Cannabis - Joel Surber, Sean Martin, Joey Fuson','350365','Riverside Joel & Sean Aug 12, 2024_1723532138.mp3',1062,8.10,'2024-08-13 01:56:25','2025-05-15 09:30:37',NULL),(142,40,'Exploring Marijuana Laws in Tennessee - Joel Surber, Sean Martin, Joey Fuson','350344','Riverside Joel & Sean Aug 12, 2024_1723532549.mp3',1104,8.42,'2024-08-13 02:03:44','2025-05-15 09:31:18',NULL),(143,41,'Challenging the Smell Test: The Green Case - Joel Surber, Sean Martin, Joey Fuson','350368','Riverside Joel & Sean Aug 12, 2024_1723533028.mp3',1105,8.43,'2024-08-13 02:10:50','2025-05-15 09:31:59',NULL),(144,42,'The Kevin Spacey Case - Joel Surber, Sean Martin, Adam Dread','350369','Riverside Joel & Sean Aug 12, 2024_1723533298.mp3',999,7.63,'2024-08-13 02:15:32','2025-05-07 05:19:56',NULL),(145,43,'Anticipating Legal Expenses as a Landlord - Joel Surber, Sean Martin, Adam Dread','350370','Riverside Joel & Sean Aug 12, 2024_1723533882.mp3',1077,8.22,'2024-08-13 02:25:26','2025-05-07 05:19:41',NULL),(146,44,'The Longevity of Marijuana in the System - Joel Surber, Sean Martin, Adam Dread','350362','Riverside Joel & Sean Aug 12, 2024_1723535284.mp3',1118,8.53,'2024-08-13 02:52:21','2025-05-07 05:19:27',NULL),(147,45,'Conservatorships Part 1','350845','Conservatorships Part 1 - Sean Martin, Amy Willoughby Bryant_1727157597.mp3',904,15.27,'2024-09-24 01:15:22','2025-05-07 05:19:03',NULL),(148,46,'Conservatorships Part 2 - Sean Martin, Amy Willoughby Bryant','350846','Conservatorships Part 2 - Sean Martin, Amy Willoughby Bryant_1727158735.mp3',907,15.48,'2024-09-24 01:24:05','2025-05-07 05:17:33',NULL),(149,47,'Divorce and the Division of Memories - Sean Martin, Cathy Speers Johnson','350847','Divorce and the Division of Memories - Sean Martin, Cathy Speers Johnson_1727159523.mp3',923,13.71,'2024-09-24 01:32:29','2025-05-07 05:26:44',NULL),(150,48,'Why Choose Collaborative Divorce? - Sean Martin, Catherine S. Eaton','350843','Why Choose Collaborative Divorce - Sean Martin, Catherine S. Eaton_1727159864.mp3',908,12.81,'2024-09-24 01:37:52','2025-05-07 05:16:55',NULL),(151,49,'Exploring Financial Solutions in Divorce - Sean Martin, Catherine S. Eaton','350844','Exploring Financial Solutions in Divorce - Sean Martin, Catherine S. Eaton_1727160149.mp3',908,12.81,'2024-09-24 01:43:36','2025-05-07 05:16:46',NULL),(152,50,'Navigating the Legal Landscape - Sean Martin, Christina Stubblefield','351178','Navigating the Legal Landscape - Sean Martin, Christina Stubblefield_1727348574.mp3',908,15.18,'2024-09-26 06:05:47','2025-05-07 05:16:35',NULL),(153,51,'Creating a Supportive Legal Environment - Sean Martin, Christina Stubblefield','351172','Creating a Supportive Legal Environment - Sean Martin, Christina Stubblefield_1727349378.mp3',908,14.75,'2024-09-26 06:25:34','2025-05-07 05:16:21',NULL),(154,52,'Understanding Wage and Hour Violations - Sean Martin, JK Simms','351174','Understanding Wage and Hour Violations - Sean Martin, JK Simms_1727350529.mp3',901,14.32,'2024-09-26 07:11:03','2025-05-07 05:16:08',NULL),(155,53,'Are Non-Compete Agreements Enforceable? - Sean Martin, JK Simms','351173','Are Non-Compete Agreements Enforceable - Sean Martin, JK Simms_1727352904.mp3',908,14.52,'2024-09-26 07:15:39','2025-05-07 05:15:58',NULL),(156,54,'Young Attorney 1 - Joel Surber, Sean Martin','339773','Young Attorney 1 - Joel Surber, Sean Martin_1727779123.mp3',903,14.46,'2024-10-01 06:36:40','2025-05-07 05:15:46',NULL),(157,54,'Young Attorney 2 - Joel Surber, Sean Martin','340682','Young Attorney 2 - Joel Surber, Sean Martin_1727780987.mp3',901,13.68,'2024-10-01 06:36:40','2025-05-07 05:15:46',NULL),(158,54,'Young Attorney 3 - Joel Suber, Sean Martin','340683','Young Attorney 3 - Joel Suber, Sean Martin-_1727780998.mp3',902,15.57,'2024-10-01 06:36:40','2025-05-07 05:15:46',NULL),(159,54,'Young Attorney 4 - Joel Surber, Sean Martin','340684','Young Attorney 4 - Joel Surber, Sean Martin_1727781006.mp3',905,15.21,'2024-10-01 06:36:40','2025-05-07 05:15:46',NULL),(160,54,'Young Attorney 1 (Part 2) - Joel Surber, Sean Martin','351175','Young Attorney 1 (Part 2) - Joel Surber, Sean Martin_1728022720.mp3',900,13.51,'2024-10-04 01:24:38','2025-05-07 05:15:46',NULL),(161,55,'How to Communicate Effectively with Clients - Joel Surber, Sean Martin','352670','riverside_joel_& sean - take 02 15 min edit_ oct 15, 2024 0_sean_martin\'s studio_1729578424.mp3',916,13.85,'2024-10-22 01:35:06','2025-05-07 05:15:15',NULL),(162,56,'Best Practices for Texting Clients - Joel Surber, Sean Martin','352668','riverside_joel_& sean - take 03 15 min edit _ oct 15, 2024 _sean_martin\'s studio_1729579160.mp3',915,13.88,'2024-10-22 01:41:09','2025-05-07 05:15:05',NULL),(163,57,'Navigating Ethical Communication in Law - Joel Surber, Sean Martin','352671','riverside_joel_& sean - take 04 15 min edit _ oct 15, 2024 _sean_martin\'s studio_1729579770.mp3',914,13.94,'2024-10-22 01:59:17','2025-05-07 05:14:54',NULL),(164,58,'Understanding the Gig Economy in Law - Joel Surber, Sean Martin','352672','riverside_joel_& sean 15 min edit _ oct 15, 2024 001_sean_martin\'s studio_1729580647.mp3',914,13.85,'2024-10-22 02:04:27','2025-05-07 05:04:12',NULL),(165,59,'Navigating the Ethics of Legal Outsourcing - Joel Surber, Sean Martin','352669','riverside_joel_& sean - take 02 15 min edit _ oct 15, 2024 _sean_martin\'s studio_1729580832.mp3',916,14.10,'2024-10-22 02:08:16','2025-05-07 05:14:37',NULL),(166,60,'Legal Forms and Gig Work - Joel Surber, Sean Martin','352673','riverside_joel_& sean - take 03 15 min edit _ oct 15, 2024 _sean_martin\'s studio (1)_1729581486.mp3',910,13.74,'2024-10-22 02:19:26','2025-05-07 05:14:30',NULL),(167,61,'Supervision Challenges in the Gig Economy - Joel Surber, Sean Martin','352674','riverside_joel_& sean - take 04 15 min edit_ oct 15, 2024 0_sean_martin\'s studio_1729682311.mp3',911,13.87,'2024-10-23 06:18:45','2025-05-07 05:14:22',NULL),(168,62,'Gig Work Ethics in Law - Joel Surber, Sean Martin','352677','riverside_sean_martin 15 min edit _ oct 16, 2024 001_sean_martin\'s studio_1729851242.mp3',913,14.39,'2024-10-25 05:14:28','2025-05-07 05:09:07',NULL),(169,63,'The Unwritten Rules of Legal Ethics - Joel Surber, Sean Martin','352756','riverside_joel_& sean 15 min edit _ oct 16, 2024 001_sean_martin\'s studio_1729851599.mp3',915,15.38,'2024-10-25 05:20:55','2025-05-07 05:13:47',NULL),(170,64,'Civility in the Courtroom - Joel Surber, Sean Martin','352759','riverside_joel_& sean - take 02 15 min edit _ oct 16, 2024 _sean_martin\'s studio_1729851800.mp3',914,15.35,'2024-10-25 05:24:25','2025-05-07 05:13:37',NULL),(171,65,'Empathy and Self-Awareness in Mentorship - Joel Surber, Sean Martin','352758','riverside_joel_& sean - take 05 15 min edit _ oct 17, 2024 _sean_martin\'s studio_1729851912.mp3',915,15.06,'2024-10-25 05:25:48','2025-05-07 05:12:51',NULL),(172,66,'The Power of Mentorship in Law - Joel Surber, Sean Martin','352755','riverside_joel_& sean - take 03 15 min edit_ oct 17, 2024 0_sean_martin\'s studio_1729852065.mp3',915,15.24,'2024-10-25 05:28:11','2025-05-07 05:12:46',NULL),(173,67,'The Essential Traits of a Good Mentor - Joel Surber, Sean Martin','352757','riverside_joel_& sean - take 04 15 min edit _ oct 17, 2024 _sean_martin\'s studio_1729852113.mp3',913,14.78,'2024-10-25 05:28:54','2025-05-07 05:12:37',NULL),(174,68,'Ezra Weaver','Et qui facilis excep','mix_309m21s (audio-joiner.com)_1730291275.mp3',18561,708.10,'2024-10-30 07:30:08','2025-04-08 02:48:47',NULL),(175,69,'Collaborative Divorce Roundtable - Sean Martin, Joel Surber; fans, friends and members of Collaborative Divorce Nashville','353442','Collaborative Divorce Roundtable_1730799646.mp3',2725,64.98,'2024-11-05 03:42:04','2025-05-07 05:12:28',NULL),(176,70,'The Art of Mediation: Tips for Success - Sean Martin, Joel Surber, Josh Offutt','353409','Joshua Offutt Mediator_1730799995.mp3',1961,50.82,'2024-11-05 03:47:08','2025-05-07 05:12:19',NULL),(177,71,'Business Valuations in Family Law - Sean Martin, Joel Surber, Kurt Myers','353408','Kurt Myers Business Valuations_1730800295.mp3',1890,53.16,'2024-11-05 03:52:38','2025-05-07 04:59:48',NULL),(178,72,'TN Real Estate Law: agent, broker, or REALTOR; mandatory disclosures','354927','Sean Heather RX Done_1732688981.mp3',1887,53.10,'2024-11-27 00:31:20','2025-05-07 05:11:46',NULL),(179,73,'Watching Firm Money, Business Tips','354924','sean kelly solo rx DONE_1732773837.mp3',1001,27.73,'2024-11-28 00:06:13','2025-05-07 05:11:36',NULL),(180,74,'IOLTA Accounts, Trust Accounting','354925','Sean Kelly 2 solo RX DONE_1732774160.mp3',1022,28.71,'2024-11-28 00:10:41','2025-05-07 05:11:26',NULL),(181,75,'Lending to Lawyers and Law Firms','354926','Sean Kelly 3 solo RX DONE_1732774459.mp3',1013,28.10,'2024-11-28 01:16:16','2025-05-07 04:57:45',NULL),(182,76,'Mental Health, Sex Therapy, and Loss of Consortium for Lawyers','355746','Blakely RX DONE (1)_1738081193.mp3',2761,76.37,'2025-01-28 10:21:30','2025-05-07 05:10:50',NULL),(183,77,'CLEarly Legal - Joel, Sean and Suzette Kraemer, Real Estate Professional; Kristi Curling, Mortgage Lending Professional','359415','CLEarly Legal - Joel, Sean and Suzette Kraemer, Real Estate Professional; Kristi Curling, Mortgage Lending Professional_1739432174.mp3',3017,76.86,'2025-02-13 01:59:39','2025-05-07 05:10:39',NULL),(184,78,'CLEarly Legal - Sean with Danielle Spence, Wealth Advisor; Jennifer Goode, Recovering Lawyer & Director—Institute for Trust and Estate Planning for Alliance Bernstein','359416','CLEarly Legal - Sean with Danielle Spence, Wealth Advisor; Jennifer Goode, Recovering Lawyer & Director—Institute for Trust and Estate Planning for Alliance Bernstein_1739433944.mp3',2228,63.97,'2025-02-13 02:08:03','2025-05-07 04:56:23',NULL),(185,79,'Stalkers and Shakedowns with Jennifer Ghanem','360101','Stalkers and Shakedowns with Jennifer Ghanem_1739515778.mp3',1987,52.52,'2025-02-14 00:51:02','2025-05-07 05:09:30',NULL),(186,80,'Beyond the Will: Preserving Family Wealth Through Smart Planning','364098','Episode15_1745333343.mp3',3799,87.94,'2025-04-22 09:53:51','2025-05-07 05:09:59',NULL),(187,81,'Legal and Financial Realities of Business Worth','364099','Episode16_1745333762.mp3',2887,76.87,'2025-04-22 09:56:33','2025-05-07 05:09:51',NULL),(188,82,'Criminal Complaints and License Defense','365297','garrett-ONE_1747313445.mp3',1910,43.75,'2025-05-15 07:51:23','2025-05-15 07:51:23',NULL),(189,83,'Alford Pleas & Licensure Law: Protecting the Licensed Professional','365298','garrett-TWO_1747313607.mp3',1899,43.50,'2025-05-15 07:53:49','2025-05-15 07:53:49',NULL),(190,84,'Kernel Test 001','477','JANUARY 2023 - Asia Diggs Meador Meritan and Memphis_1749120016.mp3',1531,19.24,'2025-06-05 05:40:51','2025-06-05 05:40:51',NULL),(191,84,'Kernel Test 001','567','DECEMBER 2022 - Courtney Leyes and Fisher Phillips_1749120037.mp3',1746,26.38,'2025-06-05 05:40:51','2025-06-05 05:40:51',NULL),(192,85,'Attorney Citizen','371990','Joseph Hubbard, Attorney Citizen_1759505293.mp3',2863,65.57,'2025-10-03 10:31:14','2025-10-03 10:31:14',NULL),(193,86,'The Complex World of Healthcare Law','371800','Meggan B. Sullivan_1759506045.mp3',3812,87.28,'2025-10-03 10:41:04','2025-10-03 10:41:04',NULL);

--
-- Table structure for table `contents`
--

CREATE TABLE `contents` (
  `id` int unsigned NOT NULL AUTO_INCREMENT,
  `content_type` varchar(50) CHARACTER SET utf8mb4 COLLATE utf8mb4_unicode_ci DEFAULT NULL,
  `category_id` varchar(255) CHARACTER SET utf8mb4 COLLATE utf8mb4_unicode_ci DEFAULT NULL,
  `podcast_title` varchar(255) CHARACTER SET utf8mb4 COLLATE utf8mb4_unicode_ci DEFAULT NULL,
  `title_crc32` varchar(255) COLLATE utf8mb4_unicode_ci DEFAULT NULL,
  `internal_cl_podcast_id` varchar(255) CHARACTER SET utf8mb4 COLLATE utf8mb4_unicode_ci DEFAULT NULL,
  `short_description` text CHARACTER SET utf8mb4 COLLATE utf8mb4_unicode_ci,
  `provider_type` varchar(15) CHARACTER SET utf8mb4 COLLATE utf8mb4_unicode_ci DEFAULT NULL,
  `provider_id` int unsigned NOT NULL DEFAULT '0' COMMENT 'based on provider type. this filed connect with multiple tables based on provider type',
  `cl_type` varchar(15) CHARACTER SET utf8mb4 COLLATE utf8mb4_unicode_ci DEFAULT NULL COMMENT '1-General,2-Ethics,3-Dual',
  `length` int unsigned DEFAULT '0',
  `file_type` varchar(255) CHARACTER SET utf8mb4 COLLATE utf8mb4_unicode_ci DEFAULT NULL,
  `image` varchar(255) CHARACTER SET utf8mb4 COLLATE utf8mb4_unicode_ci DEFAULT NULL,
  `image_alt` varchar(255) CHARACTER SET utf8mb4 COLLATE utf8mb4_unicode_ci NOT NULL DEFAULT 'Clealry Content',
  `published_on` datetime DEFAULT NULL,
  `prerequisites` text CHARACTER SET utf8mb4 COLLATE utf8mb4_unicode_ci,
  `expire_date` datetime DEFAULT NULL,
  `temp_expire_date` datetime DEFAULT NULL,
  `status` tinyint NOT NULL DEFAULT '0' COMMENT '0-Inactive,1-Active',
  `created_by` int unsigned NOT NULL DEFAULT '0',
  `updated_by` int unsigned NOT NULL DEFAULT '0',
  `created_at` timestamp NULL DEFAULT NULL,
  `updated_at` timestamp NULL DEFAULT NULL,
  `deleted_at` timestamp NULL DEFAULT NULL,
  PRIMARY KEY (`id`),
  KEY `idx_status_expiredate` (`status`,`expire_date`),
  KEY `idx_published_on` (`published_on`),
  KEY `idx_category_id` (`category_id`),
  KEY `idx_cl_type` (`cl_type`),
  KEY `idx_temp_expire_date` (`temp_expire_date`)
) ENGINE=InnoDB AUTO_INCREMENT=87 DEFAULT CHARSET=utf8mb4 COLLATE=utf8mb4_unicode_ci;

--
-- Dumping data for table `contents`
--

INSERT INTO `contents` VALUES (21,NULL,'20','CLEarly Legal - Joel Surber, Attorney Productivity','3810f072','CL-0001','In this conversation, Sean Martin and Joel Surber discuss attorney productivity, its assessment, and strategies for maximizing it.\r\nThey also explore the challenges faced by private practice attorneys and the importance of work-life balance. Joel shares valuable insights and practical advice based on his experience as a lawyer.','1',365,'1',0,'1','0b962b990d7ef8d1e14e36f904b5d3fc4332efc0e9659b2de53eb61398b1c596a3e971d803543998fb4c9b594ce28fb46774de906a4632de6afd0413c705d7cb.jpg','Clealry Content','2024-07-11 18:55:00',NULL,NULL,NULL,1,365,0,'2024-07-11 18:59:00','2025-06-05 05:07:12',NULL),(22,NULL,'2','CLEarly Legal - Joel Surber, Work-Life Balance and Productivity','e685e7af','CL-0022','In this episode of the Clearly Legal podcast, Sean Martin and Joel Surber discuss work-life balance and productivity. They start by talking about their golf game and how it can be a way to connect with \"clients and decompress. They then explore the importance of structuring your day and week to prioritize tasks and maximize productivity. They also discuss the beneï¬ts of bringing in a business coach to improve ï¬rm productivity and unlock new opportunities. The episode ends with a preview of the next episode, which will focus on developing habits and routines that support sustainable productivity.','1',365,'1',0,'1','384db8549b43db48f17df3e94bd83b5097649470cd81281f8a03468628536f076d5e62f73412be77f0dfc65475de0e8332b5c98095ec25d97c5339e5ba473cac.jpg','Clealry Content','2024-07-11 18:49:00',NULL,NULL,NULL,1,365,0,'2024-07-11 18:49:00','2025-06-05 05:07:12',NULL),(23,NULL,'20','CLEarly Legal - Joel Surber, Client Development','ab5fa663','CL-0023','The conversation between Joel Surber and Sean Martin delves into the intricacies of client development, business generation, and relationship building in the legal profession. Joel shares insights on the importance of networking, maintaining professional relationships, and the ethical considerations involved in client development. The conversation also explores the balance between personal and professional relationships with clients and the signiï¬cance of delivering results in legal practice.','1',365,'1',0,'1','9b7110e70b8229d122ed89ec14afc47e1cbc957e2902d7d8b96a1a225668b5f0f0a9df6c3234f386391595425e2019642505a2dd5303db3595b2e33436ea373c.jpg','Clealry Content','2024-07-11 19:29:00',NULL,NULL,NULL,1,365,0,'2024-07-11 19:29:00','2025-06-05 05:07:12',NULL),(24,NULL,'5','CLEarly Legal - Jonathan Farmer, DUI','ada9473c','CL-0024','Episode 1: \r\nIn this conversation, Sean Martin and Joel Surber interview Jonathan Farmer, a criminal defense lawyer, about DUIs. They discuss what to do if pulled over by a police oï¬€icer after drinking, the importance of being respectful and cooperative, and the potential consequences of refusing to take a breathalyzer or ï¬eld sobriety test. The conversation highlights the need to weigh the risks and beneï¬ts of cooperating with law enforcement and provides insights into the DUI process.\r\n\r\nEpisode 2: \r\nIn this conversation, Jonathan Farmer, a criminal defense attorney, provides advice on what to do when pulled over for a DUI. He advises against trying to hide evidence or cover up the situation, as it can lead to additional charges. As a passenger in a car with someone who is pulled over for a DUI, it is best to remain calm and cooperate with the police. Farmer also explains the concept of DUI by owner, where the owner of a car can be held responsible if someone else is driving drunk in their vehicle. Once arrested, the process involves going to the hospital for a blood draw and then to jail. Farmer emphasizes the importance of getting out of jail by either paying bond or using a bonding company. He also clarifies that the idea of only getting one phone call in jail is not accurate.\r\n\r\nEpisode 3:\r\nIn this conversation, Sean Martin and Joel Surber interview Jonathan Farmer, a lawyer, about the process of dealing with a DUI charge. They discuss the importance of hiring a lawyer, the role of the lawyer in defending the case, and the potential outcomes and consequences of a DUI conviction. Farmer emphasizes the need for clients to take proactive steps to present themselves as responsible individuals to the prosecutor. He also highlights the importance of local representation and building a good rapport with the lawyer. The conversation provides valuable insights for individuals facing a DUI charge.\r\n\r\nKeywords:\r\nDUI, criminal defense attorney, pulled over, passenger, DUI by owner, arrest, bond, jail, phone call','1',365,'1',0,'1','a24b98f899062481f75c3bcab5ecb0c6e7df19e3c1917ed046dc523019b334dc5c0990924ad89d01a6345c9b7e867589f80469eb1e5a8bbd6c2ae56c575f8431.jpg','Clealry Content','2024-06-20 06:43:00',NULL,NULL,NULL,1,365,0,'2024-06-20 06:43:00','2025-06-05 05:07:12',NULL),(25,NULL,'5','DUI pt. 2','dc814757','CL-0025','Published on: \r\nJun 20, 2024 6:47 AM\r\n\r\nSpeakers: \r\nJonathan Farmer, Spencer Fane\r\n\r\nSummary:\r\nIn this conversation, Jonathan Farmer, a criminal defense attorney, provides advice on what to do when pulled over for a DUI. He advises against trying to hide evidence or cover up the situation, as it can lead to additional charges. As a passenger in a car with someone who is pulled over for a DUI, it is best to remain calm and cooperate with the police. Farmer also explains the concept of DUI by owner, where the owner of a car can be held responsible if someone else is driving drunk in their vehicle. Once arrested, the process involves going to the hospital for a blood draw and then to jail. Farmer emphasizes the importance of getting out of jail by either paying bond or using a bonding company. He also clarifies that the idea of only getting one phone call in jail is not accurate.\r\n\r\nKeywords:\r\nDUI, criminal defense attorney, pulled over, passenger, DUI by owner, arrest, bond, jail, phone call\r\n\r\nTakeaways:\r\n- When pulled over for a DUI, it is best to remain calm and not try to hide evidence or cover up the situation.\r\n- As a passenger in a car with someone who is pulled over for a DUI, it is important to cooperate with the police and not act like a jerk.\r\n- The concept of DUI by owner means that the owner of a car can be held responsible if someone else is driving drunk in their vehicle.\r\n- After being arrested for a DUI, the process involves going to the hospital for a blood draw and then to jail.\r\n- Getting out of jail can be done by paying bond or using a bonding company, and it is important to contact a criminal defense attorney for assistance.\r\n- The idea of only getting one phone call in jail is not accurate.\r\n\r\nTitles:\r\n- Understanding DUI by Owner\r\n- What to Do When Pulled Over for a DUI\r\n\r\nChapters:\r\n00:00 Introduction and Setting the Stage\r\n01:13 Handling Friends in the Car During a DUI Stop\r\n06:15 What Happens After the Cuffs Go On\r\n10:29 The Role of a Bondsman in Getting Out of Jail\r\n12:37 The Decision to Take a Breath or Blood Test\r\n15:09 Seeing a Magistrate and Setting a Bond\r\n15:38 Seeking Legal Counsel After Getting Out of Jail','3',8,'1',0,'1','63791c699c93421c1a79e90b3f2b049ef910ee6c0a2e53b2d047b811042752d74bb2d766b003faf8e0d6a1177439e2c14a4ff0ce26848f2178f7462e2c3ed218.jpg','Clealry Content','2024-06-20 06:47:00',NULL,NULL,NULL,0,365,0,'2024-06-20 06:47:00','2025-06-05 05:07:12',NULL),(26,NULL,'5','DUI pt. 3','ab8677c1','CL-0026','Published on: \r\nJun 20, 2024 6:50 AM\r\n\r\nSpeakers: \r\nJonathan Farmer, Spencer Fane\r\n\r\nSummary:\r\nIn this conversation, Sean Martin and Joel Surber interview Jonathan Farmer, a lawyer, about the process of dealing with a DUI charge. They discuss the importance of hiring a lawyer, the role of the lawyer in defending the case, and the potential outcomes and consequences of a DUI conviction. Farmer emphasizes the need for clients to take proactive steps to present themselves as responsible individuals to the prosecutor. He also highlights the importance of local representation and building a good rapport with the lawyer. The conversation provides valuable insights for individuals facing a DUI charge.\r\n\r\nKeywords:\r\nDUI, lawyer, court date, bond, consequences, plea bargain, local representation, client management\r\n\r\nTakeaways:\r\n- Hiring a lawyer is crucial when facing a DUI charge due to the significant consequences involved.\r\n- The court date for a DUI case is typically scheduled within a week to 10 weeks after posting bond.\r\n- A local lawyer with experience in DUI cases is recommended for effective representation.\r\n- Building a good rapport with the lawyer and presenting oneself as a responsible individual can help in negotiating a favorable plea bargain.\r\n- Taking proactive steps, such as attending alcohol safety courses and seeking counseling, can demonstrate a commitment to addressing any alcohol-related issues.\r\n\r\nTitles:\r\n- The Importance of Hiring a DUI Lawyer\r\n- Navigating the DUI Process: Insights from a Lawyer\r\n\r\nSound Bites:\r\n\"You hire a lawyer. Okay. And then that\'s not just a plug for me. At that point, you definitely need to hire a lawyer.\"\r\n\"Anything you can do to avoid one, you know, kind of needs to be done.\"\r\n\"You call people you trust and see if they have any recommendations.\"\r\n\r\nChapters:\r\n00:00 Introduction and Background\r\n02:23 The Importance of Hiring a Lawyer\r\n03:45 Finding the Right Lawyer\r\n06:09 Meeting with the Lawyer and Gathering Information\r\n08:01 Building a Strong Defense\r\n09:26 Presenting the Client to the Prosecutor\r\n11:12 The Role of Plea Bargains\r\n12:11 Client\'s Role in Achieving a Favorable Outcome\r\n15:03 Working Together to Convince the Prosecutor\r\n16:26 Conclusion and Thanks','3',8,'1',0,'1','01078cf03f06a86dd42723dc8584486e30a7347c19e596b1d9622c435549628063933355ec920d2d3b35e2ecdda316b4d20076862fbf64c2b203b90503881c96.jpg','Clealry Content','2024-06-20 06:50:00',NULL,NULL,NULL,0,365,0,'2024-06-20 06:50:00','2025-06-05 05:07:12',NULL),(27,NULL,'15','CLEarly Legal - John Wilks, Prenups','d363962e','CL-0027','Episode 1:\r\nIn this episode, the hosts interview John Wilks, a lawyer specializing in prenuptial agreements in Tennessee. They discuss the changing perception of prenups, with more young people seeking them for various reasons. They also explore the requirements for a valid prenup, including voluntary agreement, full disclosure of assets and debts, and the need for specific language in the agreement. They touch on topics such as protecting assets and debts acquired during the marriage, spousal support, and child support. The conversation ends with a teaser for the next episode, where they will discuss enforcement and other considerations for prenups.\r\n\r\nEpisode 2:\r\nIn this conversation, Sean Martin, Joel Surber, and John Wilks discuss prenuptial agreements in Tennessee. They emphasize the importance of fairness and reasonableness in the agreement and caution against creating unconscionable terms. They also highlight the need for both parties to have independent counsel to review the agreement and mitigate potential issues in the event of a divorce. The timing of discussing and drafting the prenup is also discussed, with the recommendation of doing so four to eight months prior to the wedding. Specific provisions and language in the agreement are important, especially regarding spousal rights and the acquisition of marital property. John Wilks encourages individuals to reach out to their attorney for guidance and to protect themselves.\r\n\r\nKeywords:\r\nprenuptial agreements, Tennessee, divorce, assets, debts, marriage, millennials, generational shift','1',365,'1',0,'1','b86b794bb8c1f650267c99ef9429cc2db93e94c3839561220819e3bf44ba4deecd512f1348ba86066cfc872de7be559a1d5245d88e4842f3556dd3a6ade392da.jpg','Clealry Content','2024-06-29 06:55:00',NULL,NULL,NULL,1,365,0,'2024-06-29 06:55:00','2025-06-05 05:07:12',NULL),(28,NULL,'15','CLEarly Legal - John Wilks, Prenups pt. 2','1dd082b','CL-0028','Published on: \r\nJun 20, 2024 7:09 AM\r\n\r\nSpeakers: \r\nJohn Wilks, MHPS, PLLC \r\n\r\nSummary:\r\nIn this conversation, Sean Martin, Joel Surber, and John Wilks discuss prenuptial agreements in Tennessee. They emphasize the importance of fairness and reasonableness in the agreement and caution against creating unconscionable terms. They also highlight the need for both parties to have independent counsel to review the agreement and mitigate potential issues in the event of a divorce. The timing of discussing and drafting the prenup is also discussed, with the recommendation of doing so four to eight months prior to the wedding. Specific provisions and language in the agreement are important, especially regarding spousal rights and the acquisition of marital property. John Wilks encourages individuals to reach out to their attorney for guidance and to protect themselves.\r\n\r\nKeywords:\r\nprenuptial agreements, Tennessee, fairness, reasonableness, unconscionable terms, independent counsel, divorce, timing, specific provisions, spousal rights, marital property, attorney guidance\r\n\r\nTakeaways:\r\n- Prenuptial agreements should be fair and reasonable and should not contain unconscionable terms.\r\n- Both parties should have independent counsel to review the agreement and protect their interests.\r\n- Discussing and drafting the prenup should ideally be done four to eight months prior to the wedding.\r\n- Specific provisions and language should be included in the agreement to address spousal rights and the acquisition of marital property.\r\n- Individuals should reach out to their attorney for guidance and to protect themselves.\r\n\r\nTitles:\r\n- Protecting Your Interests in Prenuptial Agreements\r\n- Timing and Specific Provisions in Prenuptial Agreements\r\n\r\nSound Bites:\r\n\"Ultimately the agreement be fair and reasonable, can\'t be unconscionable.\"\r\n\"It\'s important to have some very frank conversations with your client about the risk you\'re running of entering that type of agreement.\"\r\n\"Having both sides have independent counsel... mitigating the potential issues that could come up in the event of a divorce.\"\r\n\r\nChapters:\r\n00:00 Introduction and Overview\r\n01:17 The Importance of Fairness and Reasonableness in Prenuptial Agreements\r\n07:01 The Need for Independent Counsel\r\n09:25 Timing Considerations for Prenuptial Agreements\r\n12:49 Including Specific Language in Prenuptial Agreements\r\n15:19 Considerations for Stay-at-Home Parents and Future Property Acquisitions','3',8,'1',0,'1','7683d4c0d0d2d1958be27697d069e97f8c8e23af0fd586e2ab2f4c7cf0f2c16ae46b36c44f7d9dce1008a403ba268cc38665b9fd3abb5e2c4cbb1a4072dc7b7b.jpg','Clealry Content','2024-06-20 07:09:00',NULL,NULL,NULL,0,365,0,'2024-06-20 07:09:00','2025-06-05 05:07:12',NULL),(29,NULL,'12','CLEarly Legal - Adam Barber, Probate','d8372140','CL-0029','Episode 1: \r\nIn this conversation, Sean Martin and Joel Surber interview Adam Barber, a probate lawyer, to discuss the basics of probate. They cover topics such as probate assets, non-probate assets, opening probate, changing title, will contests, and the importance of hiring a probate lawyer. Adam emphasizes the need for expertise in probate law and cautions against dabbling in this area without proper knowledge.\r\n\r\nEpisode 2: \r\nIn this conversation, Adam Barber from Martin, Heller, Patent, and Shepherd provides insights on trusts and probate. He explains that a trust is a contract between a grantor and a trustee, where property is put into the trust and distributed according to the grantor\'s wishes. Trusts are not just for the wealthy, but can be useful for anyone with minor children, real property, or property in multiple states. It is important to fund the trust by changing beneficiary designations and property titles. A trust can help keep courts out of your business and avoid the lengthy probate process.\r\n\r\nKeywords:\r\nprobate, probate assets, non-probate assets, opening probate, changing title, will contests, probate lawyer','1',365,'1',0,'1','65d731efa7ff323f4f245870d87d3aed7cb3b5abfb3b4d6d73946498ca17b5f1cb7dc4896ac74663458e5be58d07152cbc9930cb64b3db57b65252fe64479623.jpg','Clealry Content','2024-06-27 19:53:00',NULL,NULL,NULL,1,365,0,'2024-06-27 19:53:00','2025-06-05 05:07:12',NULL),(30,NULL,'12','CLEarly Legal - Adam Barber, Probate pt. 2','d9fec511','CL-0030','Published on: \r\nJul 11, 2024 6:34 PM\r\n\r\nSpeakers: \r\nAdam Barber, MHPS, PLLC\r\n\r\nSummary:\r\nIn this conversation, Adam Barber from Martin, Heller, Patent, and Shepherd provides insights on trusts and probate. He explains that a trust is a contract between a grantor and a trustee, where property is put into the trust and distributed according to the grantor\'s wishes. Trusts are not just for the wealthy, but can be useful for anyone with minor children, real property, or property in multiple states. It is important to fund the trust by changing beneficiary designations and property titles. A trust can help keep courts out of your business and avoid the lengthy probate process.\r\n\r\nKeywords:\r\ntrusts, probate, property, court, beneficiary designations, funding, grantor, trustee\r\n\r\nTakeaways:\r\n- A trust is a contract between a grantor and a trustee, where property is put into the trust and distributed according to the grantor\'s wishes.\r\n- Trusts are not just for the wealthy, but can be useful for anyone with minor children, real property, or property in multiple states.\r\n- It is important to fund the trust by changing beneficiary designations and property titles.\r\n- A trust can help keep courts out of your business and avoid the lengthy probate process.\r\n\r\nTitles:\r\n- Understanding Trusts and Probate\r\n- The Benefits of Trusts for Estate Planning\r\n\r\nChapters:\r\n00:00 Introduction and Overview\r\n01:10 Understanding Trusts and Their Benefits\r\n05:08 Clarifying the Relationship Between Trusts and Probate\r\n08:33 Different Types of Trusts and Asset Protection\r\n09:23 The Role of a Probate Master\r\n11:06 Navigating Probate Courts and Local Rules\r\n14:42 Probate Litigation and Conclusion','3',8,'1',0,'1','9b8f619d05c57d0b11fa7a92fcdb7416756d1d7ce4798279936267380cdf10a927819936b9c9a6aae674496ee18d0a503b928d99ee3edb77064ef81f8ce4bded.jpg','Clealry Content','2024-07-11 18:34:00',NULL,NULL,NULL,0,365,0,'2024-07-11 18:34:00','2025-06-05 05:07:12',NULL),(31,NULL,'2','CLEarly Legal - Scott Lynn, General Counsel','87ab5241','CL-0031','Episode 1: \r\nIn this episode of Clearly Illegal, Scott Lynn, the Executive Vice President General Counsel for Ryman Hospitality Properties, discusses the relationship between general counsel and outside lawyers. He explains that when selecting outside counsel, he considers the importance of the matter and the time and expense involved. He values expertise, prior knowledge, and the ability to understand the company\'s business. Scott also emphasizes the importance of communication and translation between the business and legal sides. He discusses the role of general counsel in managing both sides and ensuring that the business goals are understood by outside counsel. Scott also mentions the impact of insurance coverage on the selection of outside counsel.\r\n\r\nEpisode 2:\r\nIn this conversation, Scott Lynn from Ryman Hospitality Properties shares insights on how he assesses outside counsel and the importance of relationships in the legal industry. He emphasizes the value of hiring the lawyer, not just the law firm, and the importance of having a local legal network. Scott also discusses the qualities he looks for in supervising attorneys, including professional competence, responsiveness, and the ability to provide honest case assessments. He highlights the significance of brand names and pedigree in the assessment process and the effectiveness of marketing efforts such as professional development opportunities and client alerts.\r\n\r\nEpisode 3: \r\nIn this episode of Clearly Legal, Scott Lynn from Ryman Hospitality Properties discusses effective collaboration between general counsel and outside counsel. They talk about the tools and technologies used to manage cases, such as Microsoft Planner, and the importance of using the same platforms for seamless communication. They also touch on email etiquette and the need for professional correspondence. Scott emphasizes the importance of copying relevant parties on emails and being mindful of privilege when sharing information. Overall, the conversation highlights the significance of collaboration, communication, and technology in the legal profession.\r\n\r\nKeywords:\r\ngeneral counsel, outside counsel, relationship, selection, importance, time and expense, expertise, business knowledge, communication, translation, insurance coverage','1',365,'1',0,'1','9d8fe8a2412ed6729b3be20117eb69ee49b090fcdf5b87f1ef8584e64fd04df843b1ceb3833d6a586dc05f2248abd0998fa7eb86e212c442de0fa82275e1adcd.jpg','Clealry Content','2024-07-11 18:19:00',NULL,NULL,NULL,1,365,0,'2024-07-11 18:19:00','2025-06-05 05:07:12',NULL),(32,NULL,'2','CLEarly Legal - Scott Lynn, General Counsel pt. 2','3ca6bb3a','CL-0032','Published on: \r\nJul 11, 2024 6:25 PM\r\n\r\nSpeakers: \r\nScott Lynn, Exec. VP and General Counsel for Ryman Hospitality \r\n\r\nSummary:\r\nIn this conversation, Scott Lynn from Ryman Hospitality Properties shares insights on how he assesses outside counsel and the importance of relationships in the legal industry. He emphasizes the value of hiring the lawyer, not just the law firm, and the importance of having a local legal network. Scott also discusses the qualities he looks for in supervising attorneys, including professional competence, responsiveness, and the ability to provide honest case assessments. He highlights the significance of brand names and pedigree in the assessment process and the effectiveness of marketing efforts such as professional development opportunities and client alerts.\r\n\r\nKeywords:\r\nassessing outside counsel, relationships, hiring the lawyer not the law firm, local legal network, supervising attorneys, case assessments, brand names, pedigree, marketing efforts\r\n\r\nTakeaways:\r\n- Hiring the lawyer, not just the law firm, is crucial in assessing outside counsel.\r\n- Having a local legal network and using local lawyers can be advantageous.\r\n- Professional competence, responsiveness, and honest case assessments are important qualities in supervising attorneys.\r\n- Brand names and pedigree can influence the assessment process.\r\n- Effective marketing efforts include professional development opportunities and client alerts.\r\n\r\nTitles:\r\n- Effective Marketing Strategies for Law Firms\r\n- Qualities to Look for in Supervising Attorneys\r\n\r\nSound Bites:\r\n\"Clearly Legal, the approved alternative to CLE\"\r\n\"You really ultimately hire the lawyer, not the law firm.\"\r\n\"This business as any other business typically comes down to is relationships.\"\r\n\r\nChapters:\r\n00:00 Introduction and Overview\r\n01:05 Assessing Outside Counsel: Hiring the Lawyer, Not the Law Firm\r\n02:06 The Value of Local Firms and Relationships in the Legal Industry\r\n03:32 The Importance of Honest Case Assessments and Soft Skills\r\n06:25 Brand Names and Pedigree: Credibility Factors in Assessing Outside Counsel\r\n09:14 Effective Law Firm Marketing: Professional Development and Client Alerts\r\n12:47 Conclusion','3',8,'1',0,'1','a362fecc9e688dc7bb3305c1127c9ecbf1651b1289cb6540c3ce919aabddae25a268ae3e9119db69a808710751eab6148a369638b731e6127e15dccc1d8cced3.jpg','Clealry Content','2024-07-11 18:25:00',NULL,NULL,NULL,0,365,0,'2024-07-11 18:25:00','2025-06-05 05:07:12',NULL),(33,NULL,'2','CLEarly Legal - Scott Lynn, General Counsel pt. 3','4ba18bac','CL-0033','Published on: \r\nJul 11, 2024 6:35 PM\r\n\r\nSpeakers:\r\nScott Lynn, Exec. VP and General Counsel for Ryman Hospitality\r\n\r\nSummary:\r\nIn this episode of Clearly Legal, Scott Lynn from Ryman Hospitality Properties discusses effective collaboration between general counsel and outside counsel. They talk about the tools and technologies used to manage cases, such as Microsoft Planner, and the importance of using the same platforms for seamless communication. They also touch on email etiquette and the need for professional correspondence. Scott emphasizes the importance of copying relevant parties on emails and being mindful of privilege when sharing information. Overall, the conversation highlights the significance of collaboration, communication, and technology in the legal profession.\r\n\r\nKeywords:\r\ncollaboration, general counsel, outside counsel, tools, technologies, Microsoft Planner, communication, email etiquette, privilege\r\n\r\nTakeaways:\r\n- Effective collaboration between general counsel and outside counsel is crucial for successful legal operations.\r\n- Using the same platforms and tools for communication ensures seamless collaboration and document sharing.\r\n- Email etiquette is important, and professional correspondence reflects the professionalism of the sender and their organization.\r\n- Copying relevant parties on emails helps keep everyone informed and avoids miscommunication.\r\n- Being mindful of privilege when sharing information via email is essential to protect confidentiality.\r\n- Technology, such as Microsoft Planner, can be used to manage cases and keep track of tasks and deadlines.\r\n\r\nTitles:\r\n- Protecting Privilege in Email Communication\r\n- Using Technology to Manage Cases and Deadlines\r\n\r\nSound Bites:\r\n\"How important is it that your outside council kinda speak to speak, use the same apps or speak the same language that you\'re using inside your wall?\"\r\n\"Yeah, to me emails, I think I told myself the other day emails are the perfect mode of communication for me.\"\r\n\"Copy the people that need to know what you\'re up to.\"\r\n\r\nChapters:\r\n00:00 Introduction and Topic Overview\r\n01:13 Tools and Technologies for Case Management\r\n03:20 Transition to Cloud-Based Systems\r\n05:31 Importance of Collaboration with Outside Counsel\r\n07:28 Email Etiquette and Professional Correspondence\r\n10:56 Consideration of Privilege in Email Communication\r\n16:39 Conclusion','3',8,'1',0,'1','410f1a3dc4784111d643055b2900e285337c8e999b99bd858b127f306b4f1d388cc02f518c9f0ddd61deecdd7a88fcf768e2f75827103013b9bf91bf1658d9a3.jpg','Clealry Content','2024-07-11 18:35:00',NULL,NULL,NULL,0,365,0,'2024-07-11 18:35:00','2025-06-05 05:07:12',NULL),(34,NULL,'5','Dealing with Clients Who Fall Behind on Bills','614feb94','CL-0024','In this episode of Clearly Legal, Sean Martin and Joel Surber discuss the challenges of dealing with clients who fall behind on their bills. They explore the considerations and potential consequences of pursuing legal action against clients who refuse to pay. The conversation covers topics such as the importance of clear engagement agreements, the impact on reputation and malpractice insurance, and alternative dispute resolution options. The hosts emphasize the need for proactive measures to prevent these situations and the importance of resolving disputes without litigation.','1',365,'1',0,'1','f12c649bf3a3037fadf99ac88485c8eed736023df28d0b5527260e61c567ebe5efb35983bcf06ef502391d88fa7f1ec5a8915f229baba38b8c24387287809bc7.jpg','Clealry Content','2024-08-13 01:09:00',NULL,NULL,NULL,1,365,0,'2024-08-13 01:09:07','2025-06-05 05:07:12',NULL),(35,NULL,'6','Balancing Payment and Client Relationships','d0ce55ad','CL-0035','In this conversation, Sean Martin and Joel Surber discuss the process of getting paid as a lawyer and how to avoid having to sue clients for unpaid fees. They emphasize the importance of establishing clear expectations of payment in the legal representation agreement and addressing any payment issues as soon as they arise. They also discuss the potential consequences of not getting paid, such as damage to reputation and malpractice suits. They suggest using less drastic alternatives, such as sending letters and negotiating payment arrangements, before resorting to legal action. Overall, the conversation highlights the importance of balancing the need to get paid with maintaining good client relationships.','1',365,'1',0,'1','87d782a4796661ecb7b33fe0613090fd4b8fc45d2743de5ad686f3894c5137e26c527db1dade9e3694f656877204c8b7df1c52c844e88831c609b1b9e55ee73a.jpg','Clealry Content','2024-08-13 01:29:00',NULL,NULL,NULL,1,365,0,'2024-08-13 01:29:07','2025-06-05 05:07:13',NULL),(36,NULL,'14','The Ethical Duty of Lawyers in Using Technology','646680f4','CL-0036','In this conversation, Sean Martin and Joel Surber discuss the ethical duty of lawyers when it comes to using technology. They highlight the importance of staying competent and keeping up with changes in technology, as well as understanding the risks and benefits associated with different platforms. They also discuss the need for clear communication with clients and setting expectations for response times. The conversation emphasizes the importance of using secure communication platforms and protecting client confidentiality. Overall, the conversation provides valuable insights into the intersection of technology and legal ethics.','1',365,'1',0,'1','caabb6d0c2bf6a1672d24a3f3669e01fb5961481d91c1d6ab4d768db01935adf685775acc06b012bce5b07e82eb51b793beb5118495dcb08367051ac8eaa79c1.jpg','Clealry Content','2024-08-13 01:38:00',NULL,NULL,NULL,1,365,0,'2024-08-13 01:38:23','2025-06-05 05:07:13',NULL),(37,NULL,'19','The Importance of Secure Communication Platforms for Lawyers','ef37c563','CL-0037','In this episode of Clearly Legal, Sean Martin and Joel Surber discuss the use of technology in communication for lawyers. They explore the importance of secure communication platforms, such as VoIP, for phone calls and text messages. They also highlight the benefits of using a VoIP system, including setting parameters for when calls will ring, sending texts from an office number, and easily accessing and categorizing text message conversations. They touch on the use of billing apps, like Time Miner, to accurately track and bill for communication time. The conversation concludes with a warning against using social media messaging platforms for professional communication.','1',365,'1',0,'1','dd0b1409bbddfa67fef72a3cb321c337d35cca489a33a6bb63688ec4db988e78f2a62b7b1bd5f2660159da116d314ccb0c1848762ad43aba8c66e71a7ac5011e.jpg','Clealry Content','2024-08-13 01:42:00',NULL,NULL,NULL,1,365,0,'2024-08-13 01:42:41','2025-06-05 05:07:13',NULL),(38,NULL,'22','Maintaining Professionalism in Texting','5f80c760','CL-0038','In this episode of Clearly Legal, Sean Martin and Joel Surber discuss the use of texting in the legal profession. They highlight the importance of using a secure platform for texting with clients and the need to establish boundaries and expectations upfront. They also emphasize the need for professionalism in texting, including using proper grammar, punctuation, and avoiding slang or abbreviations. The hosts discuss the potential risks of texting, such as the permanence of text messages and the possibility of them being used in court. They also caution against replying all or including third parties in text chains that could compromise privilege.','1',365,'1',0,'1','24826fae7eca940326f13495b568f949c5a6232aad294c58d09ed9cac031c70f4df43e8144c3838cd092fd088fcd4b7c19f83d40caba835c514ba79e8d63c2c0.jpg','Clealry Content','2024-08-13 01:48:00',NULL,NULL,NULL,1,365,0,'2024-08-13 01:48:55','2025-06-05 05:07:13',NULL),(39,NULL,'10','Understanding the Basics of Cannabis','26e0f3cc','CL-0039','Published on: \r\nAug 5, 2024\r\n\r\nSpeakers:\r\nJoey Fuson\r\n\r\nSummary:\r\nIn this conversation, Sean Martin and Joel Surber interview Joey Fuson, the head of the Hemp Law Group and a lawyer specializing in marijuana and DUI defense. They discuss the basics of cannabis, including its different strains and chemical components. They also explore the legal distinctions between marijuana and hemp, as well as the history of cannabis laws in the United States. The conversation highlights the growing acceptance and recognition of the medical benefits of cannabis, and the changing perceptions of the drug.','1',365,'1',0,'1','012fb9370e327d98cf6bf0f94aad3f7bf1480a6234c71dc983b8e60b9a4bae81fb69d4cf928179736a48dbc87936d1f741bf05201cfd65a1ca5eb236c480d9c5.jpg','Clealry Content','2024-08-13 01:56:00',NULL,NULL,NULL,1,365,0,'2024-08-13 01:56:25','2025-06-05 05:07:13',NULL),(40,NULL,'10','Exploring Marijuana Laws in Tennessee','34fb8541','CL-0040','Published on: \r\nAug 5, 2024\r\n\r\nSpeakers:\r\nJoey Fuson\r\n\r\nSummary:\r\nIn this episode, Sean Martin and Joel Scherber continue their discussion with Joey Fuson about marijuana laws in Tennessee. They explore the definition of marijuana in Tennessee, the conflict between federal and state laws, and the different approaches to marijuana possession in various counties. They also discuss the offenses associated with marijuana, the role of drug dogs in detecting marijuana, and the challenges of prosecuting marijuana cases. The conversation ends with a teaser for the next episode, where they will discuss the Green case and the reliability of drug dogs in detecting marijuana.','1',365,'1',0,'1','f028506532f794b3172257e75a338a0fae463d11afc4d4ede809afde6ce80a1b0d8c4ddfbaa6e2c0727a2d56f9ea84aabd62879bc4b13b4ac4873ef066740870.jpg','Clealry Content','2024-08-13 02:03:00',NULL,NULL,NULL,1,365,0,'2024-08-13 02:03:44','2025-06-05 05:07:13',NULL),(41,NULL,'10','Challenging the Smell Test: The Green Case','479c86ed','CL-0041','Published on: \r\nAug 5, 2024\r\n\r\nSpeakers:\r\nJoey Fuson\r\n\r\nSummary:\r\nIn this episode of Clearly Legal, the hosts and guest Joey Fuson discuss the Green case, which challenges the validity of using the smell of cannabis as probable cause for a search. They explore the issue of distinguishing between illegal marijuana and legal hemp based on smell alone. The Tennessee Supreme Court is considering the case and could potentially change the standard for probable cause. The conversation also touches on the testing methods used to determine the legality of cannabis products and the enforcement actions taken by law enforcement agencies.','1',365,'1',0,'1','26c3f06158ce862e59af0b727d28a0da9ef9d742bf8d45a5a349a5f3287f06c1465c82d06496ae85cf4ec9321778cb1c8faae6fd7c5fd92da889725f5453bdf3.jpg','Clealry Content','2024-08-13 02:10:00',NULL,NULL,NULL,1,365,0,'2024-08-13 02:10:50','2025-06-05 05:07:13',NULL),(42,NULL,'5','The Kevin Spacey Case','d8cfb001','CL-0042','In this episode of Clearly Legal, Sean Martin interviews attorney Adam Dredd about the Kevin Spacey case in Nantucket. The alleged victim, an 18-year-old busboy, accused Spacey of sexual misconduct. However, during the trial, the alleged victim pleaded the fifth when asked about altering text messages. Spacey\'s defense attorney successfully argued that his client had the right to confront his accuser, leading to a dismissal of the case. The case had significant repercussions for both Spacey and the Nantucket community, including the death of a restaurant owner and the tarnishing of Spacey\'s career.','1',365,'1',0,'1','8036862b4c4eccfd8f40cb28b52b4af7139e614b96ad6de9eda911e52089f2fc9d253c51432f16a1ff77bb28ab9869837f0e7e5aa615e48ad4092289436d60fc.jpg','Clealry Content','2024-08-13 02:15:00',NULL,NULL,NULL,1,365,0,'2024-08-13 02:15:32','2025-06-05 05:07:13',NULL),(43,NULL,'23','Anticipating Legal Expenses as a Landlord','519baff0','CL-0043','In this episode, Adam Dread discusses landlord-tenant actions, focusing on the challenges faced by landlords in Tennessee. He explains the strict guidelines for evictions and the difficulties landlords face in getting tenants out. He also discusses the importance of having a strong lease agreement and conducting background checks on potential tenants. Adam shares some horror stories and provides tips for landlords to protect themselves and their properties.','1',365,'1',0,'1','c69cae747cbd6ac11293325d6684ed7245bb1829483590f63c7d8d7f9de3573fb10e21cdb83a9d1ec5bfde78db0f8c8802d90a96e906fd061510fe4f1bf6c1bc.jpg','Clealry Content','2024-08-13 02:25:00',NULL,NULL,NULL,1,365,0,'2024-08-13 02:25:26','2025-06-05 05:07:13',NULL),(44,NULL,'10','The Longevity of Marijuana in the System','eda418c9','CL-0044','In this episode of Clearly Legal, Sean Martin interviews Adam Dread about marijuana and DUIs. They discuss the differences between operating under the influence (OUI) in Massachusetts and driving under the influence (DUI) in Tennessee. They also talk about the increasing potency of marijuana and the potential risks and consequences of driving while under the influence. Adam explains that marijuana can stay in your system for up to three months, even if you\'re not a daily smoker. They also touch on the topic of secondhand smoke and how it can affect drug tests. The conversation concludes with a discussion about the legal implications of driving under the influence of marijuana and the differences in prosecution between different counties in Tennessee.','1',365,'1',0,'1','9ac1fac2b656ca3535e8c49483eec16c04de6dec545c9d5c504d140c79a8f383cba78d55ff3e9891fff3b5584296ece44d076cb54a6a9596b2a223cffd5b7879.jpg','Clealry Content','2024-08-13 02:52:00',NULL,NULL,NULL,1,365,0,'2024-08-13 02:52:21','2025-06-05 05:07:13',NULL),(45,NULL,'8','Conservatorships Part 1','7923a269','CL-0045','Amy Bryant, the Director for the Office of Conservatorship Management for Metro Nashville, discusses conservatorships and their role in elder law. The Office of Conservatorship Management was created in response to a lawyer stealing $1.3 million from the people he was supposed to be conservator for. Amy explains that a conservatorship is a legal arrangement where one adult is appointed to make decisions for another adult who is unable to make decisions for themselves due to incapacity or disability. She also clarifies the difference between a conservatorship, guardianship, and power of attorney. Amy emphasizes the importance of notifying banks and other institutions about a conservatorship to prevent financial exploitation. She also mentions that conservators have the authority to file lawsuits to recoup funds and that elder abuse can be prosecuted on a criminal level.','1',365,'1',0,'1','54af804589c502db87325022eef059ad28d05f15af0bc38356106a1e8444725b826351c034b643fa5848d9d1c3962b3f25ff7b3063c6084b0ec567872891d124.jpg','CLEarly Podcast','2024-09-17 10:21:00',NULL,NULL,NULL,1,356,0,'2024-09-24 01:15:22','2025-06-05 05:07:13',NULL),(46,NULL,'8','Conservatorships Part 2','e02af3d3','CL-0046','In this episode, Amy Bryant from the Office of Conservatorship Management discusses two high-profile conservatorship cases: Michael Oher and Britney Spears. She explains that Michael Oher, the subject of the movie \'The Blind Side,\' was placed under conservatorship by his adoptive family in order to have the authority to make decisions for him. The conservatorship was terminated in 2023, and there is ongoing litigation regarding whether his family breached their fiduciary duty to him. In the case of Britney Spears, her conservatorship is sealed, but it is known that she had two conservators, one for her person and one for her property. The controversy surrounding her conservatorship led to legislative action to protect individuals under conservatorship.','1',365,'1',0,'1','da64c2152679da77549b41b69b366d83f6e5e928285fba0f23b86d078b80d657c6a90f314933b98169651a3026c856480564388f315d4a583b1244123f100c29.jpg','CLEarly Podcast','2024-09-17 02:38:00',NULL,NULL,NULL,1,356,0,'2024-09-24 01:24:05','2025-06-05 05:07:13',NULL),(47,NULL,'15','Divorce and the Division of Memories','a7ebe62e','CL-0047','In this episode of Clearly Legal, Sean Martin and Cathy Johnson discuss the intricacies of family law, focusing on property division during divorce. They explore the emotional and financial implications of dividing assets, using George Strait\'s song \'Give It Away\' as a thematic backdrop. The conversation covers the distinction between marital and separate property, the valuation of personal items, and the handling of engagement and wedding rings. They also touch on the division of wedding photos, emphasizing the need for clear agreements in divorce settlements.','1',365,'1',0,'1','4ab06cfb19f1848140a261cb1accdd730a645b1a15621c4b4f25d57a640a8aa15d695804514e517f87190606a0c3d1c7e4891b04377bf30950af9465d35dd566.jpg','CLEarly Podcast','2024-09-12 09:00:00',NULL,NULL,NULL,1,356,0,'2024-09-24 01:32:29','2025-06-05 05:07:13',NULL),(48,NULL,'15','Why Choose Collaborative Divorce?','9bd6fa9','CL-0048','In this episode, Sean Martin interviews Catherine Eaton about collaborative divorce, a unique approach to resolving divorce disputes. They discuss the differences between collaborative divorce, mediation, and litigation, emphasizing the team approach that includes attorneys, therapists, and financial neutrals. The conversation highlights the benefits of collaborative divorce, such as privacy, control over decisions, and the ability to explore various options tailored to the family\'s needs. Catherine explains the roles of different professionals in the process and how they contribute to a more amicable and constructive divorce experience.','1',365,'1',0,'1','016deab6d368f5064a12cde8254fa821b5d351676843cebb516be9f49bfb1f2799bc301ffffbf83eab24839ddc12ededa92a845e671da1b5e62ea015e2d30691.jpg','CLEarly Legal','2024-09-13 12:51:00',NULL,NULL,NULL,1,356,0,'2024-09-24 01:37:52','2025-06-05 05:07:13',NULL),(49,NULL,'15','Exploring Financial Solutions in Divorce','fcc52c04','CL-0049','In this episode of Clearly Legal, Sean Martin and Katherine Eaton delve into the intricacies of collaborative divorce, emphasizing the importance of neutral professionals, particularly financial experts, in the process. They discuss how these experts help parties understand their financial situations, prioritize their needs, and prepare for life after divorce. The conversation highlights the benefits of collaborative divorce over traditional litigation, including better financial outcomes and a more educated approach to post-divorce life.','1',365,'1',0,'1','4e4449d02f45e3acadfeb0cd45f477a396652f092278f58d3cae7caeaf5c909638acb8d50baefca04de54ddc89decbb1f9caefc441c1ff392dec67aa095e9ca6.jpg','Clealry Content','2024-09-13 01:08:00',NULL,NULL,NULL,1,356,0,'2024-09-24 01:43:36','2025-06-05 05:07:13',NULL),(50,NULL,'15','Navigating the Legal Landscape','6893c80b','CL-0050','In this episode of Clearly Legal, Sean Martin and Christina Stubblefield discuss the various roles within a law firm, particularly in family law. They explore the differences between legal assistants, paralegals, and legal secretaries, emphasizing the importance of customer service and the unique challenges faced in family law. The conversation also touches on the necessity of humor and coping mechanisms in a high-stress environment, highlighting the collaborative nature of legal work.','1',365,'1',0,'1','5d6516f520540dd5eac672dfd925dc11dbc2b01d31f43fb6772d6fa512dfc467cbf298a5f6235378f516f8889fb574ea07967c5ee3b3f9645691c12d4fb36873.jpg','CLEarly Legal','2024-09-23 12:30:00',NULL,NULL,NULL,1,356,0,'2024-09-26 06:05:47','2025-06-05 05:07:13',NULL),(51,NULL,'15','Creating a Supportive Legal Environment','fa6dc83','CL-0051','Published on: \r\nIn this episode, Sean Martin and Christina Stubblefield discuss the critical relationship between attorneys and paralegals in family law. They explore the roles, responsibilities, and dynamics that contribute to successful legal outcomes, emphasizing the importance of communication, emotional support, and investing in talent. The conversation highlights the necessity of setting boundaries, providing common-sense advice, and the value of mentorship in the legal field.','1',365,'1',0,'1','eb1d8217cdd0287b478413d47953c9de8d5d37234a1be2a83f6242f352246c5333ce46921c4b730aff52f8721b05c6445fea0ad52526ba9777ac7d2bbad2377f.jpg','CLEarly Legal','2024-09-26 06:06:00',NULL,NULL,NULL,1,356,0,'2024-09-26 06:25:34','2025-06-05 05:07:13',NULL),(52,NULL,'21','Understanding Wage and Hour Violations','28c4f3ba','CL-0052','In this episode, Sean Martin interviews JK Simms, an employment lawyer at Thompson Burton law firm. They discuss the intricacies of employment law, focusing on litigation, preventative measures, and the complexities of wage and hour laws. JK shares insights on the importance of avoiding litigation, the challenges of compliance with federal and state laws, and the nuances of overtime pay. The conversation highlights the need for businesses to seek legal counsel to navigate these complexities effectively.','1',365,'1',0,'1','cbfa9940a36ac8184f66c78f5660905ee1fedf99b8c81edc53195a8470969e756ce7d7ded59ce269716ab033a9d67c212a2fee567218724611be055ce87811f8.jpg','Clealry Content','2024-09-23 03:00:00',NULL,NULL,NULL,1,356,0,'2024-09-26 07:11:03','2025-06-05 05:07:13',NULL),(53,NULL,'3','Are Non-Compete Agreements Enforceable?','5cfcc943','CL-0053','In this conversation, Sean Martin interviews JK Simms, a partner at Thompson-Burton, focusing on employment law, particularly non-compete agreements. They discuss the growth of Thompson-Burton, the nature and enforceability of non-compete agreements in Tennessee, and the conditions under which they may be considered valid. JK shares insights on problematic clauses and the importance of understanding the legal implications of non-competes for both employers and employees.','1',365,'1',0,'1','60664d6b0e711a39cb28c66de0cb537de8335b4a4b4c3030d914ed98dda1b6f7421a295fcf6f220a74928797ce4d0b907ce7be6254f75cfbcde5448dc4d1edcf.jpg','Clealry Content','2024-06-16 02:20:00',NULL,NULL,NULL,1,356,0,'2024-09-26 07:15:39','2025-06-05 05:07:13',NULL),(54,NULL,'47','Young Attorney','ba09d546','CL-0054','1. Young Attorney 1 - Joel Surber, Sean Martin: This 15-minute podcast session will be a practical discussion with a seasoned solo practitioner discussing tips and pitfalls for doing it alone.\r\n\r\n2. Young Attorney 1 (Part 2) - Joel Surber, Sean Martin: In this episode of Clearly Legal, Sean Martin and Joel P. Surber discuss the journey of self-employment in the legal field, exploring the pros and cons of going solo. They reflect on the flexibility and control over their schedules that self-employment offers, allowing them to prioritize family and personal commitments. However, they also address the challenges of being solely responsible for client relationships and the financial implications of running a solo practice. The conversation emphasizes the importance of discipline and efficiency in managing a law practice independently.\r\n\r\n3. Young Attorney 2 - Joel Surber, Sean Martin: This 15-minute podcast session will be a practical discussion with a seasoned solo practitioner discussing finding a mentor.\r\n\r\n4. Young Attorney 3 - Joel Suber, Sean Martin: This 15-minute podcast session will be an practical discussion with a seasoned solo practitioner discussing practice management for young solo attorneys.\r\n\r\n5. Young Attorney 4 - Joel Surber, Sean Martin: This 15 minute podcast session will be an practical discussion with a seasoned solo practitioner discussing staffing for young solo attorneys.','1',365,'1',0,'1','88069abe4b594e89d26913cc59a802700c8a843dba075567f2cfe4468e6c88fae0414ee4532818dabb134c456007909f1a2ad8ea1cf3c503eb8902cb0a86ae5f.jpg','CLEarly Legal','2024-09-24 15:00:00',NULL,NULL,NULL,1,356,0,'2024-10-01 06:36:40','2025-06-05 05:07:13',NULL),(55,NULL,'14','How to Communicate Effectively with Clients','6c62011b','CL-0055','In this episode of Clearly Legal, Sean Martin and Joel P. Surber discuss the importance of ethical communication in legal practice. They explore the duties lawyers have to communicate promptly and reasonably with clients, the role of technology in facilitating communication, and how establishing clear expectations with clients can enhance service and reputation. The conversation emphasizes that adhering to ethical rules not only fulfills professional obligations but also contributes to better client relationships and business success.','1',365,'1',0,'1','74b89cf3b5dd7afdca3b906ac9c50927911cb68c1bf8e37b3ef7903e50020420e1e87067e8868fba9986d71e76498e6851216a47f65835ee24738dd068fc6484.jpg','Clealry Content','2024-10-15 09:00:00',NULL,NULL,NULL,1,356,0,'2024-10-22 01:35:06','2025-06-05 05:07:13',NULL),(56,NULL,'19','Best Practices for Texting Clients','f90cfae5','CL-0056','In this episode, Sean Martin and Joel P. Surber discuss the nuances of client communication in the legal field, focusing on the importance of using secure methods to maintain client confidentiality. They explore various communication technologies, particularly the use of VoIP services, and the implications of texting clients. The conversation emphasizes the need for lawyers to be aware of the risks associated with different communication methods and to adopt best practices to enhance client satisfaction while ensuring compliance with legal ethics.','1',365,'1',0,'1','984acd7aa74e9614d85995cee535f2dd5d1d8111846a791699fbe946a0d35db125c0695160de57ffe45f18cabfddd0aab6894a6340b784eaa776e0a0bdd7f0ec.jpg','Clealry Content','2024-10-15 09:25:00',NULL,NULL,NULL,1,356,0,'2024-10-22 01:41:09','2025-06-05 05:07:13',NULL),(57,NULL,'14','Navigating Ethical Communication in Law','1b492c95','CL-0057','In this conversation, Sean Martin and Joel Surber discuss the ethical considerations of communication in the legal profession, focusing on the use of technology such as email and social media. They emphasize the importance of using secure communication methods to protect client confidentiality and avoid potential ethical violations. The discussion covers the risks associated with free email services and social media platforms, advocating for the use of professional email accounts and secure communication channels. The hosts also highlight best practices for maintaining client confidentiality and the implications of social media interactions in legal contexts.','1',365,'1',0,'1','44432841d51b5c4ebe6511b42469d5ebe5e6992183a1a09a69566f2701ed0bcf212d8d122d227068eade20b642ea1b4c32accbbe559c53dcbc28384fb53ea0ea.jpg','Clealry Content','2024-10-22 10:35:00',NULL,NULL,NULL,1,356,0,'2024-10-22 01:59:17','2025-06-05 05:07:13',NULL),(58,NULL,'14','Understanding the Gig Economy in Law','4e3e75b2','CL-0058','In this conversation, Sean Martin and Joel Surber discuss the ethical implications of using gig workers and outsourcing in the legal profession. They explore the differences between gig work and outsourcing, the duty of competence required from lawyers, and the importance of managing conflicts of interest and confidentiality when engaging external help. The discussion emphasizes the need for lawyers to maintain oversight and ensure that any outsourced work meets ethical standards.','1',365,'1',0,'1','d6d364a4945435ded328399b06d7c464ea0a303c6ae4f3d8c67a305795ff91ed4fe188bb546f9a082a9ca09a2266f7fa72b6cc8f56901fc7abf78462f5aae137.jpg','Clealry Content','2024-10-15 11:45:00',NULL,NULL,NULL,1,356,0,'2024-10-22 02:04:27','2025-06-05 05:07:13',NULL),(59,NULL,'14','Navigating the Ethics of Legal Outsourcing','7fed0f9','CL-0059','Summary: \r\nIn this episode of Clearly Illegal, Sean Martin and Joel Surber discuss the complexities of outsourcing legal work, focusing on ethical considerations, the importance of competence, and the vetting process for outsourced workers. They also touch on the rise of form companies and the implications of DIY lawyering, emphasizing the need for lawyers to maintain their professional responsibilities while navigating these modern challenges.','1',365,'1',0,'1','cc35c7caab1fedd40dfde634abae8d984072b02efafa5f3a5046ab4cc6620a9d8755c397b1d55349ddb3dd2736e6a7b46cf2ff2d76ae2b2e2af1ce3bda2a93d7.jpg','Clealry Content','2024-10-15 12:25:00',NULL,NULL,NULL,1,356,0,'2024-10-22 02:08:16','2025-06-05 05:07:13',NULL),(60,NULL,'14','Legal Forms and Gig Work','b19db63c','CL-0060','Summary: \r\nIn this episode of Clearly Legal, Sean Martin and Joel Serber discuss the complexities surrounding the use of legal forms, gig work, and outsourcing in the legal profession. They emphasize the importance of competence in legal representation, the value of legal advice beyond just filling out forms, and the ethical considerations when billing for services that involve pre-drafted forms. The conversation highlights the need for lawyers to guide clients effectively and the potential pitfalls of relying solely on form companies without proper legal counsel.','1',365,'1',0,'1','a9e33feee303cd8738de525d07d98e1d7ea821c893eeb9eff0dc829d6789906f056bd6da7a13f8f30757f64cff673801819a9cf94712221f34ef7b416bfb719f.jpg','Clealry Content','2009-02-15 12:55:00',NULL,NULL,NULL,1,356,0,'2024-10-22 02:19:26','2025-06-05 05:07:14',NULL),(61,NULL,'14','Supervision Challenges in the Gig Economy','ce62b22f','CL-0061','Summary:\r\nIn this episode of Clearly Legal, Sean Martin and Joel Surber discuss the evolving landscape of legal work, particularly focusing on the gig economy. They explore how freelance opportunities are reshaping the legal profession, the ethical implications of gig work, and the importance of competence and supervision in ensuring quality legal services. The conversation highlights the benefits and challenges of gig work, emphasizing the need for clear expectations and effective management of freelance relationships.','1',365,'1',0,'1','19f8658297d01e7572e4eac8beec01ed6587d50ae3943685c25c1655df9b320e4aa405fce5fcd3c7fdd05825040232ff3ce9c1d18dd5bcf35b992a07f69c9f19.jpg','Clealry Content','2024-10-15 13:00:00',NULL,NULL,NULL,1,356,0,'2024-10-23 06:18:45','2025-06-05 05:07:14',NULL),(62,NULL,'14','Gig Work Ethics in Law','553f0163','CL-0062','Summary: \r\nIn this episode of Clearly Illegal, Sean Martin and Joel Serber delve into the complexities of gig work within the legal profession, focusing on ethical considerations, compensation structures, and supervisory responsibilities. They discuss the implications of outsourcing legal work, the importance of maintaining reasonable fees, and the ethical obligations lawyers have when managing gig workers. The conversation also touches on the nuances of billing for outsourced work in contingency cases, highlighting the need for transparency and ethical compliance.','1',365,'3',0,'1','910bf42655b5b68a3ad94f75a98ae927ce63e0d60dd70fa0357019698c96254550855778bf1d01c4fe59faaec61e7cf0333e531fc7a055620bd0378476820675.jpg','Clealry Content','2024-10-16 10:00:00',NULL,NULL,NULL,1,356,0,'2024-10-25 05:14:28','2025-06-05 05:07:14',NULL),(63,NULL,'14','The Unwritten Rules of Legal Ethics','61062ba6','CL-0063','Summary:\r\nIn this episode of Clearly Legal, Sean Martin and Joel Serber discuss the intricacies of professional conduct within the legal field. They explore the unwritten rules of ethics, the importance of respect and courtesy among lawyers, and how emotional control plays a crucial role in effective advocacy. The conversation emphasizes the significance of civility in client representation and the necessity of maintaining integrity in communications with opposing counsel. The episode concludes with a reflection on the importance of giving colleagues the benefit of the doubt in legal interpretations.','1',365,'3',0,'1','3a8247021cd4b979a2efcb097a138d7e6a7289ca0adad303aa6dcf0ba2db813fd3157a9e957e92d490534df76bc99f0188887e72b54867fab3860e8b1be4f6de.jpg','Clealry Content','2015-10-15 14:10:00',NULL,NULL,NULL,1,356,0,'2024-10-25 05:20:55','2025-06-05 05:07:14',NULL),(64,NULL,'14','Civility in the Courtroom','13cd83ed','CL-0064','Summary: \r\nIn this conversation, Sean Martin and Joel Serber discuss the importance of ethics and civility in the legal profession. They emphasize the need for effective communication and collaboration with opposing counsel, the duty to represent clients zealously while maintaining professionalism, and the responsibility lawyers have towards third parties involved in legal matters. The discussion highlights practical approaches to resolving disputes amicably and the significance of setting a positive example for the legal system.','1',365,'3',0,'1','a574171cf5c17ee391881d257e58ea2be4ef4fd67208a1e173429e0c32563ca5184c5615bf84aeb462a03c41e006b62aa379d7beb4f923ce117e3b494c62439a.jpg','Clealry Content','2015-10-15 14:45:00',NULL,NULL,NULL,1,356,0,'2024-10-25 05:24:25','2025-06-05 05:07:14',NULL),(65,NULL,'39','Empathy and Self-Awareness in Mentorship','a60ca70c','CL-0065','Summary: \r\nIn this episode of Clearly Illegal, Sean Martin and Joel Serber discuss the essential qualities of effective mentorship. They emphasize the importance of focusing on the mentee rather than the problem, the need for unbiased listening, and the significance of being present and vulnerable in the mentoring relationship. The conversation also highlights the two-way nature of mentoring, where both mentor and mentee can learn from each other, and concludes with a focus on strength-based mentorship as a means to foster growth and development.','1',365,'3',0,'1','2dbb4d15d8026e3419e85a4adc7ec759b7eaf480197f0a7916507436bdd16e2790c66c54490a56f8dc6175038a3144d8f92ec1b9794ab9ef637ec2d971aa2575.jpg','Clealry Content','2024-10-17 11:50:00',NULL,NULL,NULL,1,365,0,'2024-10-25 05:25:48','2025-06-05 05:07:14',NULL),(66,NULL,'14','The Power of Mentorship in Law','b57bf491','CL-0066','Summary: \r\nIn this episode, Sean Martin and Joel P. Surber discuss the significance of mentorship in the legal profession. They explore the qualities that make a good mentor, emphasizing the importance of commitment, empathy, and the ability to adapt to the needs of mentees. The conversation highlights the mutual benefits of mentorship, both for mentors and mentees, and the lasting impact that these relationships can have on professional development.','1',365,'3',0,'1','b9350b3a55d2e015598d02b68ff1cbfb86c4733e654a55dfb6fa0a6db33e0bf118020f720b38da9a8c42985d84df3a0df29f70facc964a8cf260cbbe07a09a99.jpg','Clealry Content','2024-10-17 11:25:00',NULL,NULL,NULL,1,356,0,'2024-10-25 05:28:11','2025-06-05 05:07:14',NULL),(67,NULL,'39','The Essential Traits of a Good Mentor','830f4005','CL-0067','Summary: \r\nIn this conversation, Sean Martin and Joel P. Surber delve into the essential qualities of effective mentorship, emphasizing the importance of supportiveness, belief in the mentee\'s vision, transparency, and a progressive mindset. They discuss how mentors can foster growth not only in their mentees but also in themselves through the mentoring process. The dialogue highlights the ethical considerations and responsibilities that come with being a mentor, as well as the mutual benefits of the mentor-mentee relationship.','1',365,'3',0,'1','f89edb138c5554f541c45bbf707c410eb56f1b4843261d0375a3c7edbc3b97ad783aedc7e6d61c74334f4c7a23dedfe44abeb3adb44157c7c2ed5fd85c5622e0.jpg','Clealry Content','2024-10-17 11:40:00',NULL,NULL,NULL,1,365,0,'2024-10-25 05:28:54','2025-06-05 05:07:14',NULL),(68,NULL,'1','Deserunt quas et et',NULL,'CL-0068','Dolores odio adipisi','3',7,'1',0,'1',NULL,'Clealry Content','2025-01-01 01:05:00','Similique libero voluptas sequi excepturi ad quasi','1971-05-30 00:00:00',NULL,0,1,1,'2024-10-30 07:30:08','2024-11-05 09:25:35','2024-11-08 14:53:13'),(69,NULL,'15','Collaborative Divorce Roundtable','5db37163','CL-0069','Published on: \r\nOct 30, 2024\r\n\r\nSpeakers:\r\nSean Martin, Joel Surber; fans, friends and members of Collaborative Divorce Nashville\r\n\r\nSummary:\r\nProfessionals Discuss the Collaborative Divorce Process and Supreme Court Rule 53','1',365,'1',0,'1','0a6d6c3f1cb64282b5aa4b27bb07b1c3fb00cffab74d9538b68b2256b16abba66de51b91c244fc998e12f743898618f2b0d84c03ff7a23067fd4a78b08e4f937.jpg','Clealry Content','2024-10-30 10:00:00',NULL,NULL,NULL,1,365,0,'2024-11-05 03:42:03','2025-06-05 05:07:14',NULL),(70,NULL,'6','The Art of Mediation: Tips for Success','aa945ef8','CL-0070','Published on: \r\nOct 30, 2024\r\n\r\nSummary: \r\nIn this episode of Clearly Legal, hosts Sean Martin and Joel Surber engage with mediator Josh Offutt to explore the intricacies of mediation. They discuss the role of a mediator, the importance of client preparation, ethical responsibilities, and the value of open communication. Josh shares insights on active listening, building trust through empathy, and the significance of mediation briefs. The conversation emphasizes the need for transparency and collaboration in mediation to achieve successful outcomes.','1',365,'1',0,'1','55de416f2ff9bf13df9ba5189aa85daf79b71c48633fbaa3b44d2a573f9fc911578dd0d35b977116a4c91fd5536294e215b549d53c96c315ab48670ca75c9430.jpg','Clealry Content','2024-10-30 11:00:00',NULL,NULL,NULL,1,365,0,'2024-11-05 03:47:08','2025-06-05 05:07:14',NULL),(71,NULL,'15','Business Valuations in Family Law','e94744ac','CL-0071','Published on: \r\nOct 30, 2024\r\n\r\nSpeakers: \r\nSean Martin, Joel Surber, Kurt Myers\r\n\r\nSummary: \r\nIn this episode of Clearly Legal, Sean Martin and Joel Surber engage with Kurt Myers, a business valuation expert, to discuss the intricacies of business valuation, particularly in the context of divorce cases. Kurt explains the necessity of business valuation in family law, the different types of valuations, and the approaches used to determine a business\'s worth. The conversation emphasizes the importance of hiring a valuator early in the process and the role of the valuator as a neutral party in legal disputes. The episode also covers the factors that influence business valuation, and the methodologies employed in the valuation process.','1',365,'1',0,'1','bff304ceb456066dcbf5a1121fd5bfb29e763881c71e6a3a80ed751332e77c314bdb90fcd060d320e14f58e2059c7a6aa5d01b69ee00e7b463ddb8779847113c.jpg','Clealry Content','2024-10-30 12:00:00',NULL,NULL,NULL,1,365,0,'2024-11-05 03:52:38','2025-06-05 05:07:14',NULL),(72,NULL,'23','TN Real Estate Law: agent, broker, or REALTOR; mandatory disclosures','32fc663f','CL-0072','Published on: \r\nNov 25, 2024\r\n\r\nSummary: \r\nIn this episode of Clearly Legal, Sean Martin interviews Heather Warmbrod, a residential real estate agent in Nashville, Tennessee. They discuss the various roles within real estate, including the distinctions between agents, brokers, and realtors. Heather explains the importance of property disclosure forms and the due diligence process involved in home inspections. The conversation also covers the significance of radon inspections, the necessity of documentation in real estate transactions, and the resources available for checking property history. The episode concludes with a discussion on the importance of having a professional in the real estate process.','1',365,'1',0,'1','30e188c81c85af747057bac660d2adefcc2502e7b06b102a935076233a63ef034bf1942a00244d44d32f8aebb15bca37ded2db04cc8443c1f19bc5fb8a5ae72e.jpg','Clealry Content','2024-11-25 10:00:00',NULL,NULL,NULL,1,356,0,'2024-11-27 00:31:20','2025-06-05 05:07:14',NULL),(73,NULL,'3','Watching Firm Money, Business Tips','12103fdb','CL-0073','Published on: \r\nNov 15, 2024\r\n\r\nSummary: \r\nIn this episode, Sean Martin interviews Kelly Holmes, a commercial relationship manager with extensive experience in banking and law firms. They discuss the importance of financial management for small businesses, particularly law firms, and the risks associated with delegating financial oversight to a single employee. Kelly emphasizes the need for dual control in financial processes, regular reviews of financial statements, and the importance of understanding bank relationships to prevent fraud and errors. The conversation highlights best practices for financial stewardship and the necessity of being proactive in managing business finances.','1',365,'1',0,'1','f5f4fb89fd17cae43582114d0ca73eac0f0d4b0ecd32a76c301953a5a1d3d9e05c274a0daa6f0a66557417b031f3519be239dd592136edcbd67008c871f97619.jpg','Clealry Content','2024-11-15 10:00:00',NULL,NULL,NULL,1,356,0,'2024-11-28 00:06:13','2025-06-05 05:07:14',NULL),(74,NULL,'14','IOLTA Accounts, Trust Accounting','fa43d292','CL-0074','Published on: \r\nNov 15, 2024\r\nSummary: \r\nIn this conversation, Sean Martin and Kelly Holmes discuss the critical aspects of IOLTA (Interest on Lawyer\'s Trust Accounts) and its significance in law firm management. They explore the structure and purpose of IOLTA accounts, the importance of proper trust accounting, and the best practices for managing client funds. The discussion also highlights the role of banks in supporting law firms with education and resources related to trust accounting and compliance with legal ethics. The conversation wraps up with a look at future topics related to lending and financial management for law firms.','1',365,'3',0,'1','b9916635b2293241956f7468d8433f5e221fa2d451f6e4fc7a2fbab63655987c7b6247d0d6f5920715417ca898365979051b83225ab5d15d44cbce9606f0e28b.jpg','Clealry Content','2024-11-15 11:00:00',NULL,NULL,NULL,1,356,0,'2024-11-28 00:10:40','2025-06-05 05:07:14',NULL),(75,NULL,'3','Lending to Lawyers and Law Firms','b8ce5ccb','CL-0075','Published on: \r\nNov 15, 2024\r\n\r\nSpeakers: \r\nSean Martin and Kelly Holmes\r\n\r\nSummary: \r\nIn this episode, Sean Martin speaks with Kelly Holmes, a commercial relationship manager at United Community Bank, about the intersection of banking and law firms. They discuss the unique lending needs of law firms, the importance of lines of credit, and how building strong relationships with bankers can be beneficial for legal practices. Kelly shares insights on collateral, security in lending, and the value of having a team of experts to support business growth.','1',365,'1',0,'1','35790e673bb231b2b5be74f2e657ddca865ce04c46bb21c2dfab31758a28c1144dff3db3c9280953fdd38f1e44cb39fbe726a24e79cd8b9279168fdb67367b35.jpg','Clealry Content','2024-11-15 11:30:00',NULL,NULL,NULL,1,356,0,'2024-11-28 01:16:16','2025-06-05 05:07:14',NULL),(76,NULL,'21','Mental Health, Sex Therapy, and Loss of Consortium for Lawyers','9bf71b34','CL-0076','Published on: \r\nDec 10, 2024\r\n\r\nSummary: \r\nIn this episode of Clearly Legal, Sean Martin and Joel Surber engage with Blakely Hunze-Austin, a licensed professional counselor specializing in sex therapy. The conversation explores the intersection of mental health and legal issues. Blakely shares insights on the importance of early intervention for children experiencing stress due to family dynamics, the impact of sustained stress leading to trauma, and the nuances of ethical non-monogamy. The discussion emphasizes the need for collaboration between mental health professionals and lawyers to better support clients, especially children, during challenging times. This conversation delves the importance of mental health training for lawyers, the role of expert testimony in legal cases, and the nuances of sex therapy. They explore the emotional implications of sexual health issues and how these can affect relationships, particularly in the context of loss of consortium claims. The discussion emphasizes the need for lawyers to understand the emotional landscape of their clients and the importance of integrating mental health professionals into legal processes.','1',365,'1',0,'1',NULL,'Clealry Content','2024-12-10 11:00:00',NULL,NULL,NULL,1,356,0,'2025-01-28 10:21:30','2025-06-05 05:07:14',NULL),(77,NULL,'23','Navigating Real Estate in Divorce','dac5c656','CL-0077','Published on\r\nJan 20, 2025\r\n\r\nSummary\r\nIn this episode of Clearly Legal, Sean Martin, Joel Serber, Suzette Kramer, and Christie Kerling discuss the intricate relationship between real estate transactions and divorce. They explore the implications of high-profile divorces, such as that of J.Lo and Ben Affleck, and emphasize the importance of due diligence in real estate transactions during divorce proceedings. The conversation covers the necessity of thorough inspections, understanding appraisals, and the various mortgage options available to individuals going through a divorce. The experts stress the importance of early intervention and planning to ensure that clients make informed decisions about their assets and future. In this conversation, Sean Martin discusses the complexities of divorce, particularly focusing on the roles of various experts in navigating financial and real estate decisions. He emphasizes the importance of pre-planning and collaboration among professionals to ensure clients make informed decisions regarding mortgage assumptions and financial settlements. The discussion also touches on the emotional aspects of divorce and the necessity of having neutral parties involved to facilitate difficult conversations.','1',365,'1',0,'1',NULL,'Clealry Content','2025-01-20 10:00:00',NULL,NULL,NULL,1,356,0,'2025-02-13 01:59:38','2025-06-05 05:07:14',NULL),(78,NULL,'15','The Intersection of Divorce and Financial Planning','40152e22','CL-0078','Published on: \r\nFeb 5, 2025\r\n\r\nSpeakers\r\nSean Martin, Danielle Spence, Jennifer Goode \r\n\r\nSummary\r\nIn this conversation, Sean Martin engages with financial advisors Danielle Spence and Jennifer B. Good to discuss the critical intersection of financial planning and divorce. They explore the importance of understanding tax implications, the role of financial advisors, budgeting, and the emotional aspects of divorce. The discussion emphasizes the need for early financial planning and the value of prenuptial agreements, while also addressing the necessity of open conversations about finances to prevent future issues.','1',365,'1',0,'1',NULL,'Clealry Content','2025-02-05 10:00:00',NULL,NULL,NULL,1,356,0,'2025-02-13 02:08:03','2025-06-05 05:07:14',NULL),(79,NULL,'9','Stalkers & Shakedowns','284b41b0','CL-0079','Published on\r\nFeb 13, 2025\r\n\r\nSummary\r\nIn this episode of Clearly Legal, Sean Martin and Joel Serber engage with Jennifer Gannum, a lawyer specializing in sports and entertainment law, to discuss the complex issues surrounding stalking in the entertainment industry. Jennifer shares her insights on identifying stalkers, the legal remedies available, and the intersection of stalking and extortion, known as shakedowns. The conversation also covers the importance of building a response team, navigating public relations, and the role of private investigators in these cases. Through real-life examples, the episode highlights the challenges faced by celebrities and the legal strategies employed to ensure their safety and privacy.','1',365,'1',0,'1',NULL,'Clealry Content','2025-02-13 10:00:00',NULL,NULL,NULL,1,356,0,'2025-02-14 00:51:02','2025-06-05 05:07:14',NULL),(80,NULL,'11','Beyond the Will: Preserving Family Wealth Through Smart Planning','2ec2f9f4','CL-0080','Published on\r\nApr 15, 2025\r\n\r\nSummary\r\nIn this conversation, Sean Martin, Joel Server, and Dave Heller delve into the intricacies of estate planning and wealth preservation. They discuss the importance of having a plan for wealth distribution, the roles of wills and trusts, and the implications of spousal rights and elective shares. The conversation emphasizes the need for intentionality in wealth distribution and the tax implications associated with estate planning. Heller shares insights on how trusts can protect family wealth and ensure it is passed down according to the deceased\'s wishes, rather than being subject to state laws that may not align with those wishes. This conversation delves into the complexities of estate taxes, disinheritance, and the importance of proper estate planning. Sean Martin discusses the implications of estate taxes, the role of life insurance, and the nuances of disinheriting children versus spouses. The discussion also highlights the significance of the order of death in wills and how it can affect inheritance. Overall, the conversation emphasizes the need for careful planning to avoid pitfalls in estate management.','1',365,'1',0,'1',NULL,'Clealry Content','2025-04-15 10:00:00',NULL,NULL,NULL,1,356,0,'2025-04-22 09:53:51','2025-06-05 05:07:14',NULL),(81,NULL,'3','Legal and Financial Realities of Business Worth','6178b7c4','CL-0081','Published on\r\nApr 21, 2025\r\n\r\nSummary\r\nIn this conversation, Sean Martin and Scott Womack delve into the complexities of business valuation, particularly in the context of legal proceedings. They discuss the various factors that influence valuations, including the challenges faced when valuing small businesses, the impact of COVID-19 on financial assessments, and the importance of understanding cash flows and risks. The conversation also touches on the significance of documentation in valuations, the intricacies of succession planning, and the unique challenges posed by different industries. In this conversation, Scott Womack and Sean Martin delve into the complexities of business valuation, particularly in the context of divorce and the unique challenges posed by personal and enterprise goodwill. They explore the implications of illiquid assets, the importance of covenants in business transactions, and the necessity of effective communication in valuation processes. The discussion highlights the nuances of valuing businesses, especially in service-oriented industries, and the critical role of personal relationships in determining goodwill.','1',365,'1',0,'1',NULL,'Clealry Content','2025-04-21 10:00:00',NULL,NULL,NULL,1,356,0,'2025-04-22 09:56:33','2025-06-05 05:07:14',NULL),(82,NULL,'5','Criminal Complaints and License Defense','3b0daefc','CL-0082','In this episode of Clearly Legal, Sean Martin and Joel Serber discuss the complexities of professional licensure defense with Garrett Asher. They explore the implications of criminal complaints against licensed professionals, the administrative law process, and the importance of legal representation in navigating these challenges. The conversation highlights the need for collaboration between criminal defense attorneys and licensure professionals to protect clients\' interests and ensure compliance with reporting obligations. Additionally, they delve into the role of investigators, the administrative process, and the significance of consent orders in legal proceedings.','1',365,'1',0,'1',NULL,'Clealry Content','2025-05-14 10:00:00',NULL,NULL,NULL,1,356,0,'2025-05-15 07:51:23','2025-06-05 05:07:15',NULL),(83,NULL,'5','Alford Pleas & Licensure Law: Protecting the Licensed Professional','98d4507f','CL-0083','In this episode of Clearly Legal, Sean Martin and Joel Serber engage with Garrett Asher to delve into the complexities of licensure practice, focusing on the Alford plea, the consequences of licensure violations, and the intricacies of consent orders and contested cases. They discuss the challenges healthcare professionals face, particularly regarding drug testing and the implications of summary suspensions. The conversation emphasizes the importance of understanding the legal landscape in licensure to protect practitioners\' rights and livelihoods.','1',365,'1',0,'1',NULL,'Clealry Content','2025-05-14 11:00:00',NULL,NULL,NULL,1,356,0,'2025-05-15 07:53:49','2025-06-05 05:07:15',NULL),(84,NULL,'3','QA TEST','d2a58714','CL-0084',NULL,'1',356,'2',0,'1',NULL,'Clealry Content',NULL,NULL,NULL,NULL,0,1,1,'2025-06-05 05:40:51','2025-06-05 05:45:26',NULL),(85,NULL,'14','Attorney Citizen','99242bb6','CL-0085','In this episode of Clearly Legal, host Sean Martin and co-host Joel Surber welcome attorney Joseph Hubbard to discuss the rule of law, the importance of civil discourse, and the role of lawyers in society. They explore how the rule of law ensures fairness and predictability in everyday life, the responsibilities of lawyers to uphold justice, and the need for civil discourse in a democratic society. The conversation also touches on the challenges facing the judiciary and the importance of lawyers engaging in legislative processes to ensure that laws are just and constitutional. Throughout the discussion, the hosts emphasize the privilege of practicing law and the responsibility that comes with it to serve the public good.','1',365,'1',0,'1',NULL,'Clealry Content','2025-10-03 00:00:00',NULL,NULL,NULL,1,1,1,'2025-10-03 10:31:14','2025-10-03 10:31:14',NULL),(86,NULL,'16','The Complex World of Healthcare Law','5a11358','CL-0086','In this conversation, Sean Martin interviews Megan Sullivan, a criminal defense lawyer specializing in healthcare fraud. They discuss Megan\'s journey from public defense to her current practice, the complexities of defending doctors accused of healthcare fraud, and the implications of the opioid crisis on the legal landscape. Megan shares insights from her experience with the case of Dr. Satchi, highlighting the challenges faced by rural healthcare providers and the emotional toll of legal battles. The discussion also touches on the need for reform in how the legal system handles healthcare cases and the importance of compassionate care.','1',365,'1',0,'1',NULL,'Clealry Content','2025-10-03 00:00:00',NULL,NULL,NULL,1,1,1,'2025-10-03 10:41:04','2025-10-03 10:41:04',NULL);

--
-- Table structure for table `contents_states`
--

CREATE TABLE `contents_states` (
  `id` bigint unsigned NOT NULL AUTO_INCREMENT,
  `contents_id` int unsigned DEFAULT NULL,
  `bar_id` int unsigned DEFAULT NULL,
  `credit_provided_by_the_course` varchar(10) CHARACTER SET utf8mb4 COLLATE utf8mb4_unicode_ci NOT NULL,
  `state_bar_id` varchar(25) CHARACTER SET utf8mb4 COLLATE utf8mb4_unicode_ci NOT NULL,
  `status` tinyint NOT NULL DEFAULT '1' COMMENT '0-Inactive,1-Active',
  `deleted_at` timestamp NULL DEFAULT NULL,
  `created_at` timestamp NULL DEFAULT NULL,
  `updated_at` timestamp NULL DEFAULT NULL,
  PRIMARY KEY (`id`),
  KEY `idx_barid_contentsid` (`bar_id`,`contents_id`)
) ENGINE=InnoDB AUTO_INCREMENT=88 DEFAULT CHARSET=utf8mb4 COLLATE=utf8mb4_unicode_ci;

--
-- Dumping data for table `contents_states`
--

INSERT INTO `contents_states` VALUES (21,21,10,'15','0',1,NULL,'2024-07-14 23:33:14','2025-02-25 07:01:05'),(22,22,10,'15','0',1,NULL,'2024-07-14 23:35:49','2025-05-07 04:53:56'),(23,23,10,'15','0',1,NULL,'2024-07-14 23:40:51','2025-05-07 04:54:33'),(24,24,10,'15','0',1,NULL,'2024-07-14 23:57:16','2025-05-07 04:55:48'),(25,25,10,'15','0',1,NULL,'2024-07-15 00:01:50','2025-05-07 04:56:17'),(26,26,10,'15','0',1,NULL,'2024-07-15 00:09:42','2025-05-07 04:56:32'),(27,27,10,'15','0',1,NULL,'2024-07-15 00:15:10','2025-05-07 04:57:58'),(28,28,10,'15','TN0008',1,NULL,'2024-07-15 00:25:45','2024-07-15 00:25:45'),(29,29,10,'15','0',1,NULL,'2024-07-15 00:29:11','2025-05-07 04:58:31'),(30,30,10,'15','TN0010',1,NULL,'2024-07-15 00:35:40','2024-07-15 00:35:40'),(31,31,10,'15','0',1,NULL,'2024-07-15 00:43:55','2025-05-07 04:59:07'),(32,32,10,'15','TN0012',1,NULL,'2024-07-15 00:50:10','2024-07-15 00:50:10'),(33,33,10,'15','TN0013',1,NULL,'2024-07-15 00:55:28','2024-07-15 00:55:28'),(34,34,10,'15','0',1,NULL,'2024-08-13 01:09:07','2025-05-07 04:59:35'),(35,35,10,'15','0',1,NULL,'2024-08-13 01:29:07','2025-05-07 05:00:52'),(36,36,10,'15','0',1,NULL,'2024-08-13 01:38:23','2025-05-07 05:01:07'),(37,37,10,'15','0',1,NULL,'2024-08-13 01:42:41','2025-05-07 05:01:22'),(38,38,10,'15','0',1,NULL,'2024-08-13 01:48:55','2025-05-07 05:01:35'),(39,39,10,'15','0',1,NULL,'2024-08-13 01:56:25','2025-05-07 05:02:11'),(40,40,10,'15','0',1,NULL,'2024-08-13 02:03:44','2025-05-07 05:02:45'),(41,41,10,'15','0',1,NULL,'2024-08-13 02:10:50','2025-05-07 05:03:37'),(42,42,10,'15','0',1,NULL,'2024-08-13 02:15:32','2025-05-07 05:04:01'),(43,43,10,'15','0',1,NULL,'2024-08-13 02:25:26','2025-05-07 05:04:23'),(44,44,10,'15','0',1,NULL,'2024-08-13 02:52:21','2025-05-07 05:04:42'),(45,45,10,'15','0',1,NULL,'2024-09-24 01:15:22','2025-05-07 05:19:03'),(46,46,10,'15','0',1,NULL,'2024-09-24 01:24:05','2025-05-07 05:05:38'),(47,47,10,'15','0',1,NULL,'2024-09-24 01:32:29','2025-05-07 05:06:10'),(48,48,10,'15','0',1,NULL,'2024-09-24 01:37:52','2025-05-07 05:06:29'),(49,49,10,'15','0',1,NULL,'2024-09-24 01:43:36','2025-05-07 05:06:45'),(50,50,10,'15','0',1,NULL,'2024-09-26 06:05:47','2025-05-07 05:07:10'),(51,51,10,'15','0',1,NULL,'2024-09-26 06:25:34','2025-05-07 05:06:40'),(52,52,10,'15','0',1,NULL,'2024-09-26 07:11:03','2025-05-07 05:06:16'),(53,53,10,'15','0',1,NULL,'2024-09-26 07:15:39','2024-10-04 01:25:28'),(54,54,10,'15','0',1,NULL,'2024-10-01 06:36:40','2024-10-04 01:24:38'),(55,55,10,'15','0',1,NULL,'2024-10-22 01:35:06','2024-10-22 01:35:06'),(56,56,10,'15','0',1,NULL,'2024-10-22 01:41:09','2024-10-22 01:41:09'),(57,57,10,'15','0',1,NULL,'2024-10-22 01:59:17','2024-10-22 01:59:17'),(58,58,10,'15','0',1,NULL,'2024-10-22 02:04:27','2024-10-22 02:04:27'),(59,59,10,'15','0',1,NULL,'2024-10-22 02:08:16','2024-10-22 02:08:16'),(60,60,10,'15','0',1,NULL,'2024-10-22 02:19:26','2024-10-22 02:19:26'),(61,61,10,'15','0',1,NULL,'2024-10-23 06:18:45','2024-10-23 06:18:45'),(62,62,10,'15','0',1,NULL,'2024-10-25 05:14:28','2024-10-25 05:14:28'),(63,63,10,'15','0',1,NULL,'2024-10-25 05:20:55','2024-10-25 05:20:55'),(64,64,10,'15','0',1,NULL,'2024-10-25 05:24:25','2024-10-25 05:24:25'),(65,65,10,'15','0',1,NULL,'2024-10-25 05:25:48','2024-10-25 05:25:48'),(66,66,10,'15','0',1,NULL,'2024-10-25 05:28:11','2024-10-25 05:28:11'),(67,67,10,'15','0',1,NULL,'2024-10-25 05:28:54','2024-10-25 05:28:54'),(68,68,10,'15','0',1,NULL,'2024-10-30 07:30:08','2024-10-30 07:30:08'),(69,69,10,'15','0',1,NULL,'2024-11-05 03:42:04','2024-11-05 03:42:04'),(70,70,10,'15','0',1,NULL,'2024-11-05 03:47:08','2024-11-05 03:47:08'),(71,71,10,'15','0',1,NULL,'2024-11-05 03:52:38','2024-11-05 03:52:38'),(72,72,10,'30','0',1,NULL,'2024-11-27 00:31:20','2024-11-27 00:31:20'),(73,73,10,'15','0',1,NULL,'2024-11-28 00:06:13','2024-11-28 00:06:13'),(74,74,10,'15','0',1,NULL,'2024-11-28 00:10:40','2024-11-28 00:10:40'),(75,75,10,'15','0',1,NULL,'2024-11-28 01:16:16','2024-11-28 01:16:16'),(76,76,10,'15','0',1,NULL,'2025-01-28 10:21:30','2025-01-28 10:21:30'),(77,77,10,'45','0',1,NULL,'2025-02-13 01:59:39','2025-02-13 01:59:39'),(78,78,10,'30','0',1,NULL,'2025-02-13 02:08:03','2025-02-13 02:08:03'),(79,79,10,'30','0',1,NULL,'2025-02-14 00:51:02','2025-02-14 00:51:02'),(80,79,12,'30','0',1,NULL,'2025-04-10 11:30:42','2025-04-10 11:30:42'),(81,80,10,'15','0',1,NULL,'2025-04-22 09:53:51','2025-04-22 09:53:51'),(82,81,10,'15','0',1,NULL,'2025-04-22 09:56:33','2025-04-22 09:56:33'),(83,82,10,'15','0',1,NULL,'2025-05-15 07:51:23','2025-05-15 07:51:23'),(84,83,10,'15','0',1,NULL,'2025-05-15 07:53:49','2025-05-15 07:53:49'),(85,84,10,'15','0',1,NULL,'2025-06-05 05:40:51','2025-06-05 05:40:51'),(86,85,10,'15','0',1,NULL,'2025-10-03 10:31:14','2025-10-03 10:31:14'),(87,86,10,'15','0',1,NULL,'2025-10-03 10:41:04','2025-10-03 10:41:04');

--
-- Table structure for table `course_approvals`
--

CREATE TABLE `course_approvals` (
  `id` int unsigned NOT NULL AUTO_INCREMENT,
  `course_id` int unsigned NOT NULL DEFAULT '0',
  `category_id` int unsigned NOT NULL DEFAULT '0',
  `credits` int unsigned NOT NULL DEFAULT '0',
  `code` varchar(255) CHARACTER SET utf8mb4 COLLATE utf8mb4_unicode_ci DEFAULT NULL,
  `approval` varchar(255) CHARACTER SET utf8mb4 COLLATE utf8mb4_unicode_ci DEFAULT NULL,
  `start_date` date DEFAULT NULL,
  `end_date` date DEFAULT NULL,
  `created_by` int unsigned NOT NULL DEFAULT '0',
  `updated_by` int unsigned NOT NULL DEFAULT '0',
  `created_at` timestamp NULL DEFAULT NULL,
  `updated_at` timestamp NULL DEFAULT NULL,
  `deleted_at` timestamp NULL DEFAULT NULL,
  PRIMARY KEY (`id`)
) ENGINE=InnoDB DEFAULT CHARSET=utf8mb4 COLLATE=utf8mb4_unicode_ci;

--
-- Dumping data for table `course_approvals`
--


--
-- Table structure for table `course_blocks`
--

CREATE TABLE `course_blocks` (
  `id` int unsigned NOT NULL AUTO_INCREMENT,
  `course_id` int unsigned NOT NULL DEFAULT '0',
  `lesson_id` int unsigned NOT NULL DEFAULT '0',
  `block_id` int unsigned NOT NULL DEFAULT '0',
  `block_type` varchar(255) CHARACTER SET utf8mb4 COLLATE utf8mb4_unicode_ci NOT NULL DEFAULT 'text',
  `configuration` text CHARACTER SET utf8mb4 COLLATE utf8mb4_unicode_ci COMMENT 'Set all the block related settings in json format',
  `quizdata` varchar(255) CHARACTER SET utf8mb4 COLLATE utf8mb4_unicode_ci DEFAULT NULL,
  `content` text CHARACTER SET utf8mb4 COLLATE utf8mb4_unicode_ci COMMENT 'set HTML content of the block',
  `order_id` int NOT NULL DEFAULT '1',
  `status` tinyint NOT NULL DEFAULT '0' COMMENT '0-Inactive,1-Active',
  `created_by` int unsigned NOT NULL DEFAULT '0',
  `updated_by` int unsigned NOT NULL DEFAULT '0',
  `created_at` timestamp NULL DEFAULT NULL,
  `updated_at` timestamp NULL DEFAULT NULL,
  `deleted_at` timestamp NULL DEFAULT NULL,
  PRIMARY KEY (`id`)
) ENGINE=InnoDB DEFAULT CHARSET=utf8mb4 COLLATE=utf8mb4_unicode_ci;

--
-- Dumping data for table `course_blocks`
--


--
-- Table structure for table `course_categories`
--

CREATE TABLE `course_categories` (
  `id` int unsigned NOT NULL AUTO_INCREMENT,
  `name` varchar(500) CHARACTER SET utf8mb4 COLLATE utf8mb4_unicode_ci DEFAULT NULL,
  `subtitle` varchar(255) CHARACTER SET utf8mb4 COLLATE utf8mb4_unicode_ci DEFAULT NULL,
  `slug` varchar(255) CHARACTER SET utf8mb4 COLLATE utf8mb4_unicode_ci NOT NULL,
  `description` text CHARACTER SET utf8mb4 COLLATE utf8mb4_unicode_ci,
  `image` varchar(255) CHARACTER SET utf8mb4 COLLATE utf8mb4_unicode_ci DEFAULT NULL,
  `image_alt` varchar(255) CHARACTER SET utf8mb4 COLLATE utf8mb4_unicode_ci DEFAULT NULL,
  `state_electrical_info` text CHARACTER SET utf8mb4 COLLATE utf8mb4_unicode_ci,
  `board_link` varchar(255) CHARACTER SET utf8mb4 COLLATE utf8mb4_unicode_ci DEFAULT NULL,
  `visible` tinyint NOT NULL DEFAULT '1' COMMENT '0-No,1-Yes',
  `parent_id` int unsigned NOT NULL DEFAULT '0',
  `created_by` int unsigned NOT NULL DEFAULT '0',
  `updated_by` int unsigned NOT NULL DEFAULT '0',
  `created_at` timestamp NULL DEFAULT NULL,
  `updated_at` timestamp NULL DEFAULT NULL,
  `deleted_at` timestamp NULL DEFAULT NULL,
  PRIMARY KEY (`id`)
) ENGINE=InnoDB DEFAULT CHARSET=utf8mb4 COLLATE=utf8mb4_unicode_ci;

--
-- Dumping data for table `course_categories`
--


--
-- Table structure for table `course_category_references`
--

CREATE TABLE `course_category_references` (
  `id` int unsigned NOT NULL AUTO_INCREMENT,
  `course_id` int unsigned NOT NULL DEFAULT '0',
  `course_category_id` int unsigned NOT NULL DEFAULT '0',
  `created_by` int unsigned NOT NULL DEFAULT '0',
  `updated_by` int unsigned NOT NULL DEFAULT '0',
  `created_at` timestamp NULL DEFAULT NULL,
  `updated_at` timestamp NULL DEFAULT NULL,
  `deleted_at` timestamp NULL DEFAULT NULL,
  PRIMARY KEY (`id`)
) ENGINE=InnoDB DEFAULT CHARSET=utf8mb4 COLLATE=utf8mb4_unicode_ci;

--
-- Dumping data for table `course_category_references`
--


--
-- Table structure for table `course_lesson_media`
--

CREATE TABLE `course_lesson_media` (
  `id` int unsigned NOT NULL AUTO_INCREMENT,
  `lesson_id` int unsigned NOT NULL DEFAULT '0',
  `media_type` int unsigned NOT NULL DEFAULT '0' COMMENT '0-document,1-audio,2-video,3-image',
  `filename` text CHARACTER SET utf8mb4 COLLATE utf8mb4_unicode_ci,
  `original_filename` text CHARACTER SET utf8mb4 COLLATE utf8mb4_unicode_ci,
  `status` tinyint NOT NULL DEFAULT '0' COMMENT '0-Inactive,1-Active',
  `created_by` int unsigned NOT NULL DEFAULT '0',
  `updated_by` int unsigned NOT NULL DEFAULT '0',
  `created_at` timestamp NULL DEFAULT NULL,
  `updated_at` timestamp NULL DEFAULT NULL,
  `deleted_at` timestamp NULL DEFAULT NULL,
  PRIMARY KEY (`id`)
) ENGINE=InnoDB DEFAULT CHARSET=utf8mb4 COLLATE=utf8mb4_unicode_ci;

--
-- Dumping data for table `course_lesson_media`
--


--
-- Table structure for table `courses`
--

CREATE TABLE `courses` (
  `id` int unsigned NOT NULL AUTO_INCREMENT,
  `title` varchar(255) CHARACTER SET utf8mb4 COLLATE utf8mb4_unicode_ci DEFAULT NULL,
  `slug` varchar(255) CHARACTER SET utf8mb4 COLLATE utf8mb4_unicode_ci NOT NULL,
  `payment_before_enrollment` tinyint NOT NULL DEFAULT '0' COMMENT '0-No,1-Yes',
  `sub_title` text CHARACTER SET utf8mb4 COLLATE utf8mb4_unicode_ci,
  `type` tinyint NOT NULL DEFAULT '0' COMMENT '0-Individual,1-Bundle',
  `idletime_enable` tinyint NOT NULL DEFAULT '0' COMMENT '0- disable,1-enable',
  `idletime` int DEFAULT NULL,
  `proctoring` varchar(255) CHARACTER SET utf8mb4 COLLATE utf8mb4_unicode_ci DEFAULT NULL,
  `securityquestion` varchar(255) CHARACTER SET utf8mb4 COLLATE utf8mb4_unicode_ci DEFAULT NULL,
  `description` text CHARACTER SET utf8mb4 COLLATE utf8mb4_unicode_ci,
  `length` varchar(255) CHARACTER SET utf8mb4 COLLATE utf8mb4_unicode_ci DEFAULT NULL COMMENT 'i.e. 30 minutes',
  `icon` varchar(255) CHARACTER SET utf8mb4 COLLATE utf8mb4_unicode_ci DEFAULT NULL,
  `certificate_id` int unsigned NOT NULL DEFAULT '0',
  `email_certificate` tinyint NOT NULL DEFAULT '1' COMMENT '0-No,1-Yes',
  `lesson_in_order` tinyint NOT NULL DEFAULT '1' COMMENT '0-No,1-Yes',
  `required_time` time DEFAULT NULL COMMENT 'required time before certificate purchased',
  `enrollment_notification` tinyint NOT NULL DEFAULT '0' COMMENT '0-No,1-Yes',
  `notification_from_email` varchar(255) CHARACTER SET utf8mb4 COLLATE utf8mb4_unicode_ci DEFAULT NULL,
  `notification_email_subject` varchar(255) CHARACTER SET utf8mb4 COLLATE utf8mb4_unicode_ci DEFAULT NULL,
  `notification_email_body` text CHARACTER SET utf8mb4 COLLATE utf8mb4_unicode_ci,
  `reminder_email` tinyint NOT NULL DEFAULT '0' COMMENT '0-No,1-Yes',
  `notify_someone_enrollment` tinyint NOT NULL DEFAULT '0' COMMENT '0-No,1-Yes',
  `notify_enroll_email` varchar(255) CHARACTER SET utf8mb4 COLLATE utf8mb4_unicode_ci DEFAULT NULL,
  `notify_someone_completed` tinyint NOT NULL DEFAULT '0' COMMENT '0-No,1-Yes',
  `notify_completed_email` varchar(255) CHARACTER SET utf8mb4 COLLATE utf8mb4_unicode_ci DEFAULT NULL,
  `send_certificate_copy` tinyint NOT NULL DEFAULT '0' COMMENT '0-No,1-Yes',
  `notify_completed_certificate_email` varchar(255) CHARACTER SET utf8mb4 COLLATE utf8mb4_unicode_ci DEFAULT NULL,
  `master_score` int unsigned DEFAULT NULL,
  `credits` int unsigned DEFAULT NULL,
  `restricted` tinyint NOT NULL DEFAULT '0' COMMENT '0-No,1-Yes',
  `status` tinyint NOT NULL DEFAULT '0' COMMENT '0-Inactive,1-Active',
  `author_visible` tinyint NOT NULL DEFAULT '1' COMMENT '0-Inactive,1-Active',
  `enrollment_expired` int unsigned DEFAULT NULL COMMENT 'In Days',
  `certificate_expired` int unsigned DEFAULT NULL COMMENT 'In Months',
  `allow_review` int unsigned DEFAULT '0' COMMENT 'In Days',
  `price` decimal(15,2) DEFAULT '0.00',
  `tracking_code` varchar(255) CHARACTER SET utf8mb4 COLLATE utf8mb4_unicode_ci DEFAULT NULL,
  `created_by` int unsigned NOT NULL DEFAULT '0',
  `updated_by` int unsigned NOT NULL DEFAULT '0',
  `created_at` timestamp NULL DEFAULT NULL,
  `updated_at` timestamp NULL DEFAULT NULL,
  `deleted_at` timestamp NULL DEFAULT NULL,
  PRIMARY KEY (`id`)
) ENGINE=InnoDB DEFAULT CHARSET=utf8mb4 COLLATE=utf8mb4_unicode_ci;

--
-- Dumping data for table `courses`
--


--
-- Table structure for table `enrol_course_references`
--

CREATE TABLE `enrol_course_references` (
  `id` int unsigned NOT NULL AUTO_INCREMENT,
  `user_id` int unsigned NOT NULL DEFAULT '0',
  `course_id` int unsigned NOT NULL DEFAULT '0',
  `enrol_amount` decimal(10,2) DEFAULT NULL,
  `timespent` int NOT NULL DEFAULT '0' COMMENT 'in seconds',
  `progress` int NOT NULL DEFAULT '0' COMMENT 'in percentage',
  `result` int DEFAULT NULL,
  `require_result` int DEFAULT NULL,
  `require_time` int DEFAULT NULL,
  `last_completed_lesson` int unsigned NOT NULL DEFAULT '0',
  `sorted_lessons` text CHARACTER SET utf8mb4 COLLATE utf8mb4_unicode_ci,
  `proctoringlastcall` int DEFAULT NULL,
  `proctoringlastround` int DEFAULT NULL,
  `securityquestionlastround` int DEFAULT NULL,
  `securityquestionlastcall` int DEFAULT NULL,
  `completion_date` datetime DEFAULT NULL,
  `viewcnt` int NOT NULL DEFAULT '0',
  `status` tinyint NOT NULL DEFAULT '0' COMMENT '0-yet to start,1-inprogress,2-completed,3-paid',
  `created_by` int unsigned NOT NULL DEFAULT '0',
  `updated_by` int unsigned NOT NULL DEFAULT '0',
  `created_at` timestamp NULL DEFAULT NULL,
  `updated_at` timestamp NULL DEFAULT NULL,
  `deleted_at` timestamp NULL DEFAULT NULL,
  PRIMARY KEY (`id`)
) ENGINE=InnoDB DEFAULT CHARSET=utf8mb4 COLLATE=utf8mb4_unicode_ci;

--
-- Dumping data for table `enrol_course_references`
--


--
-- Table structure for table `faculty`
--

CREATE TABLE `faculty` (
  `id` bigint unsigned NOT NULL AUTO_INCREMENT,
  `name` varchar(255) CHARACTER SET utf8mb4 COLLATE utf8mb4_unicode_ci DEFAULT NULL,
  `email` varchar(255) COLLATE utf8mb4_unicode_ci DEFAULT NULL,
  `slug` text COLLATE utf8mb4_unicode_ci,
  `description` mediumtext CHARACTER SET utf8mb4 COLLATE utf8mb4_unicode_ci,
  `profile_url` varchar(800) CHARACTER SET utf8mb4 COLLATE utf8mb4_unicode_ci DEFAULT NULL,
  `firm_name` varchar(255) CHARACTER SET utf8mb4 COLLATE utf8mb4_unicode_ci DEFAULT NULL,
  `image` varchar(255) CHARACTER SET utf8mb4 COLLATE utf8mb4_unicode_ci DEFAULT NULL,
  `status` tinyint NOT NULL DEFAULT '1' COMMENT '0- Inactive,1-Active',
  `display_order` int NOT NULL DEFAULT '1',
  `created_by` int unsigned NOT NULL DEFAULT '0',
  `updated_by` int unsigned NOT NULL DEFAULT '0',
  `created_at` timestamp NULL DEFAULT NULL,
  `updated_at` timestamp NULL DEFAULT NULL,
  `deleted_at` timestamp NULL DEFAULT NULL,
  PRIMARY KEY (`id`),
  KEY `idx_id_status` (`id`,`status`)
) ENGINE=InnoDB AUTO_INCREMENT=34 DEFAULT CHARSET=utf8mb4 COLLATE=utf8mb4_unicode_ci;

--
-- Dumping data for table `faculty`
--

INSERT INTO `faculty` VALUES (1,'Joel Surber',NULL,'joel-surber','<p><span style=\"font-family: Montserrat, system-ui, -apple-system, \'Segoe UI\', Roboto, \'Helvetica Neue\', Arial, \'Noto Sans\', \'Liberation Sans\', sans-serif, \'Apple Color Emoji\', \'Segoe UI Emoji\', \'Segoe UI Symbol\', \'Noto Color Emoji\'; font-size: 24px; text-align: center;\">Joel\'s practice encompasses a broad range of litigation areas, including Tort and Personal Injury, Premises Liability Defense, Motorcycle Injury, Products Liability, Insurance Law, Collections, Construction Defect, and Commercial Litigation. His extensive experience in these fields ensures clients receive informed, strategic counsel tailored to their specific needs.</span></p>','https://www.tennlawfirm.com/','Surber, Asher, Surber & Moushon PLLC','51269e7ef870969535a603f513ef61df6e8e6bbc78dc63aba2459133b1b43db727fe52d99308e3158e378307a39e238e4426da3b6457246467af18aaa13d430a.png',1,2,1,0,'2025-01-21 07:23:02','2025-05-07 04:27:18',NULL),(2,'Sean Martin',NULL,'sean-martin','<p><span style=\"font-family: Montserrat, system-ui, -apple-system, \'Segoe UI\', Roboto, \'Helvetica Neue\', Arial, \'Noto Sans\', \'Liberation Sans\', sans-serif, \'Apple Color Emoji\', \'Segoe UI Emoji\', \'Segoe UI Symbol\', \'Noto Color Emoji\'; font-size: 18pt; text-align: center;\">Sean focuses his practice on Family Law, where he offers compassionate guidance and effective representation. A certified Rule 31 family law mediator, Sean assists clients in navigating sensitive family matters with clarity and respect, advocating for positive resolutions and protecting clients&rsquo; best interests.&nbsp;</span></p>','https://www.mhpslaw.com/nashville-attorneys/sean-martin/','MHPS, PLLC','f0b1b952468254fdabbc0a190b94238ce1ab592c2e09b1ab32e75df1964b605d6443f7dc04ee3823aaf5ee6324abffd5c17a67dddc26da9c05b5d4c7a6b442a5.png',1,1,1,0,'2025-01-21 10:12:12','2025-05-07 04:27:18',NULL),(3,'Scott Lynn',NULL,'scott-lynn','<p><span style=\"white-space-collapse: preserve;\">Executive Vice President, General Counsel &amp; Secretary since 2018. Before that, he was the Company&rsquo;s Senior Vice President and General Counsel since January 2013. From August 2003 to December 2012, Mr. Lynn served as the Company&rsquo;s Vice President and Associate General Counsel. He began his career as an associate at the Nashville law firm Stokes &amp; Bartholomew, P.A. Mr. Lynn has a bachelor of science degree in accounting from Tennessee Technological University and is a graduate of the Vanderbilt University School of Law.<br /><br /><a href=\"https://www.rymanhp.com/about-us/\">https://www.rymanhp.com/about-us/</a></span></p>','https://www.rymanhp.com/about-us/','Ryman Hospitality Partners','c1a116fe7dcd1a3e769338595b07ac344433a4286a0430836125fdbef6a018fb14cc1efe9cbf5d5f76f7042d3ee5125a68794098c7ec01fcd2cffe637cbbcf21.png',1,3,1,0,'2025-01-24 03:05:03','2025-05-07 04:27:18',NULL),(4,'Adam Barber',NULL,'adam-barber','<p><span style=\"white-space-collapse: preserve;\">Attorney Adam Barber was born and raised in the suburbs of Detroit, MI. Adam received his undergraduate degrees in Finance and Economics from Grand Valley State University in 2009, his Juris Doctorate and his Master&rsquo;s in Environmental Law and Policy from Vermont Law School in 2012.<br /><br /><a href=\"https://www.mhpslaw.com/nashville-attorneys/adam-barber/\">https://www.mhpslaw.com/nashville-attorneys/adam-barber/</a></span></p>','https://www.mhpslaw.com/nashville-attorneys/adam-barber/','MHPS, PLLC','cf3dfe5938f3dcdecca670aa7c74c46fb4a21a8679389c1a21eb99f968fde8e21fdecdafb3c72f71f349916a71305986167376424c5b2568c7cf69eee0592732.png',1,4,1,0,'2025-01-24 03:05:55','2025-05-07 04:27:18',NULL),(5,'John Wilks',NULL,'john-wilks','<p><span style=\"white-space-collapse: preserve;\">A native of Springfield, Tennessee, John R. Wilks grew up the son a country lawyer, the late Larry D. Wilks, former President of the Tennessee Bar Association. John graduated with honors from the University of Tennessee, earning a bachelor&rsquo;s degree in Agricultural Economics and Business and his law degree from Nashville School of Law.<br /><br /><a href=\"https://www.mhpslaw.com/nashville-attorneys/john-wilks/\">https://www.mhpslaw.com/nashville-attorneys/john-wilks/</a></span></p>','https://www.mhpslaw.com/nashville-attorneys/john-wilks/','MHPS, PLLC','bf5b4a78f99760ccecf3ddd1f3d3924376b9e55c2d5fa9a2ed27d77f6c4f65e50257136d131d485ab438119c2c3ecdeea8a3275458cf7738aadb080a733a1514.png',1,5,1,0,'2025-01-24 03:08:02','2025-05-07 04:27:18',NULL),(6,'Jonathan Farmer',NULL,'jonathan-farmer','<p><span style=\"white-space-collapse: preserve;\">Jonathan Farmer obtains the best results possible for clients through zealous advocacy and creative, thoughtful solutions, allowing them to navigate potentially damaging situations through risk mitigation, litigation, and alternative dispute resolution. He concentrates his practice in the areas of criminal defense and government investigations, personal injury, wrongful death, and civil litigation.<br /><br /><a href=\"https://www.spencerfane.com/professionals/jonathan-farmer/\">https://www.spencerfane.com/professionals/jonathan-farmer/</a></span></p>','https://www.spencerfane.com/professionals/jonathan-farmer/','Spencer Fane','c50135371dc0eb5da3af02075578de89d763bd0300b232d22a44e9de39d4ea941a5ce11110c345d58adf8ffc0bb982c358102b50e3f9248b8fe534a31474a036.png',1,6,1,0,'2025-01-24 03:14:42','2025-05-07 04:27:18',NULL),(7,'Amy Willoughby Bryant',NULL,'amy-willoughby-bryant','<p><span style=\"white-space-collapse: preserve;\">A consummate professional, attorney Amy Willoughby Bryant has a heart for public service and leadership. Amy&rsquo;s work has been a reflection of her professionalism and passion during her many years of legal practice. Amy is excited to serve Metro Davidson County and Nashville&rsquo;s community of individuals with a disability as the Office of Conservatorship Management Director. She views this as a tremendous opportunity to combine her <br />professional expertise with her passion for protecting Nashville&rsquo;s vulnerable adults.<br /><br /><a href=\"https://officeofconservatorshipmanagement.nashville.gov/amy-willoughby-bryant/\">https://officeofconservatorshipmanagement.nashville.gov/amy-willoughby-bryant/</a><br /></span></p>','https://officeofconservatorshipmanagement.nashville.gov/amy-willoughby-bryant/','Office of Conservatorship Management','fc170f6438389a258a029e003d0d1daa5f3a1425e729ced496f2ea3e94c17cd90597fdae055b9d5b8aa8679a71c802121af4d2ec78863bc24c1882d9b4b876fa.png',1,7,1,0,'2025-01-24 03:15:17','2025-05-07 04:27:18',NULL),(8,'Cathy Speers Johnson',NULL,'cathy-speers-johnson','<p><span style=\"white-space-collapse: preserve;\">For more than 25 years, Cathy has represented clients across Middle Tennessee in matters of family law. She is a person of integrity, well-respected among her peers, and a proven advocate for her clients. Her exemplary approach to the practice of law makes her stand out in her field as the 2023 Tennessee Family Lawyer of the year by The Best Lawyers in America&reg;, where she has been annually listed since 2011, and she has earned a Martindale-Hubble&reg; AV Preeminent rating. Cathy is also a divorce mediator and is certified in collaborative law.<br /><br /><a href=\"https://www.cpj.law/team-member/cathy-speers-johnson\">https://www.cpj.law/team-member/cathy-speers-johnson</a></span></p>','https://www.cpj.law/team-member/cathy-speers-johnson','Campbell Perky Johnson PLLC','447b0fcc08588036271b5ec3561aba01a109f30b3d6cfad8f3643681a91700f6592dfd03c314fbf46134eabacacc19d79e4343ea50e9a5c0340a39166d557ad6.png',1,8,1,0,'2025-01-24 03:15:47','2025-05-07 04:27:18',NULL),(9,'J.K. Simms',NULL,'jk-simms','<p><span style=\"white-space-collapse: preserve;\">J.K has nearly two decades of experience representing companies and individuals at the state level throughout Tennessee and in every federal court district in the State of Tennessee. He has also handled appeals at the state and federal level, including briefing and arguing an appeal before a sixteen-judge en banc panel at the United States Court of Appeals for the Sixth Circuit in Cincinnati, Ohio. He is also admitted to practice before the United States Supreme Court. In addition to J.K.&rsquo;s focus on advocating for his clients in employment litigation, he devotes a great deal of time conducting training for his clients and advising them in identifying potential employment-related legal issues and resolving day-to-day management and operations issues.<br /><br /><a href=\"https://www.thompsonburton.com/attorney/jk-simms\">https://www.thompsonburton.com/attorney/jk-simms</a></span></p>','https://www.thompsonburton.com/attorney/jk-simms','Thompson Burton PLLC','c7f75211f9cffe61c93c02b2e7389c10f4cb538f641c2f2d67322e40bfe3aef8c7ce26154dabff64b28554184d7f6f72d81c12b6d8db24d81783e46d96ef29bd.png',1,9,1,0,'2025-01-24 03:16:38','2025-05-07 04:27:18',NULL),(10,'Kurt Myers',NULL,'kurt-myers','<p><span style=\"white-space-collapse: preserve;\">With 37 years of experience, Kurt concentrates his practice on business valuation services. Kurt is licensed to practice as a CPA in Tennessee and Kentucky. Kurt has been involved in over 1,100 appraisals of various types of closely held businesses since 1994. Appraisal clients include businesses in industries such as health care, entertainment, manufacturing, wholesale and retail distributors, and service industry businesses. <br /><br /><a href=\"https://collaborativedivorcenashville.com/professionals/entry/1095/\">https://collaborativedivorcenashville.com/professionals/entry/1095/</a></span></p>','https://collaborativedivorcenashville.com/professionals/entry/1095/','Collaborative Divorce Nashville','2a849e743fcedaa8b3a564e301c8637124a3779340af31d2f3c0640d64d1b7c856ac524a564fb6fd1508228e0e3ca85f2763c2522b96ed4002f1ab2e7b7b2c7d.png',1,10,1,0,'2025-01-24 03:19:15','2025-05-07 04:27:18',NULL),(11,'Adam Dread',NULL,'adam-dread','<p><span style=\"white-space-collapse: preserve;\">Adam Dread has been voted &ldquo;Nashville&rsquo;s Best Attorney&rdquo; a record 5 Times by the Readers of the Nashville Scene. Adam Dread has been licensed to practice law in Tennessee since 2004, and, as of 2017, is now also one of the few Tennessee attorneys admitted to practice in the Commonwealth of Massachusetts. Additionally, he is admitted to practice in the Middle District of Tennessee in Federal Court and is a trained Supreme Court Listed Mediator.<br /><br /><a href=\"https://adamdread.com/adam-dread-biography/\">https://adamdread.com/adam-dread-biography/</a></span></p>','https://adamdread.com/adam-dread-biography/','Adam Dread Attorney at Law','313a7be262214b8c4c63c158e01db1ee3e1c56dbe6866746c693d195ab5f5564f6ddcf4fcc048c99aa01adddd0dbd6fd86e75970b4dd977d13fda26b00747d0b.png',1,11,1,0,'2025-01-24 03:21:08','2025-05-07 04:27:18',NULL),(12,'Catherine S. Eaton',NULL,'catherine-s-eaton','<p><span style=\"white-space-collapse: preserve;\">Catherine Eaton is an attorney who has been practicing family law for over 20 years along with being the Mediator in numerous family cases. Her experience as a mediator makes her uniquely qualified to help clients navigate the legal process by providing creative and desirable solutions. <br /><br /><a href=\"https://eatonfamilylawfirm.com/about/\">https://eatonfamilylawfirm.com/about/ </a> </span></p>','https://eatonfamilylawfirm.com/about/','Esq., The Eaton Family Law Firm, P.A.','bd9ccdef39427ce51d16a3ff0324ada513f6bb020670b4620d43faca3878e4477ed409a1074d53e036e8663104e232143083ddad955b20e43299d689154c75c5.png',1,12,1,0,'2025-01-24 03:22:31','2025-05-07 04:27:18',NULL),(13,'Christina Stubblefield',NULL,'christina-stubblefield','<p><span style=\"white-space-collapse: preserve;\">Christina is a freelance practicing paralegal in the greater Nashville area. She has spent many years working alongside Sean Martin at his law firm MHPS Law and now consults on the side.</span></p>','https://www.linkedin.com/in/christina-stubblefield?trk=public_profile_samename-profile','Paralegal','97750900960ecf5fb365218fa5e678a583eba1acc10beda7436700a28c47d5102616e18961aea2c0a711b68b928e1ce72e1006232bf14bc3b5b814569007f822.png',1,13,1,0,'2025-01-24 03:23:03','2025-05-07 04:27:18',NULL),(14,'Joseph W. Fuson',NULL,'joseph-w-fuson','<p><span style=\"white-space-collapse: preserve;\">Regardless of the issue, Mr. Fuson is a trial lawyer who puts the needs of his clients first. A large part of his criminal practice is focused on drug and alcohol cases. Specifically, marijuana defense and DUI defense. Mr. Fuson is the founder of Hemp Law Group, Tennessee\'s only law firm dedicated to representing individuals and businesses in Tennessee\'s growing legal cannabis industry. Criminal Attorney Joey Fuson frequently represents students from local colleges on criminal citation cases in Nashville, TN. <br /><br /><a href=\"https://www.fusonlaw.com/joseph-w-fuson-esq.html\">https://www.fusonlaw.com/joseph-w-fuson-esq.html</a></span></p>','https://www.fusonlaw.com/lawyers/joseph-w-fuson-esq/','Esq., Freeman and Fuson Tennessee Trial Lawyers','2987d295bb29113104a93574ac13c86970226bafbfdc1ee294f18901f0672dede1720fc93e2cd0a856b32b377ad42d7921f9f03c513540ddcd85cc4e4c387743.png',1,14,1,0,'2025-01-24 03:23:47','2025-05-07 04:27:18',NULL),(15,'Josh Offutt',NULL,'josh-offutt','<p><span style=\"white-space-collapse: preserve;\">Josh Offutt is an attorney and experienced mediator in Nashville. He runs his own firm, the Law Offices of Joshua Offutt and Associates, which is a full-service litigation and conflict management law firm that focuses in general civil litigation practice. Additionally, Josh is certified in conflict management and offers in person and online video mediation services through Music City Mediation. <br /><br /><a href=\"https://cle.tba.org/faculty/profile/20510%20%20\">https://cle.tba.org/faculty/profile/20510 </a> </span></p>','https://cle.tba.org/faculty/profile/20510%20%20','Law Offices of Joshua Offutt & Assoc PC','c4053ef6f097778a4d73443b6c1c4f01feb3d35a0793a536eda5f8e43587980aa8c3e5827f973464d53061e357549bdf942d45600dbc724fd31ab53b401cb8e0.png',1,15,1,0,'2025-01-24 03:24:27','2025-05-07 04:27:18',NULL),(16,'Shaine Hawkins',NULL,NULL,'<p>Lorem ipsum odor amet, consectetuer adipiscing elit. Sociosqu nibh accumsan dapibus; ridiculus torquent aliquet vulputate. Interdum sem lectus gravida auctor efficitur. Et sed egestas nec montes sed penatibus augue nibh quis. Magnis dictumst nulla auctor aptent elementum. Tempus viverra ligula nascetur platea tortor dignissim mauris enim. Leo eros scelerisque primis iaculis fringilla parturient. Tortor dapibus senectus mus posuere praesent elit iaculis.</p>',NULL,NULL,'0cf9a718aaf7b57a711df45a421623065286583e0a3cb784e3816640276d4714498da9aacf483d2eff8b551cb7279c7096ff49eaf8dd62637301e814627b9301.png',0,16,1,1,'2025-01-27 00:08:31','2025-02-10 03:49:40','2025-02-10 03:49:40'),(17,'Test Demo',NULL,NULL,'<p><strong style=\"margin: 0px; padding: 0px; font-family: \'Open Sans\', Arial, sans-serif; font-size: 14px; text-align: justify; background-color: #ffffff;\">Lorem Ipsum</strong><span style=\"font-family: \'Open Sans\', Arial, sans-serif; font-size: 14px; text-align: justify; background-color: #ffffff;\">&nbsp;is simply dummy text of the printing and typesetting industry. Lorem Ipsum has been the industry\'s standard dummy text ever since the 1500s, when an unknown printer took a galley of type and scrambled it to make a type specimen book. It has survived not only five centuries, but also the leap into electronic typesetting, remaining essentially unchanged. It was popularised in the 1960s with the release of Letraset sheets containing Lorem Ipsum passages, and more recently with desktop publishing software like Aldus PageMaker including versions of Lorem Ipsum.</span></p>',NULL,NULL,'4bd6e3536cf9dde42f35e2e1d4a3d22b0b3a174ea86e5a1228b39dbc45f583ad1acadfd8ece72917bd8a0f8b17e98f32c22da2eb4ab6c70912482c9cfbd7adda.png',0,17,1,1,'2025-01-28 05:49:34','2025-01-28 07:27:34','2025-01-28 07:27:34'),(18,'Laura Montoya',NULL,NULL,'<p>Lorem ipsum odor amet, consectetuer adipiscing elit. Ridiculus dolor curae nostra mollis feugiat. Senectus eu est a ad pharetra. Adipiscing at dui, parturient nullam volutpat mi. Sollicitudin curae tempor conubia senectus, fames vitae conubia. Ipsum sem aenean nostra finibus fermentum eleifend interdum. Dictum enim platea himenaeos tempus senectus.</p>','https://staging.clearly.legal/','Galena Chang','81e2e8d7bb70fa94256871e65267a1dbef1baeab3767efde716693334f1a30b8bb4a13bed74b84ba3eaeba10f3dfcef9549587db3f220412a0a189ea7049980c.jpg',0,17,1,1,'2025-02-07 01:04:21','2025-02-10 03:49:40','2025-02-10 03:49:40'),(19,'Scott Womack',NULL,'scott-womack',NULL,'https://www.lbmc.com/team/scott-womack/','Shareholder','85529be5cff1773ebdd17df087b3206af269d6ebd02610806d52f40a1f75288203db81ebb11cab190e1a7d06ea30010a361bbc4e9a758d1a7844e29b4003da9b.jpg',1,16,356,0,'2025-04-16 11:04:57','2025-05-07 04:27:19',NULL),(20,'Danielle Spence',NULL,'danielle-spence',NULL,'https://www.bernstein.com/about-us/locations/nashville/danielle-spence.html','Wealth Advisor','bc65140000a82bbcf5e3afdb3374a798ad912cf1f1a729a7989f7d31305284a092da1a7845b1dd798bd39197bfcdebee1560e9c5825e611492356812f7518772.jpg',1,17,404,0,'2025-04-21 10:51:58','2025-05-07 04:27:19',NULL),(21,'Jennifer Goode',NULL,'jennifer-goode',NULL,'https://www.bernstein.com/about-us/locations/washington-dc/jennifer-goode.html','National Director, Institute for Trust and Estate Planning','204e88d8ee63925e92e414084966afe349b6a3ba048ebbd3074bc72715610d403e0fb9b3b6ada87e08e2c915276ed9fba538a65406a508e8c6935c90903f7847.jpg',1,18,404,0,'2025-04-21 10:55:48','2025-05-07 04:27:19',NULL),(22,'Jennifer Ghanem','jennifer@ktaglaw.com','jennifer-ghanem',NULL,'https://ktaglaw.com/attorney/jennifer-ghanem/','Keller Turner Andrews & Ghanem, PLLC','cd10aeebaefd60c79209d4467a0f8e4e1462d8ec8f21099938244dbd2e01beef6519455a63b1e38c2e3ee6b9e0638fe8277301ad0cdfadbaff7fa5ffd0f578b2.jpg',1,19,404,404,'2025-04-21 11:06:28','2025-06-10 11:43:29',NULL),(23,'Kristi Curling',NULL,'kristi-curling',NULL,'https://www.cmghomeloans.com/mysite/Kristi-Curling','Loan Officer, Certified Divorce Lending Professional','e86e3f32fc83b3750c586fbdeeeecd8ecbe72a22bc152a262b23837795d084489c22b81a7028bc93260b72bdeb69d56d9aa7499479f6a94b0c5ea62d06348574.jpg',1,20,404,0,'2025-04-24 14:29:09','2025-05-07 04:27:19',NULL),(24,'Heather Warmbrod',NULL,'heather-warmbrod',NULL,'https://www.heatherwarmbrod.com/','Relator','7f7320152d6785dccfd97c8dc7c5310cae616ae51f6ee8052c56d19fc888c1942e371caac6faa294f9815b386ffb389cc46157d3235f8a15f139c9deab5bbe10.png',1,21,404,0,'2025-04-24 14:31:32','2025-05-07 04:27:19',NULL),(25,'Kelly Holmes',NULL,'kelly-holmes',NULL,'https://www.linkedin.com/in/kelly-s-holmes-bb47a064/','Commercial Banking Relationship Manager','7e89fe3d792862562d3d27a998514b3f66c33c0fee07b2851a0149343e474471a9e53a6e8b4a9e0181ea33a0d811d50db23c2f0abbeb4031a32bae0f3dfd27cc.png',1,22,404,0,'2025-04-29 09:22:06','2025-05-07 04:27:19',NULL),(26,'Suzette Kraemer',NULL,'suzette-kraemer',NULL,'https://suzettesellsnashville.com/about','Affiliate Broker | Real Estate Professional','68def906dfeaad72c346b753f587def0fc0124c83dbb2236e3445efaa343bce9a4f837510fd1f528ce09639d5d1fdeb285b8b54fffbad8326c0eb1da5ddf3a0a.png',1,23,404,0,'2025-05-02 09:20:12','2025-05-07 04:27:19',NULL),(27,'Dave Heller',NULL,'dave-heller',NULL,'https://www.mhpslaw.com/nashville-attorneys/david-heller/','MHPS, Wealth Preservation and Family Law','bd399daf04c9ad537ed3a2053a86325314dc591b558d3d9331463c308e933aa9896eedb4d8e506d98f077622dd2f2a5cc0f3d378b8afe4ef99022edb57dd1996.png',1,24,404,0,'2025-05-02 09:24:28','2025-05-07 04:27:19',NULL),(28,'Blakely Hunze-Austin',NULL,'blakely-hunze-austin',NULL,'https://eroshealingandgrowth.clientsecure.me/','LPC-MHSP, LPC, NCC, M.A.','a9078bfc1ef59f3d52bb2824648f280ca6f538ab579bd384158ad2928dffc61288726f4b366dfd7500560e5cf973a1709703b24b4121a13b1a0beb655c844bfe.png',1,25,404,0,'2025-05-02 09:27:15','2025-05-07 04:27:19',NULL),(29,'Garrett Asher','gasher@tennlawfirm.com','garrett-asher',NULL,'https://www.tennlawfirm.com/about/garrett-asher','Surber, Asher, Surber and Moushon PLLC','9116662f56fb965f3e821a506a80d4fec57296816152772ca6ac73714fa29b544444ac381e28755d93717a834f06db51c27a401952b8af4c00e90019aa7e8cd4.png',1,26,404,404,'2025-05-14 15:56:37','2025-05-14 15:56:37',NULL),(30,'Test 01','kiran.ragade+test01@kernelequity.com','test-01',NULL,NULL,NULL,NULL,1,27,1,1,'2025-06-05 05:35:21','2025-06-05 05:44:33','2025-06-05 05:44:33'),(31,'test 02','kiran.ragade+test02@kernelequity.com','test-02',NULL,NULL,NULL,NULL,1,28,1,1,'2025-06-05 05:36:09','2025-06-05 05:44:33','2025-06-05 05:44:33'),(32,'Joseph Hubbard','joseph.hubbard@polsinelli.com','joseph-hubbard',NULL,NULL,NULL,NULL,1,27,1,1,'2025-10-03 10:20:47','2025-10-03 10:20:47',NULL),(33,'Meggan Bess Sullivan','megganbsullivan@gmail.com','meggan-bess-sullivan',NULL,NULL,NULL,NULL,1,28,1,1,'2025-10-03 10:32:13','2025-10-03 10:32:13',NULL);

--
-- Table structure for table `faculty_inquiries`
--

CREATE TABLE `faculty_inquiries` (
  `id` bigint unsigned NOT NULL AUTO_INCREMENT,
  `first_name` varchar(25) COLLATE utf8mb4_unicode_ci NOT NULL,
  `last_name` varchar(25) COLLATE utf8mb4_unicode_ci NOT NULL,
  `phone_number` varchar(255) COLLATE utf8mb4_unicode_ci DEFAULT NULL,
  `email` varchar(100) COLLATE utf8mb4_unicode_ci NOT NULL,
  `bio_link` varchar(255) COLLATE utf8mb4_unicode_ci DEFAULT NULL,
  `firm_name` varchar(255) COLLATE utf8mb4_unicode_ci DEFAULT NULL,
  `ip_address` varchar(45) COLLATE utf8mb4_unicode_ci DEFAULT NULL,
  `deleted_at` timestamp NULL DEFAULT NULL,
  `created_at` timestamp NULL DEFAULT NULL,
  `updated_at` timestamp NULL DEFAULT NULL,
  PRIMARY KEY (`id`)
) ENGINE=InnoDB AUTO_INCREMENT=17 DEFAULT CHARSET=utf8mb4 COLLATE=utf8mb4_unicode_ci;

--
-- Dumping data for table `faculty_inquiries`
--

INSERT INTO `faculty_inquiries` VALUES (1,'Nancy J.','Knight','2478235893','kiran.ragade+nancy@kernelequity.com',NULL,NULL,'49.43.35.43','2025-04-09 08:17:22','2025-04-08 04:42:34','2025-04-09 08:17:22'),(2,'Kevin','Williams','4534646456','kiran.ragade+kevin@kernelequity.com',NULL,NULL,'49.43.35.43','2025-04-09 00:27:48','2025-04-08 04:51:13','2025-04-09 00:27:48'),(3,'Kevin','Williams','4534646456','kiran.ragade+kevin@kernelequity.com',NULL,NULL,'49.43.35.43','2025-04-09 00:27:48','2025-04-08 04:52:09','2025-04-09 00:27:48'),(4,'Kevin','Williams','4534646456','kiran.ragade+kevin@kernelequity.com',NULL,NULL,'49.43.35.43','2025-04-09 00:27:48','2025-04-08 04:52:18','2025-04-09 00:27:48'),(5,'Amy','Liang','2324364522','kiran.ragade+test@kernelequity.com','Test','Test Firm','49.43.35.43','2025-04-09 00:27:48','2025-04-08 06:39:26','2025-04-09 00:27:48'),(6,'Dhaval','Patel','9998074424','dhaval.patel@kernelequity.com','https://x.com/dhaval2404',NULL,'49.36.83.66','2025-05-07 05:30:00','2025-04-08 09:30:09','2025-05-07 05:30:00'),(7,'Rahul','Upadhyay','6152938331','rahul@kernelequity.com',NULL,NULL,'172.58.145.180','2025-05-07 05:30:00','2025-04-08 17:52:25','2025-05-07 05:30:00'),(8,'Kiran','R','3656337848','kiran.ragade+test11@kernelequity.com','Lorem Ipsum is simply dummy text of the printing and typesetting industry. Lorem Ipsum has been the industry\'s standard dummy text ever since the 1500s, when an unknown printer took a galley of type and scrambled it to make a type specimen book. It has su','Demo Firm 123@#😊😊','49.43.33.18','2025-04-09 00:26:51','2025-04-09 00:23:14','2025-04-09 00:26:51'),(9,'Kiran','RK','2324354645','kiran.ragade+test23@kernelequity.com','https://www.safeonweb.be/tips','Demo Firm 123@#😊😊','49.43.33.18','2025-04-09 00:38:24','2025-04-09 00:37:40','2025-04-09 00:38:24'),(10,'Annie','Artman','3735735984','kiran.ragade+anie@kernelequity.com',NULL,NULL,'49.43.33.18','2025-04-09 08:17:22','2025-04-09 01:06:57','2025-04-09 08:17:22'),(11,'Jeffrey','Owen','2347758927','kiran.ragade+owen@kernelequity.com','Test','Demo Firm','49.36.83.66','2025-04-09 08:17:22','2025-04-09 08:10:53','2025-04-09 08:17:22'),(12,'Imogene','Mccarty','9742041704','priyanshi.sachan+110@kernelequity.com','Explicabo Iusto rec','Wanda Ochoa','103.254.32.230','2025-04-09 08:17:22','2025-04-09 08:16:02','2025-04-09 08:17:22'),(13,'Iliana','Gilbert','4702403420','sevadesy@mailinator.com','Earum cumque officia','Trevor Colon','103.254.32.230','2025-04-14 04:11:17','2025-04-09 08:40:11','2025-04-14 04:11:17'),(14,'Rick','Coppola','2366327739','kiran.ragade+prod@kernelequity.com','https://www.safeonweb.be/tips','Sebrina Jordan','49.36.83.66','2025-04-09 08:53:06','2025-04-09 08:45:47','2025-04-09 08:53:06'),(15,'Brain','Carlson','9566063004','braincarlson213@gmail.com','I am reaching out to inquire if your firm handles business / contract law matters. I would like to set up a time to discuss. Please let me know your availability.  Brian Carlson Carlson Ag Service LLC','Carlson Ag Service L.L.C','102.91.71.241',NULL,'2025-04-30 12:40:33','2025-04-30 12:40:33'),(16,'Angela','Graber','9614652451','angelagraber597@gmail.com',NULL,'Paul','107.182.225.119',NULL,'2025-05-07 14:43:26','2025-05-07 14:43:26');

--
-- Table structure for table `faqs`
--

CREATE TABLE `faqs` (
  `id` bigint unsigned NOT NULL AUTO_INCREMENT,
  `question` longtext COLLATE utf8mb4_unicode_ci NOT NULL,
  `answer` longtext COLLATE utf8mb4_unicode_ci NOT NULL,
  `status` tinyint(1) NOT NULL DEFAULT '1',
  `display_order` bigint NOT NULL,
  `created_at` timestamp NULL DEFAULT NULL,
  `updated_at` timestamp NULL DEFAULT NULL,
  `deleted_at` timestamp NULL DEFAULT NULL,
  PRIMARY KEY (`id`)
) ENGINE=InnoDB AUTO_INCREMENT=11 DEFAULT CHARSET=utf8mb4 COLLATE=utf8mb4_unicode_ci;

--
-- Dumping data for table `faqs`
--

INSERT INTO `faqs` VALUES (3,'What is Clearly Legal?','Clearly Legal is a CLE-by-podcast platform offering courses approved by the Tennessee Commission on CLE and nearly a dozen other states, with more to come.',1,1,'2025-04-09 09:22:34','2025-04-15 00:29:09',NULL),(4,'What is the format of Clearly Legal’s courses?','Clearly Legal courses are delivered as audio podcasts ranging from 15 to 60 minutes in length. Video podcast courses are in the works.',1,2,'2025-04-09 09:23:16','2025-04-15 00:29:03',NULL),(5,'Is Clearly Legal free?','Anyone can listen to any of our courses for free. But if you want CLE credit for listening, you’ll need an active subscription.',1,3,'2025-04-09 09:24:29','2025-04-15 00:28:56',NULL),(6,'How does reporting work? Do I have to sign a form or send anything in?','A Clearly Legal subscription includes automatic reporting of continuing education hours to the governing body. All that’s required of you is to listen to a course and click a button confirming that you want credit.',1,4,'2025-04-09 09:24:50','2025-04-15 00:28:48',NULL),(7,'What kinds of courses does Clearly Legal offer?','Clearly Legal offers courses in all practice areas, often drawing on current events and pop culture to create more engaging content.',1,5,'2025-04-09 09:25:08','2025-04-15 00:28:41',NULL),(8,'Is it true you have courses as varied as “What Is Sex Therapy?” and “Behind the Britney Spears Conservatorship”?','💯 We also have courses about stalkers, shakedowns, Michael Oher, and lots of other topics that lend themselves to interesting, engaging, and educational content.',1,6,'2025-04-09 09:25:46','2025-04-15 00:28:34',NULL),(9,'How do I become a speaker? Do I have to be a lawyer?','Definitely not — you don’t have to be a lawyer to join our faculty. We talk to all sorts of professionals and ask questions that lawyers will find helpful in their various practice areas.\r\n\r\nTo be a speaker, just <a href=\"/contact-us\">click here</a> to fill out the form, and we’ll get you on the calendar. There’s no preparation required. We do all the work and make the experience way more fun than speaking at a standard CLE. (We admit that bar is pretty low.)',1,7,'2025-04-09 09:26:07','2025-04-17 10:33:16',NULL),(10,'What’s this about free marketing?','After you appear on the show, we’ll send you a link to your episode that you can add to your website, share on social media, send to colleagues and referral sources, or do whatever your marketing requires. That’s our way of saying thank you for sharing your expertise and insights.',1,8,'2025-04-09 09:28:48','2025-04-15 00:28:19',NULL);

--
-- Table structure for table `firms`
--

CREATE TABLE `firms` (
  `id` int unsigned NOT NULL AUTO_INCREMENT,
  `name` varchar(255) CHARACTER SET utf8mb4 COLLATE utf8mb4_unicode_ci NOT NULL,
  `code` char(100) CHARACTER SET utf8mb4 COLLATE utf8mb4_unicode_ci DEFAULT NULL,
  `user_id` int unsigned NOT NULL DEFAULT '0',
  `address1` text CHARACTER SET utf8mb4 COLLATE utf8mb4_unicode_ci,
  `address2` text CHARACTER SET utf8mb4 COLLATE utf8mb4_unicode_ci,
  `city` varchar(255) CHARACTER SET utf8mb4 COLLATE utf8mb4_unicode_ci DEFAULT NULL,
  `state_id` int unsigned NOT NULL DEFAULT '0',
  `zipcode` varchar(255) CHARACTER SET utf8mb4 COLLATE utf8mb4_unicode_ci DEFAULT NULL,
  `country` varchar(255) CHARACTER SET utf8mb4 COLLATE utf8mb4_unicode_ci DEFAULT 'US',
  `billing_name` varchar(255) CHARACTER SET utf8mb4 COLLATE utf8mb4_unicode_ci DEFAULT NULL,
  `billing_email` varchar(255) CHARACTER SET utf8mb4 COLLATE utf8mb4_unicode_ci DEFAULT NULL,
  `sameasfirm` varchar(255) CHARACTER SET utf8mb4 COLLATE utf8mb4_unicode_ci NOT NULL DEFAULT '0',
  `billing_address1` text CHARACTER SET utf8mb4 COLLATE utf8mb4_unicode_ci,
  `billing_address2` text CHARACTER SET utf8mb4 COLLATE utf8mb4_unicode_ci,
  `billing_city` varchar(255) CHARACTER SET utf8mb4 COLLATE utf8mb4_unicode_ci DEFAULT NULL,
  `billing_state_id` int unsigned NOT NULL DEFAULT '0',
  `billing_zipcode` varchar(255) CHARACTER SET utf8mb4 COLLATE utf8mb4_unicode_ci DEFAULT NULL,
  `billing_country` varchar(255) CHARACTER SET utf8mb4 COLLATE utf8mb4_unicode_ci DEFAULT 'US',
  `user_subscription` varchar(255) CHARACTER SET utf8mb4 COLLATE utf8mb4_unicode_ci DEFAULT NULL,
  `firm_size` varchar(255) CHARACTER SET utf8mb4 COLLATE utf8mb4_unicode_ci DEFAULT NULL,
  `status` tinyint NOT NULL DEFAULT '0' COMMENT '0-Inactive,1-Active',
  `created_by` int unsigned NOT NULL DEFAULT '0',
  `updated_by` int unsigned NOT NULL DEFAULT '0',
  `created_at` timestamp NULL DEFAULT NULL,
  `updated_at` timestamp NULL DEFAULT NULL,
  `deleted_at` timestamp NULL DEFAULT NULL,
  PRIMARY KEY (`id`)
) ENGINE=InnoDB AUTO_INCREMENT=207 DEFAULT CHARSET=utf8mb4 COLLATE=utf8mb4_unicode_ci;

--
-- Dumping data for table `firms`
--

INSERT INTO `firms` VALUES (100,'',NULL,384,NULL,NULL,NULL,0,NULL,'US',NULL,NULL,'0',NULL,NULL,NULL,0,NULL,'US',NULL,NULL,0,0,0,'2024-07-13 10:38:27','2024-07-13 10:38:27',NULL),(101,'',NULL,385,NULL,NULL,NULL,0,NULL,'US',NULL,NULL,'0',NULL,NULL,NULL,0,NULL,'US',NULL,NULL,0,0,0,'2024-07-13 10:40:40','2024-07-13 10:40:40',NULL),(102,'Kernel Equity LLC','05pm',390,'801, 2nd Ave N. 3rd FLR',NULL,'Nashville',43,'37201','US','Rahul Upadhyay','rahul+billing@kernelequity.com','1','801, 2nd Ave N. 3rd FLR',NULL,'Nashville',43,'37201','US','all','6-20',1,356,356,'2024-07-14 07:16:40','2024-07-14 07:19:58',NULL),(103,'',NULL,391,NULL,NULL,NULL,0,NULL,'US',NULL,NULL,'0',NULL,NULL,NULL,0,NULL,'US',NULL,NULL,0,0,0,'2024-07-14 07:21:16','2024-07-14 07:21:16',NULL),(104,'',NULL,392,NULL,NULL,NULL,0,NULL,'US',NULL,NULL,'0',NULL,NULL,NULL,0,NULL,'US',NULL,NULL,0,390,390,'2024-07-16 03:09:43','2024-07-16 03:09:43',NULL),(105,'',NULL,393,NULL,NULL,NULL,0,NULL,'US',NULL,NULL,'0',NULL,NULL,NULL,0,NULL,'US',NULL,NULL,0,0,0,'2024-07-16 03:10:29','2024-07-16 03:10:29',NULL),(106,'',NULL,394,NULL,NULL,NULL,0,NULL,'US',NULL,NULL,'0',NULL,NULL,NULL,0,NULL,'US',NULL,NULL,0,390,390,'2024-07-16 03:11:07','2024-07-16 03:11:07',NULL),(107,'',NULL,395,NULL,NULL,NULL,0,NULL,'US',NULL,NULL,'0',NULL,NULL,NULL,0,NULL,'US',NULL,NULL,0,0,0,'2024-07-18 06:59:39','2024-07-18 06:59:39',NULL),(108,'',NULL,396,NULL,NULL,NULL,0,NULL,'US',NULL,NULL,'0',NULL,NULL,NULL,0,NULL,'US',NULL,NULL,0,0,0,'2024-07-30 15:19:02','2024-07-30 15:19:02',NULL),(109,'',NULL,397,NULL,NULL,NULL,0,NULL,'US',NULL,NULL,'0',NULL,NULL,NULL,0,NULL,'US',NULL,NULL,0,0,0,'2024-08-08 21:30:05','2024-08-08 21:30:05',NULL),(110,'',NULL,398,NULL,NULL,NULL,0,NULL,'US',NULL,NULL,'0',NULL,NULL,NULL,0,NULL,'US',NULL,NULL,0,0,0,'2024-08-14 00:57:53','2024-08-14 00:57:53',NULL),(111,'',NULL,399,NULL,NULL,NULL,0,NULL,'US',NULL,NULL,'0',NULL,NULL,NULL,0,NULL,'US',NULL,NULL,0,0,0,'2024-08-14 02:36:13','2024-08-14 02:36:13',NULL),(112,'',NULL,400,NULL,NULL,NULL,0,NULL,'US',NULL,NULL,'0',NULL,NULL,NULL,0,NULL,'US',NULL,NULL,0,0,0,'2024-08-14 05:32:37','2024-08-14 05:32:37',NULL),(113,'',NULL,401,NULL,NULL,NULL,0,NULL,'US',NULL,NULL,'0',NULL,NULL,NULL,0,NULL,'US',NULL,NULL,0,0,0,'2024-08-20 15:43:13','2024-08-20 15:43:13',NULL),(114,'CLEarly Legal','qa1o',403,'1 Vantage Way Suite C-250',NULL,'Nashville',43,'37228','US','accounts@kernelequity.com','accounts@kernelequity.com','1','1 Vantage Way Suite C-250',NULL,'Nashville',43,'37228','US','all','6-20',1,356,356,'2024-08-28 11:06:05','2024-08-28 11:07:38',NULL),(115,'',NULL,405,NULL,NULL,NULL,0,NULL,'US',NULL,NULL,'0',NULL,NULL,NULL,0,NULL,'US',NULL,NULL,0,0,0,'2024-09-05 13:07:46','2024-09-05 13:07:46',NULL),(116,'',NULL,406,NULL,NULL,NULL,0,NULL,'US',NULL,NULL,'0',NULL,NULL,NULL,0,NULL,'US',NULL,NULL,0,0,0,'2024-09-05 14:13:18','2024-09-05 14:13:18',NULL),(117,'MHPS Law','ejzy',407,'2122 21st Ave., S','test road','Nashville',43,'37212','US','Sean Martin','smartin@mhpslaw.com','1','2122 21st Ave., S','test road','Nashville',43,'37212','US','all','6-20',1,356,474,'2024-09-09 01:36:39','2025-05-28 13:50:34',NULL),(118,'',NULL,408,NULL,NULL,NULL,0,NULL,'US',NULL,NULL,'0',NULL,NULL,NULL,0,NULL,'US',NULL,NULL,0,0,0,'2024-09-09 08:19:18','2024-09-09 08:19:18',NULL),(119,'',NULL,409,NULL,NULL,NULL,0,NULL,'US',NULL,NULL,'0',NULL,NULL,NULL,0,NULL,'US',NULL,NULL,0,0,0,'2024-09-11 04:54:59','2024-09-11 04:54:59',NULL),(120,'',NULL,410,NULL,NULL,NULL,0,NULL,'US',NULL,NULL,'0',NULL,NULL,NULL,0,NULL,'US',NULL,NULL,0,407,407,'2024-09-11 10:10:04','2024-09-11 10:10:04',NULL),(121,'MHPS Law','ra0j',411,'1 Vantage Way','C-250','Nashville',43,'37228','US','Sean','gwen.nellis@kernelequity.com','0','1 Vantage Way','C-250','Nashville',43,'37228','US','all','6-20',0,402,402,'2024-09-12 12:33:40','2024-09-12 12:33:40',NULL),(122,'Ryan C. Davis Law, PLLC',NULL,412,'1224 2nd Ave S.','Suite 102','Nashville',43,'37210','US',NULL,NULL,'0',NULL,NULL,NULL,0,NULL,'US',NULL,NULL,0,0,412,'2024-09-12 15:39:29','2024-09-12 15:41:16',NULL),(123,'',NULL,413,NULL,NULL,NULL,0,NULL,'US',NULL,NULL,'0',NULL,NULL,NULL,0,NULL,'US',NULL,NULL,0,407,407,'2024-09-13 09:44:35','2024-09-13 09:44:35',NULL),(124,'',NULL,414,NULL,NULL,NULL,0,NULL,'US',NULL,NULL,'0',NULL,NULL,NULL,0,NULL,'US',NULL,NULL,0,407,407,'2024-09-13 09:48:43','2024-09-13 09:48:43',NULL),(125,'Joel Surber Law','vwfr',415,'01 First Street',NULL,'Nashville',43,'37212','US','Joel Surber','jsurber@tennlawfirm.com','1','01 First Street',NULL,'Nashville',43,'37212','US','all','2-5',1,356,356,'2024-09-13 10:00:27','2024-09-13 10:01:39',NULL),(126,'',NULL,416,NULL,NULL,NULL,0,NULL,'US',NULL,NULL,'0',NULL,NULL,NULL,0,NULL,'US',NULL,NULL,0,407,407,'2024-09-18 11:27:37','2024-09-18 11:27:37',NULL),(127,'',NULL,417,NULL,NULL,NULL,0,NULL,'US',NULL,NULL,'0',NULL,NULL,NULL,0,NULL,'US',NULL,NULL,0,407,407,'2024-09-18 11:29:37','2024-09-18 11:29:37',NULL),(128,'',NULL,418,NULL,NULL,NULL,0,NULL,'US',NULL,NULL,'0',NULL,NULL,NULL,0,NULL,'US',NULL,NULL,0,0,0,'2024-09-18 19:49:09','2024-09-18 19:49:09',NULL),(129,'PSP Law',NULL,419,'102 Cumberland St, Ashland City Tenn 37015',NULL,NULL,0,'37013','US',NULL,NULL,'0',NULL,NULL,NULL,0,NULL,'US',NULL,NULL,0,0,419,'2024-09-27 08:13:10','2024-09-27 08:18:43',NULL),(130,'',NULL,420,NULL,NULL,NULL,0,NULL,'US',NULL,NULL,'0',NULL,NULL,NULL,0,NULL,'US',NULL,NULL,0,0,0,'2024-09-30 09:26:48','2024-09-30 09:26:48',NULL),(131,'',NULL,421,NULL,NULL,NULL,0,NULL,'US',NULL,NULL,'0',NULL,NULL,NULL,0,NULL,'US',NULL,NULL,0,0,0,'2024-09-30 13:14:45','2024-09-30 13:14:45',NULL),(132,'',NULL,422,NULL,NULL,NULL,0,NULL,'US',NULL,NULL,'0',NULL,NULL,NULL,0,NULL,'US',NULL,NULL,0,0,0,'2024-09-30 17:46:24','2024-09-30 17:46:24',NULL),(133,'',NULL,423,NULL,NULL,NULL,0,NULL,'US',NULL,NULL,'0',NULL,NULL,NULL,0,NULL,'US',NULL,NULL,0,0,0,'2024-10-01 11:24:50','2024-10-01 11:24:50',NULL),(134,'',NULL,424,NULL,NULL,NULL,0,NULL,'US',NULL,NULL,'0',NULL,NULL,NULL,0,NULL,'US',NULL,NULL,0,0,0,'2024-10-01 11:37:30','2024-10-01 11:37:30',NULL),(135,'All Things Family Law',NULL,425,'231 Public Square','Suite 300','Franklin',43,'37064','US',NULL,NULL,'0',NULL,NULL,NULL,0,NULL,'US',NULL,NULL,0,0,425,'2024-10-02 17:42:56','2024-10-02 17:45:11',NULL),(136,'',NULL,426,NULL,NULL,NULL,0,NULL,'US',NULL,NULL,'0',NULL,NULL,NULL,0,NULL,'US',NULL,NULL,0,0,0,'2024-11-04 22:02:27','2024-11-04 22:02:27',NULL),(137,'',NULL,427,NULL,NULL,NULL,0,NULL,'US',NULL,NULL,'0',NULL,NULL,NULL,0,NULL,'US',NULL,NULL,0,0,0,'2024-11-08 12:37:16','2024-11-08 12:37:16',NULL),(138,'LAMB+G Law',NULL,429,'3100 West End Ave., Ste 250',NULL,'Nashville',43,'37023','US',NULL,NULL,'0',NULL,NULL,NULL,0,NULL,'US',NULL,NULL,0,0,429,'2024-11-15 12:11:43','2024-11-15 12:13:39',NULL),(139,'McCracken Kuhn Marks, PLLC',NULL,430,'4501 Charlotte Ave. #90743',NULL,'Nashville',43,'37209','US',NULL,NULL,'0',NULL,NULL,NULL,0,NULL,'US',NULL,NULL,0,0,430,'2024-11-22 06:16:19','2024-11-22 06:19:27',NULL),(140,'Spencer Fane Bone McAllester, PLC',NULL,431,'511 Union Street','Suite 1000','Nashville',43,'37219','US',NULL,NULL,'0',NULL,NULL,NULL,0,NULL,'US',NULL,NULL,0,0,431,'2024-12-27 06:30:32','2024-12-27 06:35:54',NULL),(141,'Nelson Mullins Riley & Scarborough LLP',NULL,432,'1222 Demonbreun Street','Suite 1700','Nashville',43,'37203','US',NULL,NULL,'0',NULL,NULL,NULL,0,NULL,'US',NULL,NULL,0,0,432,'2024-12-30 16:19:03','2024-12-30 16:20:33',NULL),(142,'',NULL,433,NULL,NULL,NULL,0,NULL,'US',NULL,NULL,'0',NULL,NULL,NULL,0,NULL,'US',NULL,NULL,0,0,0,'2025-01-03 16:07:10','2025-01-03 16:07:10',NULL),(143,'',NULL,434,NULL,NULL,NULL,0,NULL,'US',NULL,NULL,'0',NULL,NULL,NULL,0,NULL,'US',NULL,NULL,0,0,0,'2025-01-03 16:07:14','2025-01-03 16:07:14',NULL),(144,'',NULL,435,NULL,NULL,NULL,0,NULL,'US',NULL,NULL,'0',NULL,NULL,NULL,0,NULL,'US',NULL,NULL,0,407,407,'2025-01-15 09:17:46','2025-01-15 09:17:46',NULL),(145,'',NULL,436,NULL,NULL,NULL,0,NULL,'US',NULL,NULL,'0',NULL,NULL,NULL,0,NULL,'US',NULL,NULL,0,402,402,'2025-01-16 11:52:11','2025-01-16 11:52:11',NULL),(146,'Surber, Asher, Surber & Moushon, PLLC',NULL,437,'220 Athens Way, Suite 310',NULL,'Nashville',43,'37228','US',NULL,NULL,'0',NULL,NULL,NULL,0,NULL,'US',NULL,NULL,0,0,437,'2025-01-17 11:08:45','2025-01-17 11:10:01',NULL),(147,'Sean\'s Test Firm no. 2',NULL,438,NULL,NULL,NULL,43,NULL,'US',NULL,NULL,'0',NULL,NULL,NULL,0,NULL,'US',NULL,NULL,0,0,438,'2025-01-17 14:18:19','2025-01-17 14:19:52',NULL),(148,'',NULL,439,NULL,NULL,NULL,0,NULL,'US',NULL,NULL,'0',NULL,NULL,NULL,0,NULL,'US',NULL,NULL,0,0,0,'2025-01-17 14:30:50','2025-01-17 14:30:50',NULL),(149,'',NULL,440,NULL,NULL,NULL,0,NULL,'US',NULL,NULL,'0',NULL,NULL,NULL,0,NULL,'US',NULL,NULL,0,0,0,'2025-01-17 15:01:34','2025-01-17 15:01:34',NULL),(150,'',NULL,441,NULL,NULL,NULL,0,NULL,'US',NULL,NULL,'0',NULL,NULL,NULL,0,NULL,'US',NULL,NULL,0,0,0,'2025-01-17 19:49:39','2025-01-17 19:49:39',NULL),(151,'',NULL,442,NULL,NULL,NULL,0,NULL,'US',NULL,NULL,'0',NULL,NULL,NULL,0,NULL,'US',NULL,NULL,0,0,0,'2025-01-23 21:10:34','2025-01-23 21:10:34',NULL),(152,'Parsons McEntire McCleary',NULL,443,'1700 Pacific Ave.','Ste. 4400','Dallas',44,'75220','US',NULL,NULL,'0',NULL,NULL,NULL,0,NULL,'US',NULL,NULL,0,0,443,'2025-01-23 21:12:57','2025-01-23 21:14:26',NULL),(153,'Ryman Hospitality',NULL,444,'One Gaylord Drive',NULL,'Nashville',43,'37214','US',NULL,NULL,'0',NULL,NULL,NULL,0,NULL,'US',NULL,NULL,0,0,444,'2025-01-27 16:04:32','2025-01-27 16:05:33',NULL),(154,'',NULL,445,NULL,NULL,NULL,0,NULL,'US',NULL,NULL,'0',NULL,NULL,NULL,0,NULL,'US',NULL,NULL,0,0,0,'2025-02-12 18:32:54','2025-02-12 18:32:54',NULL),(155,'Keller, Turner, Andrews & Ghanem, PLLC',NULL,446,'20 Music Square West, Suite 200',NULL,'Nashville',43,'37203','US',NULL,NULL,'0',NULL,NULL,NULL,0,NULL,'US',NULL,NULL,0,0,446,'2025-02-21 10:02:45','2025-02-21 10:04:09',NULL),(156,'',NULL,447,NULL,NULL,NULL,0,NULL,'US',NULL,NULL,'0',NULL,NULL,NULL,0,NULL,'US',NULL,NULL,0,0,0,'2025-02-21 16:40:44','2025-02-21 16:40:44',NULL),(157,'Sean Test from Macbook Pro',NULL,448,'2122 21st Ave',NULL,'Nashville',43,'37212','US',NULL,NULL,'0',NULL,NULL,NULL,0,NULL,'US',NULL,NULL,0,0,448,'2025-02-25 11:24:13','2025-02-25 11:25:38',NULL),(158,'Kernel Equity',NULL,450,'1 Vantage Way','C-250','Nashville',43,'37228','US',NULL,NULL,'0',NULL,NULL,NULL,0,NULL,'US',NULL,NULL,0,402,450,'2025-03-06 15:36:09','2025-03-06 15:37:18',NULL),(159,'',NULL,451,NULL,NULL,NULL,0,NULL,'US',NULL,NULL,'0',NULL,NULL,NULL,0,NULL,'US',NULL,NULL,0,0,0,'2025-03-07 09:36:56','2025-03-07 09:36:56',NULL),(160,'',NULL,452,NULL,NULL,NULL,0,NULL,'US',NULL,NULL,'0',NULL,NULL,NULL,0,NULL,'US',NULL,NULL,0,0,0,'2025-03-07 10:34:25','2025-03-07 10:34:25',NULL),(161,'',NULL,453,NULL,NULL,NULL,0,NULL,'US',NULL,NULL,'0',NULL,NULL,NULL,0,NULL,'US',NULL,NULL,0,0,0,'2025-03-19 06:30:11','2025-03-19 06:30:11',NULL),(162,'',NULL,454,NULL,NULL,NULL,0,NULL,'US',NULL,NULL,'0',NULL,NULL,NULL,0,NULL,'US',NULL,NULL,0,0,0,'2025-03-19 06:40:34','2025-03-19 06:40:34',NULL),(163,'',NULL,455,NULL,NULL,NULL,0,NULL,'US',NULL,NULL,'0',NULL,NULL,NULL,0,NULL,'US',NULL,NULL,0,0,0,'2025-03-20 00:15:00','2025-03-20 00:15:00',NULL),(164,'',NULL,456,NULL,NULL,NULL,0,NULL,'US',NULL,NULL,'0',NULL,NULL,NULL,0,NULL,'US',NULL,NULL,0,0,0,'2025-03-22 16:22:59','2025-03-22 16:22:59',NULL),(165,'',NULL,457,NULL,NULL,NULL,0,NULL,'US',NULL,NULL,'0',NULL,NULL,NULL,0,NULL,'US',NULL,NULL,0,0,0,'2025-03-26 15:10:24','2025-03-26 15:10:24',NULL),(166,'',NULL,458,NULL,NULL,NULL,0,NULL,'US',NULL,NULL,'0',NULL,NULL,NULL,0,NULL,'US',NULL,NULL,0,0,0,'2025-03-26 15:12:21','2025-03-26 15:12:21',NULL),(167,'',NULL,459,NULL,NULL,NULL,0,NULL,'US',NULL,NULL,'0',NULL,NULL,NULL,0,NULL,'US',NULL,NULL,0,0,0,'2025-03-27 14:42:46','2025-03-27 14:42:46',NULL),(168,'',NULL,460,NULL,NULL,NULL,0,NULL,'US',NULL,NULL,'0',NULL,NULL,NULL,0,NULL,'US',NULL,NULL,0,0,0,'2025-04-01 11:09:01','2025-04-01 11:09:01',NULL),(169,'Spicer Rudstrom, PLLC',NULL,461,'220 Athens Way, Suite 405',NULL,'Nashville',43,'37228','US',NULL,NULL,'0',NULL,NULL,NULL,0,NULL,'US',NULL,NULL,0,0,461,'2025-04-01 13:17:26','2025-04-01 13:20:23',NULL),(170,'',NULL,462,NULL,NULL,NULL,0,NULL,'US',NULL,NULL,'0',NULL,NULL,NULL,0,NULL,'US',NULL,NULL,0,0,0,'2025-04-02 14:53:08','2025-04-02 14:53:08',NULL),(171,'',NULL,463,NULL,NULL,NULL,0,NULL,'US',NULL,NULL,'0',NULL,NULL,NULL,0,NULL,'US',NULL,NULL,0,0,0,'2025-04-08 07:11:44','2025-04-08 07:11:44',NULL),(172,'',NULL,464,NULL,NULL,NULL,0,NULL,'US',NULL,NULL,'0',NULL,NULL,NULL,0,NULL,'US',NULL,NULL,0,0,0,'2025-04-11 04:29:04','2025-04-11 04:29:04',NULL),(173,'',NULL,465,NULL,NULL,NULL,0,NULL,'US',NULL,NULL,'0',NULL,NULL,NULL,0,NULL,'US',NULL,NULL,0,0,0,'2025-04-11 16:38:02','2025-04-11 16:38:02',NULL),(174,'',NULL,466,NULL,NULL,NULL,0,NULL,'US',NULL,NULL,'0',NULL,NULL,NULL,0,NULL,'US',NULL,NULL,0,0,0,'2025-04-14 09:14:07','2025-04-14 09:14:07',NULL),(175,'',NULL,467,NULL,NULL,NULL,0,NULL,'US',NULL,NULL,'0',NULL,NULL,NULL,0,NULL,'US',NULL,NULL,0,0,0,'2025-04-15 01:36:58','2025-04-15 01:36:58',NULL),(176,'',NULL,468,NULL,NULL,NULL,0,NULL,'US',NULL,NULL,'0',NULL,NULL,NULL,0,NULL,'US',NULL,NULL,0,0,0,'2025-04-29 11:30:40','2025-04-29 11:30:40',NULL),(177,'',NULL,469,NULL,NULL,NULL,0,NULL,'US',NULL,NULL,'0',NULL,NULL,NULL,0,NULL,'US',NULL,NULL,0,0,0,'2025-04-29 11:31:31','2025-04-29 11:31:31',NULL),(178,'',NULL,470,NULL,NULL,NULL,0,NULL,'US',NULL,NULL,'0',NULL,NULL,NULL,0,NULL,'US',NULL,NULL,0,404,404,'2025-05-07 14:56:09','2025-05-07 14:56:09',NULL),(179,'',NULL,471,NULL,NULL,NULL,0,NULL,'US',NULL,NULL,'0',NULL,NULL,NULL,0,NULL,'US',NULL,NULL,0,0,0,'2025-05-09 00:34:35','2025-05-09 00:34:35',NULL),(180,'',NULL,472,NULL,NULL,NULL,0,NULL,'US',NULL,NULL,'0',NULL,NULL,NULL,0,NULL,'US',NULL,NULL,0,0,0,'2025-05-09 00:44:39','2025-05-09 00:44:39',NULL),(181,'',NULL,473,NULL,NULL,NULL,0,NULL,'US',NULL,NULL,'0',NULL,NULL,NULL,0,NULL,'US',NULL,NULL,0,0,0,'2025-05-09 00:49:26','2025-05-09 00:49:26',NULL),(182,'',NULL,475,NULL,NULL,NULL,0,NULL,'US',NULL,NULL,'0',NULL,NULL,NULL,0,NULL,'US',NULL,NULL,0,0,0,'2025-05-16 10:30:20','2025-05-16 10:30:20',NULL),(183,'',NULL,476,NULL,NULL,NULL,0,NULL,'US',NULL,NULL,'0',NULL,NULL,NULL,0,NULL,'US',NULL,NULL,0,0,0,'2025-05-16 10:33:53','2025-05-16 10:33:53',NULL),(184,'',NULL,477,NULL,NULL,NULL,0,NULL,'US',NULL,NULL,'0',NULL,NULL,NULL,0,NULL,'US',NULL,NULL,0,0,0,'2025-05-18 08:21:48','2025-05-18 08:21:48',NULL),(185,'',NULL,478,NULL,NULL,NULL,0,NULL,'US',NULL,NULL,'0',NULL,NULL,NULL,0,NULL,'US',NULL,NULL,0,0,0,'2025-05-18 08:22:28','2025-05-18 08:22:28',NULL),(186,'',NULL,479,NULL,NULL,NULL,0,NULL,'US',NULL,NULL,'0',NULL,NULL,NULL,0,NULL,'US',NULL,NULL,0,0,0,'2025-05-20 12:05:39','2025-05-20 12:05:39',NULL),(187,'',NULL,480,NULL,NULL,NULL,0,NULL,'US',NULL,NULL,'0',NULL,NULL,NULL,0,NULL,'US',NULL,NULL,0,0,0,'2025-05-31 13:35:14','2025-05-31 13:35:14',NULL),(188,'',NULL,483,NULL,NULL,NULL,0,NULL,'US',NULL,NULL,'0',NULL,NULL,NULL,0,NULL,'US',NULL,NULL,0,0,0,'2025-06-08 12:17:26','2025-06-08 12:17:26',NULL),(189,'',NULL,484,NULL,NULL,NULL,0,NULL,'US',NULL,NULL,'0',NULL,NULL,NULL,0,NULL,'US',NULL,NULL,0,0,0,'2025-06-29 23:42:18','2025-06-29 23:42:18',NULL),(190,'',NULL,485,NULL,NULL,NULL,0,NULL,'US',NULL,NULL,'0',NULL,NULL,NULL,0,NULL,'US',NULL,NULL,0,474,474,'2025-08-27 09:35:36','2025-08-27 09:35:36',NULL),(191,'',NULL,486,NULL,NULL,NULL,0,NULL,'US',NULL,NULL,'0',NULL,NULL,NULL,0,NULL,'US',NULL,NULL,0,0,0,'2025-09-01 00:03:33','2025-09-01 00:03:33',NULL),(192,'',NULL,487,NULL,NULL,NULL,0,NULL,'US',NULL,NULL,'0',NULL,NULL,NULL,0,NULL,'US',NULL,NULL,0,0,0,'2025-09-01 03:43:03','2025-09-01 03:43:03',NULL),(193,'',NULL,488,NULL,NULL,NULL,0,NULL,'US',NULL,NULL,'0',NULL,NULL,NULL,0,NULL,'US',NULL,NULL,0,0,0,'2025-09-01 06:21:18','2025-09-01 06:21:18',NULL),(194,'',NULL,489,NULL,NULL,NULL,0,NULL,'US',NULL,NULL,'0',NULL,NULL,NULL,0,NULL,'US',NULL,NULL,0,0,0,'2025-09-02 00:50:59','2025-09-02 00:50:59',NULL),(195,'',NULL,490,NULL,NULL,NULL,0,NULL,'US',NULL,NULL,'0',NULL,NULL,NULL,0,NULL,'US',NULL,NULL,0,0,0,'2025-09-02 02:25:33','2025-09-02 02:25:33',NULL),(196,'',NULL,491,NULL,NULL,NULL,0,NULL,'US',NULL,NULL,'0',NULL,NULL,NULL,0,NULL,'US',NULL,NULL,0,0,0,'2025-09-02 07:32:57','2025-09-02 07:32:57',NULL),(197,'',NULL,492,NULL,NULL,NULL,0,NULL,'US',NULL,NULL,'0',NULL,NULL,NULL,0,NULL,'US',NULL,NULL,0,0,0,'2025-09-02 09:22:43','2025-09-02 09:22:43',NULL),(198,'',NULL,493,NULL,NULL,NULL,0,NULL,'US',NULL,NULL,'0',NULL,NULL,NULL,0,NULL,'US',NULL,NULL,0,0,0,'2025-09-02 09:25:03','2025-09-02 09:25:03',NULL),(199,'',NULL,494,NULL,NULL,NULL,0,NULL,'US',NULL,NULL,'0',NULL,NULL,NULL,0,NULL,'US',NULL,NULL,0,0,0,'2025-09-04 02:37:19','2025-09-04 02:37:19',NULL),(200,'',NULL,495,NULL,NULL,NULL,0,NULL,'US',NULL,NULL,'0',NULL,NULL,NULL,0,NULL,'US',NULL,NULL,0,0,0,'2025-09-04 06:58:40','2025-09-04 06:58:40',NULL),(201,'',NULL,496,NULL,NULL,NULL,0,NULL,'US',NULL,NULL,'0',NULL,NULL,NULL,0,NULL,'US',NULL,NULL,0,0,0,'2025-09-05 03:39:22','2025-09-05 03:39:22',NULL),(202,'',NULL,497,NULL,NULL,NULL,0,NULL,'US',NULL,NULL,'0',NULL,NULL,NULL,0,NULL,'US',NULL,NULL,0,0,0,'2025-09-05 10:37:35','2025-09-05 10:37:35',NULL),(203,'',NULL,498,NULL,NULL,NULL,0,NULL,'US',NULL,NULL,'0',NULL,NULL,NULL,0,NULL,'US',NULL,NULL,0,0,0,'2025-09-08 23:56:29','2025-09-08 23:56:29',NULL),(204,'',NULL,499,NULL,NULL,NULL,0,NULL,'US',NULL,NULL,'0',NULL,NULL,NULL,0,NULL,'US',NULL,NULL,0,0,0,'2025-09-08 23:58:25','2025-09-08 23:58:25',NULL),(205,'',NULL,500,NULL,NULL,NULL,0,NULL,'US',NULL,NULL,'0',NULL,NULL,NULL,0,NULL,'US',NULL,NULL,0,0,0,'2025-09-09 00:27:28','2025-09-09 00:27:28',NULL),(206,'',NULL,501,NULL,NULL,NULL,0,NULL,'US',NULL,NULL,'0',NULL,NULL,NULL,0,NULL,'US',NULL,NULL,0,0,0,'2025-09-10 06:24:30','2025-09-10 06:24:30',NULL);

--
-- Temporary view structure for view `ip_trackers`
--

/*!50001 DROP VIEW IF EXISTS `ip_trackers`*/;
/*!50001 CREATE VIEW `ip_trackers` AS SELECT 
 1 AS `id`,
 1 AS `session_id`,
 1 AS `user_id`,
 1 AS `model`,
 1 AS `activity`,
 1 AS `pk_id`,
 1 AS `data`,
 1 AS `ip_address`,
 1 AS `created_at`,
 1 AS `updated_at`*/;

--
-- Table structure for table `lessons`
--

CREATE TABLE `lessons` (
  `id` int unsigned NOT NULL AUTO_INCREMENT,
  `course_id` int unsigned NOT NULL DEFAULT '0',
  `name` varchar(255) CHARACTER SET utf8mb4 COLLATE utf8mb4_unicode_ci DEFAULT NULL,
  `slug` varchar(255) CHARACTER SET utf8mb4 COLLATE utf8mb4_unicode_ci DEFAULT NULL,
  `lesson_type` int NOT NULL DEFAULT '1',
  `order_id` int NOT NULL DEFAULT '1',
  `icon` varchar(255) CHARACTER SET utf8mb4 COLLATE utf8mb4_unicode_ci DEFAULT NULL,
  `status` tinyint NOT NULL DEFAULT '0' COMMENT '0-Inactive,1-Active',
  `author_visible` tinyint NOT NULL DEFAULT '1' COMMENT '0-Inactive,1-Active',
  `created_by` int unsigned NOT NULL DEFAULT '0',
  `updated_by` int unsigned NOT NULL DEFAULT '0',
  `created_at` timestamp NULL DEFAULT NULL,
  `updated_at` timestamp NULL DEFAULT NULL,
  `deleted_at` timestamp NULL DEFAULT NULL,
  PRIMARY KEY (`id`)
) ENGINE=InnoDB DEFAULT CHARSET=utf8mb4 COLLATE=utf8mb4_unicode_ci;

--
-- Dumping data for table `lessons`
--


--
-- Table structure for table `licenses`
--

CREATE TABLE `licenses` (
  `id` bigint unsigned NOT NULL AUTO_INCREMENT,
  `name` varchar(255) CHARACTER SET utf8mb4 COLLATE utf8mb4_unicode_ci DEFAULT NULL,
  `category_id` int unsigned DEFAULT NULL,
  `expiration_date` date DEFAULT NULL,
  `user_id` int unsigned DEFAULT NULL,
  `created_by` int unsigned DEFAULT '0',
  `updated_by` int unsigned DEFAULT '0',
  `created_at` timestamp NULL DEFAULT NULL,
  `updated_at` timestamp NULL DEFAULT NULL,
  `deleted_at` timestamp NULL DEFAULT NULL,
  PRIMARY KEY (`id`)
) ENGINE=InnoDB DEFAULT CHARSET=utf8mb4 COLLATE=utf8mb4_unicode_ci;

--
-- Dumping data for table `licenses`
--


--
-- Table structure for table `members`
--

CREATE TABLE `members` (
  `id` bigint unsigned NOT NULL AUTO_INCREMENT,
  `name` varchar(255) CHARACTER SET utf8mb4 COLLATE utf8mb4_unicode_ci DEFAULT NULL,
  `description` mediumtext CHARACTER SET utf8mb4 COLLATE utf8mb4_unicode_ci,
  `image` varchar(255) CHARACTER SET utf8mb4 COLLATE utf8mb4_unicode_ci DEFAULT NULL,
  `status` tinyint NOT NULL DEFAULT '1' COMMENT '0- Inactive,1-Active',
  `created_by` int unsigned NOT NULL DEFAULT '0',
  `updated_by` int unsigned NOT NULL DEFAULT '0',
  `created_at` timestamp NULL DEFAULT NULL,
  `updated_at` timestamp NULL DEFAULT NULL,
  `deleted_at` timestamp NULL DEFAULT NULL,
  PRIMARY KEY (`id`)
) ENGINE=InnoDB AUTO_INCREMENT=5 DEFAULT CHARSET=utf8mb4 COLLATE=utf8mb4_unicode_ci;

--
-- Dumping data for table `members`
--

INSERT INTO `members` VALUES (1,'Sean Martin','<p><span style=\"white-space-collapse: preserve;\">Sean focuses his practice on Family Law, where he offers compassionate guidance and effective representation. A certified Rule 31 family law mediator, Sean assists clients in navigating sensitive family matters with clarity and respect, advocating for positive resolutions and protecting clients&rsquo; best interests.</span></p>','93b3bea125d226e3f97a9e23ad7cbfe05e044de0b3183e73a94b80e0fc8a0bae56111bffcd27d7fa9fd4d2ff0fd17fe792135bce941efd7a99fc436566052101.png',1,1,1,'2025-01-24 03:01:08','2025-02-10 03:24:20',NULL),(2,'Joel Surber','<p><span style=\"white-space-collapse: preserve;\">Joel\'s practice encompasses a broad range of litigation areas, including Tort and Personal Injury, Premises Liability Defense, Motorcycle Injury, Products Liability, Insurance Law, Collections, Construction Defect, and Commercial Litigation. His extensive experience in these fields ensures clients receive informed, strategic counsel tailored to their specific needs.<br /></span></p>','39371bd2e9afda5928721a1b319b9d58e1a638017e010cb2eeb44ec1ad14808a4cce0f5011214ba126bba8d521ce0495e99a6e55c3a8c685988099b946ffea6b.png',1,1,1,'2025-01-24 03:01:39','2025-02-10 03:24:38',NULL),(3,'Debby Sapp','<p><span style=\"white-space-collapse: preserve;\">Debby is the CFO and partner at Kernel Equity, with extensive experience in finance and accounting across various industries, including healthcare and music. At Kernel, she focuses on managing financial strategies for portfolio companies, including overseeing key financial operations and facilitating successful business exits.</span></p>','cbaaacf970f262decb26871882583fbae0cc95230fbeece25b8b31573f0b9175efb1168937f56e61a44510ecebe3bd2df45ba4e666f7cab97188b82ab7fd73dd.png',1,1,1,'2025-01-24 03:01:59','2025-02-10 03:25:10',NULL),(4,'Test Member','<p><span style=\"font-family: \'Open Sans\', Arial, sans-serif; font-size: 14px; text-align: justify; background-color: #ffffff;\">Contrary to popular belief, Lorem Ipsum is not simply random text. It has roots in a piece of classical Latin literature from 45 BC, making it over 2000 years old. Richard McClintock, a Latin professor at Hampden-Sydney College in Virginia, looked up one of the more obscure Latin words, consectetur, from a Lorem Ipsum passage, and going through the cites of the word in classical literature, discovered the undoubtable source. Lorem Ipsum comes from sections 1.10.32 and 1.10.33 of \"de Finibus Bonorum et Malorum\" (The Extremes of Good and Evil) by Cicero, written in 45 BC. This book is a treatise on the theory of ethics, very popular during the Renaissance. The first line of Lorem Ipsum, \"Lorem ipsum dolor sit amet..\", comes from a line in section 1.10.32.</span></p>','222963644db3a66341780de5d0722f18a0f353d27484dfb5ffd76628044ecf30154ef9414cf345fae459aa93a923bf99bdf44393c1ff1daf96472d8cbae49627.jpg',0,1,1,'2025-01-28 06:07:43','2025-01-28 07:27:49','2025-01-28 07:27:49');

--
-- Table structure for table `menus`
--

CREATE TABLE `menus` (
  `id` int unsigned NOT NULL AUTO_INCREMENT,
  `title` char(100) CHARACTER SET utf8mb4 COLLATE utf8mb4_unicode_ci NOT NULL,
  `route_name` varchar(255) CHARACTER SET utf8mb4 COLLATE utf8mb4_unicode_ci NOT NULL,
  `params` char(255) CHARACTER SET utf8mb4 COLLATE utf8mb4_unicode_ci DEFAULT NULL,
  `icon` varchar(255) CHARACTER SET utf8mb4 COLLATE utf8mb4_unicode_ci DEFAULT NULL,
  `imageurl` varchar(255) CHARACTER SET utf8mb4 COLLATE utf8mb4_unicode_ci DEFAULT NULL,
  `type` enum('Admin','Front') CHARACTER SET utf8mb4 COLLATE utf8mb4_unicode_ci NOT NULL,
  `parent_id` int unsigned NOT NULL DEFAULT '0',
  `display_order` int unsigned NOT NULL,
  `status` tinyint NOT NULL DEFAULT '1',
  `created_by` int unsigned NOT NULL DEFAULT '0',
  `updated_by` int unsigned NOT NULL DEFAULT '0',
  `created_at` timestamp NULL DEFAULT NULL,
  `updated_at` timestamp NULL DEFAULT NULL,
  `deleted_at` timestamp NULL DEFAULT NULL,
  PRIMARY KEY (`id`)
) ENGINE=InnoDB AUTO_INCREMENT=25 DEFAULT CHARSET=utf8mb4 COLLATE=utf8mb4_unicode_ci;

--
-- Dumping data for table `menus`
--

INSERT INTO `menus` VALUES (1,'Dashboard','dashboard',NULL,'icon-dashboard-icon','assets/admin/images/cms/dashboard.svg','Admin',0,1,1,1,1,'2019-10-29 18:30:00','2019-10-29 18:30:00',NULL),(2,'Users','user.index',NULL,'icon-person-icon','assets/admin/images/cms/user.svg','Admin',0,2,1,1,1,'2019-10-29 18:30:00','2019-10-29 18:30:00',NULL),(3,'Admin Users','user.index',NULL,'icon-person-icon','assets/admin/images/cms/user.svg','Admin',2,2,1,1,1,'2019-10-29 18:30:00','2019-10-29 18:30:00',NULL),(4,'App Users','student.list',NULL,'icon-person-icon','assets/admin/images/cms/user.svg','Admin',2,2,1,1,1,'2019-10-29 18:30:00','2019-10-29 18:30:00',NULL),(5,'Pages','page.index',NULL,'icon-files-empty','assets/admin/images/cms/pages.svg','Admin',15,7,1,1,1,'2019-10-29 18:30:00','2019-10-29 18:30:00',NULL),(6,'Firm','firm.index',NULL,'icon-files-empty','assets/admin/images/cms/firm.svg','Admin',0,7,1,1,1,'2019-10-29 18:30:00','2019-10-29 18:30:00',NULL),(7,'Bars','bar.index',NULL,'icon-files-empty','assets/admin/images/cms/bar.svg','Admin',0,7,1,1,1,'2019-10-29 18:30:00','2019-10-29 18:30:00',NULL),(8,'Content Management','content.index',NULL,'icon-files-empty','assets/admin/images/cms/contents.svg','Admin',0,7,1,1,1,'2019-10-29 18:30:00','2019-10-29 18:30:00',NULL),(9,'Submissions','submissions.index',NULL,'icon-files-empty','assets/admin/images/cms/submissions.svg','Admin',0,8,1,1,1,'2019-10-29 18:30:00','2019-10-29 18:30:00',NULL),(10,'Subscriptions','subscriptions.index',NULL,'icon-files-empty','assets/admin/images/cms/subscriptions.svg','Admin',0,8,1,1,1,'2019-10-29 18:30:00','2019-10-29 18:30:00',NULL),(11,'Support Inquires','support.index',NULL,'icon-files-empty','assets/admin/images/cms/support.svg','Admin',0,8,1,1,1,'2019-10-29 18:30:00','2019-10-29 18:30:00',NULL),(12,'IP Tracker','iptracker.index',NULL,'icon-settings-icon','assets/admin/images/cms/iptracker.svg','Admin',0,13,1,1,1,'2019-10-29 18:30:00','2019-10-29 18:30:00',NULL),(13,'Contact us','contact-us.index',NULL,'icon-files-empty','assets/admin/images/cms/contact.svg','Admin',0,199,1,1,1,'2019-10-29 18:30:00','2019-10-29 18:30:00',NULL),(14,'Settings','site-config','a:1:{s:6:\"module\";s:6:\"global\";}','icon-settings-icon','assets/admin/images/cms/setting.svg','Admin',0,200,1,1,1,'2019-10-29 18:30:00','2019-10-29 18:30:00',NULL),(15,'Website','page.index',NULL,'icon-dashboard-icon','assets/admin/images/cms/dashboard.svg','Admin',0,3,1,1,1,'2025-02-10 03:11:13','2025-02-10 03:11:13',NULL),(16,'News','news.index',NULL,'icon-dashboard-icon','assets/admin/images/cms/dashboard.svg','Admin',15,7,1,1,1,'2025-02-10 03:11:13','2025-02-10 03:11:13',NULL),(17,'Press Releases','releases.index',NULL,'icon-dashboard-icon','assets/admin/images/cms/dashboard.svg','Admin',15,7,1,1,1,'2025-02-10 03:11:13','2025-02-10 03:11:13',NULL),(18,'Faculty','faculty.index',NULL,'icon-dashboard-icon','assets/admin/images/cms/dashboard.svg','Admin',15,7,1,1,1,'2025-02-10 03:11:13','2025-02-10 03:11:13',NULL),(19,'Members','members.index',NULL,'icon-dashboard-icon','assets/admin/images/cms/dashboard.svg','Admin',15,7,1,1,1,'2025-02-10 03:11:13','2025-02-10 03:11:13',NULL),(20,'Podcast Statistics','podcast.index',NULL,'icon-dashboard-icon','assets/admin/images/cms/dashboard.svg','Admin',21,4,1,1,1,'2025-04-08 02:47:54','2025-04-08 02:47:54',NULL),(21,'Website Analytics','page.index',NULL,'icon-dashboard-icon','assets/admin/images/cms/dashboard.svg','Admin',0,4,1,1,1,'2025-04-08 02:47:54','2025-04-08 02:47:54',NULL),(22,'Events Management','events.index',NULL,'icon-dashboard-icon','assets/admin/images/cms/dashboard.svg','Admin',21,7,1,1,1,'2025-04-08 02:47:54','2025-04-08 02:47:54',NULL),(23,'Faculty Inquiries','facultyinquiry.index',NULL,'icon-dashboard-icon','assets/admin/images/cms/contact.svg','Admin',0,199,1,1,1,'2025-04-08 02:48:32','2025-04-08 02:48:32',NULL),(24,'FAQs','faqs.index',NULL,'icon-dashboard-icon','assets/admin/images/cms/dashboard.svg','Admin',15,7,1,1,1,'2025-04-09 03:44:19','2025-04-09 03:44:19',NULL);

--
-- Table structure for table `migrations`
--

CREATE TABLE `migrations` (
  `id` int unsigned NOT NULL AUTO_INCREMENT,
  `migration` varchar(255) CHARACTER SET utf8mb4 COLLATE utf8mb4_unicode_ci NOT NULL,
  `batch` int NOT NULL,
  PRIMARY KEY (`id`)
) ENGINE=InnoDB AUTO_INCREMENT=222 DEFAULT CHARSET=utf8mb4 COLLATE=utf8mb4_unicode_ci;

--
-- Dumping data for table `migrations`
--

INSERT INTO `migrations` VALUES (1,'2016_06_01_000001_create_oauth_auth_codes_table',1),(2,'2016_06_01_000002_create_oauth_access_tokens_table',1),(3,'2016_06_01_000003_create_oauth_refresh_tokens_table',1),(4,'2016_06_01_000004_create_oauth_clients_table',1),(5,'2016_06_01_000005_create_oauth_personal_access_clients_table',1),(6,'2018_08_08_100000_create_telescope_entries_table',1),(7,'2019_12_04_224746_create_activity_logs_table',1),(8,'2019_12_04_235927_create_contacts_table',1),(9,'2019_12_05_002932_create_faqs_table',1),(10,'2019_12_05_005947_create_menus_table',1),(11,'2019_12_05_010434_create_pages_table',1),(12,'2019_12_05_012417_create_password_resets_table',1),(13,'2019_12_05_025615_create_site_configs_table',1),(14,'2019_12_05_030828_create_sliders_table',1),(15,'2019_12_05_031557_create_testimonials_table',1),(16,'2019_12_05_032021_create_user_types_table',1),(17,'2019_12_05_032214_create_users_table',1),(18,'2019_12_05_034638_login_logout_report_update',1),(19,'2019_12_05_034640_create_app_user_authorizations_table',1),(21,'2021_06_08_013836_add_index_keys_on_activity_logs_table',1),(22,'2021_09_22_013028_alter_sliders_table',1),(23,'2022_07_19_034653_create_activity_log_archives_table',1),(24,'2023_01_03_215733_create_course_categories_table',1),(25,'2023_01_04_042043_create_courses_table',1),(26,'2023_01_04_045100_alter_course_table_add_additional_columns',1),(27,'2023_01_05_062853_alter_user_table',1),(28,'2023_01_05_063539_create_states_table',1),(29,'2023_01_05_065350_insert_states_records',1),(30,'2023_01_06_030033_create_license_table',1),(31,'2023_01_06_042042_create_user_documents_table',1),(32,'2023_01_08_220346_create_course_category_references_table',1),(33,'2023_01_09_025344_create_course_approvals_table',1),(34,'2023_01_12_230449_alter_course_category_table',1),(35,'2023_01_10_222049_create_block_masters_table',2),(36,'2023_01_10_222859_run_block_master_seeder',3),(37,'2023_01_10_223454_create_question_type_masters_table',3),(38,'2023_01_10_223857_run_question_type_master_seeder',3),(39,'2023_01_11_043458_create_lessons_table',3),(40,'2023_01_19_023928_alter_course_table_add_show_author',4),(41,'2023_01_19_060817_alter_course_table_add_certificate_sent_email',5),(42,'2023_01_20_025132_create_course_blocks_table',6),(43,'2023_01_20_065211_alter_block_master_table_add_description_parent_id',6),(44,'2023_01_23_012513_alter_lessons_table_add_author',6),(45,'2023_01_24_061147_create_user_roles_table',6),(46,'2023_01_24_222005_alter_course_blocks_add_order_id',6),(47,'2023_01_30_062536_alter_lessons_table_add_slug',7),(48,'2023_01_25_015249_create_bundle_courses_table',8),(49,'2023_01_25_021016_create_bundle_course_reference',8),(50,'2023_02_01_045305_create_bundle_course_category_reference',8),(51,'2023_02_02_011106_alter_user_type_table',9),(52,'2023_02_02_055445_insert_default_user_types_into_usertype_table',10),(53,'2023_02_03_041632_delete_bundle_course_category_references',11),(54,'2023_02_07_040048_create_certificates_table',12),(55,'2023_02_08_214405_create_certificate_element_tables',13),(56,'2023_02_09_063124_create_groups_table',14),(57,'2023_02_09_224139_create_group_members_table',14),(58,'2023_02_07_113532_alter_user_table_preferedmethod',15),(59,'2023_02_09_073635_alter_license_table_expiration_dt',15),(60,'2023_02_10_040930_alter_user_documents_table_title',15),(61,'2023_02_23_040052_create_helps_table',16),(62,'2023_02_23_043830_create_help_messages_table',16),(63,'2023_02_28_025713_enrol_course_xref',17),(64,'2023_03_03_033433_mail_seeder',18),(65,'2023_03_06_224204_create_coupons_table',19),(66,'2023_03_09_004307_create_transactions_table',1),(67,'2023_03_13_080521_alter_course_table_with_type',20),(68,'2023_03_14_012643_alter_enrol_course_table',21),(69,'2023_03_16_053313_alter_enrol_course_xref_table_with_comptiondt',22),(70,'2023_03_15_235808_alter_transactions_table',23),(71,'2023_03_17_011213_alter_enrol_course_xref_table_with_viewcnt',24),(72,'2023_03_17_012808_alter_course_with_idletime',24),(73,'2023_03_21_081816_alter_contact_table',25),(74,'2023_04_04_113443_alter_block_master_blocktype',26),(75,'2023_04_03_033145_add_category_id_to_course_approvals_table',27),(76,'2023_04_12_230353_add_category_id_to_licenses_table',28),(77,'2023_04_24_001508_alter_courseblocks_quizdata',29),(78,'2023_04_26_072432_add_redirect_url_to_user_types_table',30),(79,'2023_04_27_034048_lesson_media',31),(80,'2023_05_16_015234_create_quiz_submited',32),(81,'2023_05_16_050115_add_enroll_amount_to_enrol_course_references',33),(82,'2023_05_19_023954_alter_quiz_submit_table',34),(83,'2023_05_23_052101_alter_enrol_course_reference',35),(84,'2023_06_01_082304_alter_transaction_nullable_company',36),(88,'2023_06_07_071816_create_surveys_table',37),(89,'2023_06_09_021751_add_ssn_to_users',37),(90,'2023_06_09_060523_create_security_questions_table',38),(91,'2023_06_09_061751_create_security_answers_table',38),(92,'2023_06_13_013850_alter_survey_question_order_id_column',38),(93,'2023_06_19_050942_create_survey_submits',39),(94,'2023_06_19_072928_alter_correct_answer_for_survey',39),(95,'2023_06_20_140333_alter_questionid_for_surveysubmitquestion',40),(96,'2023_06_19_235740_add_payment_before_enrollment_to_courses_table',41),(97,'2023_06_22_085919_alter_course_table_securityquestion',42),(98,'2023_06_23_012104_alter_enrolcours_table_securityquestionlastcall',42),(99,'2023_06_26_104213_alter_survey_question_table_required',43),(100,'2023_07_06_063827_add_proctoring_flags',44),(101,'2023_07_09_233241_create_captures_table',45),(102,'2023_07_12_233840_alter_transaction_table_nullable',46),(103,'2023_08_21_080717_alter_users_table_with_firmcode',47),(104,'2023_08_28_073122_alter_user_subscription_status',48),(105,'2023_09_01_005956_create_firm_table',48),(106,'2023_09_11_074231_user_alter_securitycode',48),(107,'2023_09_14_080304_firm_alter_code',49),(108,'2023_09_22_005956_create_bar_table',50),(110,'2023_09_28_041128_create_bar_user_xref',51),(111,'2023_10_04_041128_create_practicearea',52),(112,'2023_10_04_073122_alter_user_profilechanges',52),(113,'2023_10_16_020034_add_col_refer_code_to_users_table',53),(116,'2023_10_18_004606_remove_refer_columns_from_users_table',55),(117,'2023_10_18_005827_create_categories_table',56),(120,'2023_10_25_035115_change_col_type_upload_file_to_text',57),(121,'2023_12_27_021018_add_col_stripe_product_id_to_bars_table',58),(122,'2024_01_03_073751_add_col_firm_approved_status_to_users_table',58),(123,'2024_01_03_074233_create_firm_approved_statuses_table',58),(124,'2024_01_04_011020_change_col_status_of_users_table',58),(125,'2024_01_09_073018_create_subscriptions_table',58),(126,'2024_01_10_004409_add_col_stripe_customer_id_to_users_table',58),(127,'2023_09_27_005956_create_content_table',59),(128,'2023_10_17_010952_change_approved_state_to_string_in_contents',59),(129,'2023_10_18_020653_add_col_category_id_to_contents_table',59),(130,'2023_10_20_020633_add_col_image_to_contents_table',59),(131,'2024_02_07_022046_contact_us',60),(132,'2024_02_08_220427_update_fileds_in_content_table',60),(133,'2024_02_08_232423_rename_fileds_in_content_table',60),(134,'2024_02_14_222242_rename_fileds_in_content_table',60),(135,'2024_02_14_230852_provider_users',60),(136,'2024_02_15_222455_contents_states',60),(137,'2024_02_16_005315_remove_fileds_from_contents_table',60),(138,'2024_02_19_000643_create_content_upload_table',60),(139,'2024_02_22_061824_add_deleted_at_to_content_upload',60),(140,'2024_02_25_220601_create_content_listeners_table',60),(141,'2024_02_26_215104_rename_content_state_state_id',60),(142,'2024_02_26_223926_create_user_credits_table',60),(143,'2024_03_05_044653_add_stripe_id_fileds_added_to_bar_table',60),(144,'2024_03_06_231217_alter_scbscription_table',60),(145,'2024_03_08_042622_change_user_credits_table',60),(146,'2024_04_17_052331_add_comment_filed_in_contact_us_table',61),(147,'2024_04_21_233250_usertable_firmdata_remove',62),(148,'2024_04_23_055501_add_newfield_inbaruserreferencesispaid',62),(149,'2024_04_24_004149_create_submissions_table',62),(150,'2024_04_24_070842_subscriptions_filed_type',62),(151,'2024_04_26_005106_add_content_id_to_submissions_table',62),(152,'2024_04_26_005106_add_submission_id_to_user_credits_table',62),(153,'2024_04_30_070401_insert_submissions_into_menu_table',63),(154,'2024_05_02_015634_subscription_renewal_manage',64),(155,'2024_05_03_044616_add_subscription_autorenwal_columns',64),(156,'2024_05_08_033412_subscription_canceled_manage',65),(157,'2024_05_13_000131_update_column_type_content_listeners',65),(158,'2024_05_13_000154_update_column_type_content_upload',65),(159,'2024_05_15_042631_insert_subscriptions_into_menu_table',65),(160,'2024_05_16_235356_drop_firm_approved_statuses_table',65),(161,'2024_05_24_005539_add_field_deleted_at_submission_table',66),(162,'2024_05_30_044805_create_support_table',67),(163,'2024_06_04_034700_submission_statuses',68),(164,'2020_03_17_055743_create_ip_trackers',69),(165,'2024_07_12_002355_create_practice_area',70),(166,'2024_07_12_024256_data_seeder',71),(167,'2024_08_13_101515_add_columns_to_contents_table',72),(168,'2024_09_26_030306_content_upload',73),(169,'2024_11_05_064957_insert_instagram_into_siteconfig',74),(170,'2024_11_18_043945_insert_google_tag_mg_into_siteconfig',75),(171,'2025_01_10_074516_add_field_approved_on_in_submissions_table',76),(172,'2025_01_16_055447_add_field_approved_by_in_submissions_table',76),(173,'2025_01_17_023109_insert_activationemailtoadmin_into_siteconfig',76),(174,'2025_01_18_043013_create_faculty_table',76),(175,'2025_01_18_043911_create_releases_table',76),(176,'2025_01_18_044157_create_news_table',76),(177,'2025_01_18_044657_add_news_releases_faculty_in_menu_table',76),(178,'2025_01_20_001025_insert_pricing_in_site_config_table',76),(179,'2025_01_21_041723_insert_into_pages_table',76),(180,'2025_01_24_003242_create_members_table',76),(181,'2025_01_24_004554_add_member_in_menu_table',76),(182,'2025_01_24_005941_insert_count_for_website_in_site_configs_table',76),(183,'2025_01_24_054119_add_column_display_order_in_faculty',76),(184,'2025_01_24_090853_update_version_to_releases_on_in_release_table',76),(185,'2025_01_26_234212_update_display_order_for_faculty',76),(186,'2025_01_27_032013_insert_brand_product_in_site_configs',76),(187,'2025_01_27_040630_update_release_name_to_press_releases_in_menu',76),(188,'2025_01_31_044155_add_column_couponcode_in_subscriptions',76),(189,'2025_01_31_044155_add_column_promocode_in_subscriptions',76),(190,'2025_02_04_233341_add_completed_at_field_in_content_listerners_table',76),(191,'2025_02_06_053629_add_profile_url_column_in_faculty_table',76),(192,'2025_02_07_002527_add_firm_name_column_to_faculty_table',76),(193,'2025_01_30_030806_create_archives_table',77),(194,'2025_02_12_031606_add_record_into_archives_table',77),(195,'2025_03_19_041309_create_podcast_statistics_table',78),(196,'2025_03_19_042328_add_podcast_statistics_in_menu_table',78),(197,'2025_03_25_081111_add_fields_to_podcast_statistics_table',78),(198,'2025_03_26_033927_add_size_column_to_content_upload_table',78),(199,'2025_04_02_005457_create_podcast_ref_speakers_table',78),(200,'2025_04_07_004510_create_table_qr_code_events',78),(201,'2025_04_07_004542_create_table_qr_code_statistics',78),(202,'2025_04_07_010638_insert_into_qr_code_events_table',78),(203,'2025_04_07_025327_add_event_statistics_into_menu_table_____',78),(204,'2025_04_07_045251_create_faculty_inquiries_table',78),(205,'2025_04_08_005549_add_podcast_statistics_to_website_analytics_parent_menu',78),(206,'2025_04_09_003942_create_f_a_qs_table',79),(207,'2025_04_09_012447_add_faqs_to_menus_table',79),(208,'2025_04_10_015240_add_stripe_discount_id_into_site_config_table',80),(209,'2025_04_11_033743_add_subscription_popup_options_in_site_config',80),(210,'2025_04_14_015614_update_fields_to_nullable',80),(211,'2025_04_14_061049_add_deletedat_in_faqs_table',80),(212,'2025_04_16_052744_add_stripe_promotional_code_to_site_configs_table',81),(213,'2025_04_03_065410_add_slug_in_faculty_table',82),(214,'2025_04_29_000309_add_indexes_to_content_and_related_tables',82),(215,'2025_04_30_003259_add_column_temp_expire_date_in_contents_table',82),(216,'2025_04_30_012956_add_index_to_expire_date_in_contents_table',82),(217,'2025_05_06_034506_add_column_email_to_faculty_table',82),(218,'2025_05_08_052528_add_api_pagination_into_siteconfig',83),(219,'2025_05_20_000726_add_index_to_content_listeners_table',83),(220,'2025_05_26_043920_add_title_crc32_to_contents_table',83),(221,'2025_06_04_043110_add_show_only_current_members_app_users_into_site_configs',83);

--
-- Table structure for table `news`
--

CREATE TABLE `news` (
  `id` bigint unsigned NOT NULL AUTO_INCREMENT,
  `title` varchar(255) CHARACTER SET utf8mb4 COLLATE utf8mb4_unicode_ci DEFAULT NULL,
  `slug` varchar(255) CHARACTER SET utf8mb4 COLLATE utf8mb4_unicode_ci NOT NULL,
  `description` mediumtext CHARACTER SET utf8mb4 COLLATE utf8mb4_unicode_ci,
  `author` varchar(255) CHARACTER SET utf8mb4 COLLATE utf8mb4_unicode_ci DEFAULT NULL,
  `banner` varchar(255) CHARACTER SET utf8mb4 COLLATE utf8mb4_unicode_ci DEFAULT NULL,
  `status` tinyint NOT NULL DEFAULT '1' COMMENT '0- Inactive,1-Active',
  `created_by` int unsigned NOT NULL DEFAULT '0',
  `updated_by` int unsigned NOT NULL DEFAULT '0',
  `created_at` timestamp NULL DEFAULT NULL,
  `updated_at` timestamp NULL DEFAULT NULL,
  `deleted_at` timestamp NULL DEFAULT NULL,
  PRIMARY KEY (`id`)
) ENGINE=InnoDB AUTO_INCREMENT=5 DEFAULT CHARSET=utf8mb4 COLLATE=utf8mb4_unicode_ci;

--
-- Dumping data for table `news`
--

INSERT INTO `news` VALUES (1,'Eligendi officia est','eligendi-officia-est','<p>Lorem ipsum dolor sit amet, consectetur adipiscing elit, sed do eiusmod tempor incididunt ut labore et dolore magna aliqua. Ut enim ad minim veniam, quis nostrud exercitation ullamco laboris nisi ut aliquip ex ea commodo consequat. Duis aute irure dolor in reprehenderit in voluptate velit esse cillum dolore eu fugiat nulla pariatur. Excepteur sint occaecat cupidatat non proident, sunt in culpa qui officia deserunt mollit anim id est laborum.</p>','Soluta sit non non','15e1ec948baeecc520453d8a446d6fd30d7f63e15e7cd29c8ef0ba02350a27f040c74c97d737d4b3e36d207ea50a8c8c39e21bdf5061b34744c1e2209ed89146.png',1,1,1,'2025-01-20 01:27:28','2025-01-28 04:41:41','2025-01-28 04:41:41'),(2,'Dolores officia id','dolores-officia-id-c','<p>Lorem ipsum dolor sit amet, consectetur adipiscing elit, sed do eiusmod tempor incididunt ut labore et dolore magna aliqua. Ut enim ad minim veniam, quis nostrud exercitation ullamco laboris nisi ut aliquip ex ea commodo consequat. Duis aute irure dolor in reprehenderit in voluptate velit esse cillum dolore eu fugiat nulla pariatur. Excepteur sint occaecat cupidatat non proident, sunt in culpa qui officia deserunt mollit anim id est laborum.</p>','Commodi amet quia a','78efb6c990f55fe339775fca4e661f4ab74b4f371df3e6f4c11c2aaabce68655cd07d4f677b8710079d5a4825405be8825cc3639f13167290dcb65aeacfeeec2.jpg',0,1,1,'2025-01-20 01:27:42','2025-04-02 02:52:34','2025-04-02 02:52:34'),(3,'Test News','test-news','<p><strong style=\"margin: 0px; padding: 0px; font-family: \'Open Sans\', Arial, sans-serif; font-size: 14px; text-align: justify; background-color: #ffffff;\">Lorem Ipsum</strong><span style=\"font-family: \'Open Sans\', Arial, sans-serif; font-size: 14px; text-align: justify; background-color: #ffffff;\"> is simply dummy text of the printing and typesetting industry. Lorem Ipsum has been the industry\'s standard dummy text ever since the 1500s, when an unknown printer took a galley of type and scrambled it to make a type specimen book. It has survived not only five centuries, but also the leap into electronic typesetting, remaining essentially unchanged. It was popularised in the 1960s with the release of Letraset sheets containing Lorem Ipsum passages, and more recently with desktop publishing software like Aldus PageMaker including versions of Lorem Ipsum.&nbsp;</span></p>','Adam Hirsch','c04b7c162ac31445e06cafed2ee1c86095aa014a0c452a2063f7a8d4d0feb204c3e289664542e85659be0a9605c9726b6b8b18fe471cc48999a92359e523bca3.jpg',0,1,1,'2025-01-28 04:31:15','2025-02-10 03:50:00','2025-02-10 03:50:00'),(4,'Kernel Equity Launches CLEarly Legal: A Game-Changing CLE-by-Podcast App','kernel-equity-launches-clearly-legal-a-game-changing-cle-by-podcast-app','<p dir=\"ltr\" style=\"line-height: 1.38; margin-top: 0pt; margin-bottom: 0pt;\"><span style=\"font-size: 11pt; font-family: Arial,sans-serif; color: #000000; background-color: #ffffff; font-weight: 400; font-style: normal; font-variant: normal; text-decoration: none; vertical-align: baseline; white-space: pre-wrap;\">Nashville, TN &ndash; November 8th, 2024 &ndash; Kernel Equity, an equity firm based in Nashville, partners with local attorneys <strong>Sean Martin and Joel Surber,</strong> is proud to announce the launch of CLEarly Legal, an innovative app designed to streamline the process for lawyers to submit their Continuing Legal Education (CLE) hours to Bar Associations.</span></p>\r\n<p dir=\"ltr\" style=\"line-height: 1.38; margin-top: 0pt; margin-bottom: 0pt;\">&nbsp;</p>\r\n<p dir=\"ltr\" style=\"line-height: 1.38; margin-top: 0pt; margin-bottom: 0pt;\"><span style=\"font-size: 11pt; font-family: Arial,sans-serif; color: #000000; background-color: #ffffff; font-weight: 400; font-style: normal; font-variant: normal; text-decoration: none; vertical-align: baseline; white-space: pre-wrap;\">In an era where technology continues to reshape traditional practices, CLEarly Legal harnesses the power of podcasts to create an engaging and efficient learning experience for legal professionals. </span><span style=\"font-size: 10.5pt; font-family: Roboto,sans-serif; color: #000000; background-color: #ffffff; font-weight: 400; font-style: normal; font-variant: normal; text-decoration: none; vertical-align: baseline; white-space: pre-wrap;\">The app features an extensive library of curated content from top industry experts, allowing users to easily earn CLE credits through simple submissions.</span></p>\r\n<p dir=\"ltr\" style=\"line-height: 1.38; margin-top: 0pt; margin-bottom: 0pt;\">&nbsp;</p>\r\n<p dir=\"ltr\" style=\"line-height: 1.38; margin-top: 0pt; margin-bottom: 0pt;\"><strong><span style=\"font-size: 11pt; font-family: Arial, sans-serif; color: #000000; background-color: #ffffff; font-style: normal; font-variant: normal; text-decoration: none; vertical-align: baseline; white-space: pre-wrap;\">Key Features of CLEarly Legal:</span></strong></p>\r\n<ul style=\"margin-top: 0; margin-bottom: 0; padding-inline-start: 48px;\">\r\n<li dir=\"ltr\" style=\"list-style-type: disc; font-size: 11pt; font-family: Arial,sans-serif; color: #000000; background-color: transparent; font-weight: 400; font-style: normal; font-variant: normal; text-decoration: none; vertical-align: baseline; white-space: normal;\" aria-level=\"1\">\r\n<p dir=\"ltr\" style=\"line-height: 1.38; margin-top: 0pt; margin-bottom: 0pt;\" role=\"presentation\"><span style=\"font-size: 11pt; font-family: Arial,sans-serif; color: #000000; background-color: #ffffff; font-weight: 400; font-style: normal; font-variant: normal; text-decoration: none; vertical-align: baseline; white-space: normal;\"><strong>Seamless Submission:</strong> Credit for completed CLE hours reported automatically.</span></p>\r\n</li>\r\n<li dir=\"ltr\" style=\"list-style-type: disc; font-size: 11pt; font-family: Arial,sans-serif; color: #000000; background-color: transparent; font-weight: 400; font-style: normal; font-variant: normal; text-decoration: none; vertical-align: baseline; white-space: normal;\" aria-level=\"1\">\r\n<p dir=\"ltr\" style=\"line-height: 1.38; margin-top: 0pt; margin-bottom: 0pt;\" role=\"presentation\"><span style=\"font-size: 11pt; font-family: Arial,sans-serif; color: #000000; background-color: #ffffff; font-weight: 400; font-style: normal; font-variant: normal; text-decoration: none; vertical-align: baseline; white-space: normal;\"><strong>Diverse Content Library:</strong> Featuring a wide range of topics from practice-management to current events, CLEarly Legal ensures that legal professionals stay updated on the latest trends, challenges, and best practices.</span></p>\r\n</li>\r\n<li dir=\"ltr\" style=\"list-style-type: disc; font-size: 11pt; font-family: Arial,sans-serif; color: #000000; background-color: transparent; font-weight: 400; font-style: normal; font-variant: normal; text-decoration: none; vertical-align: baseline; white-space: normal;\" aria-level=\"1\">\r\n<p dir=\"ltr\" style=\"line-height: 1.38; margin-top: 0pt; margin-bottom: 0pt;\" role=\"presentation\"><span style=\"font-size: 11pt; font-family: Arial,sans-serif; color: #000000; background-color: #ffffff; font-weight: 400; font-style: normal; font-variant: normal; text-decoration: none; vertical-align: baseline; white-space: normal;\"><strong>User-Friendly Interface:</strong> Designed with busy attorneys in mind, the app provides a straightforward and intuitive experience for tracking and submitting CLE credits.</span></p>\r\n</li>\r\n<li dir=\"ltr\" style=\"list-style-type: disc; font-size: 11pt; font-family: Arial,sans-serif; color: #000000; background-color: transparent; font-weight: 400; font-style: normal; font-variant: normal; text-decoration: none; vertical-align: baseline; white-space: normal;\" aria-level=\"1\">\r\n<p dir=\"ltr\" style=\"line-height: 1.38; margin-top: 0pt; margin-bottom: 0pt;\" role=\"presentation\"><span style=\"font-size: 11pt; font-family: Arial,sans-serif; color: #000000; background-color: #ffffff; font-weight: 400; font-style: normal; font-variant: normal; text-decoration: none; vertical-align: baseline; white-space: normal;\"><strong>Saving Money:</strong> Attorneys save money and billable hours by taking CLE when and where it&rsquo;s convenient for them.&nbsp;</span></p>\r\n</li>\r\n</ul>\r\n<p dir=\"ltr\" style=\"line-height: 1.38; margin-top: 0pt; margin-bottom: 0pt;\">&nbsp;</p>\r\n<p dir=\"ltr\" style=\"line-height: 1.38; margin-top: 0pt; margin-bottom: 0pt;\"><span style=\"font-size: 11pt; font-family: Arial,sans-serif; color: #000000; background-color: #ffffff; font-weight: 400; font-style: normal; font-variant: normal; text-decoration: none; vertical-align: baseline; white-space: pre-wrap;\">&ldquo;CLEarly Legal is more than just an app; it&rsquo;s a revolution in how legal professionals engage with their continuing education. We&rsquo;re making it easier than ever to stay current, connect with peers, and submit hours on the go,&rdquo; said Sean Martin, co-founder. &ldquo;Our goal is to empower lawyers to take charge of their learning journey, wherever they are.&rdquo;</span></p>\r\n<p dir=\"ltr\" style=\"line-height: 1.38; margin-top: 0pt; margin-bottom: 0pt;\">&nbsp;</p>\r\n<p dir=\"ltr\" style=\"line-height: 1.38; margin-top: 0pt; margin-bottom: 0pt;\"><span style=\"font-size: 11pt; font-family: Arial,sans-serif; color: #000000; background-color: #ffffff; font-weight: 400; font-style: normal; font-variant: normal; text-decoration: none; vertical-align: baseline; white-space: pre-wrap;\"><strong>Joel Surber, co-founder</strong>, added, &ldquo;At CLEarly Legal, we believe that continuing legal education should be as accessible and dynamic as the legal landscape itself. Our podcast platform empowers users to easily engage with top-notch content and seamlessly track their learning journey, transforming how lawyers earn their CLE hours.&rdquo;</span></p>\r\n<p dir=\"ltr\" style=\"line-height: 1.38; margin-top: 0pt; margin-bottom: 0pt;\">&nbsp;</p>\r\n<p dir=\"ltr\" style=\"line-height: 1.38; margin-top: 0pt; margin-bottom: 0pt;\"><span style=\"font-size: 11pt; font-family: Arial,sans-serif; color: #000000; background-color: transparent; font-weight: 400; font-style: normal; font-variant: normal; text-decoration: none; vertical-align: baseline; white-space: pre-wrap;\">CLEarly Legal is now available for download on both iOS and Android devices as</span><span style=\"font-size: 10.5pt; font-family: Arial,sans-serif; color: #0e0e0e; background-color: transparent; font-weight: 400; font-style: normal; font-variant: normal; text-decoration: none; vertical-align: baseline; white-space: pre-wrap;\"> well as accessible through the web portal. Lawyers can seamlessly switch between platforms without losing their progress, allowing them to enhance their professional development while simplifying the CLE submission process.</span></p>\r\n<p dir=\"ltr\" style=\"line-height: 1.38; margin-top: 0pt; margin-bottom: 0pt;\">&nbsp;</p>\r\n<p dir=\"ltr\" style=\"line-height: 1.38; margin-top: 0pt; margin-bottom: 0pt;\"><span style=\"font-size: 11pt; font-family: Arial,sans-serif; color: #000000; background-color: transparent; font-weight: 400; font-style: normal; font-variant: normal; text-decoration: none; vertical-align: baseline; white-space: pre-wrap;\">For more information about CLEarly Legal, visit clearly.legal or contact:</span></p>\r\n<p dir=\"ltr\" style=\"line-height: 1.38; margin-top: 0pt; margin-bottom: 0pt;\"><span style=\"font-size: 11pt; font-family: Arial,sans-serif; color: #000000; background-color: transparent; font-weight: 400; font-style: normal; font-variant: normal; text-decoration: none; vertical-align: baseline; white-space: pre-wrap;\">Media Contact: </span><strong><span style=\"font-size: 11pt; font-family: Arial, sans-serif; color: #000000; background-color: transparent; font-style: normal; font-variant: normal; text-decoration: none; vertical-align: baseline; white-space: pre-wrap;\">Gwen Nellis</span></strong></p>\r\n<p dir=\"ltr\" style=\"line-height: 1.38; margin-top: 0pt; margin-bottom: 0pt;\"><span style=\"font-size: 11pt; font-family: Arial,sans-serif; color: #000000; background-color: transparent; font-weight: 400; font-style: normal; font-variant: normal; text-decoration: none; vertical-align: baseline; white-space: pre-wrap;\">Senior Associate, Product</span></p>\r\n<p dir=\"ltr\" style=\"line-height: 1.38; margin-top: 0pt; margin-bottom: 0pt;\"><span style=\"font-size: 11pt; font-family: Arial,sans-serif; color: #000000; background-color: transparent; font-weight: 400; font-style: normal; font-variant: normal; text-decoration: none; vertical-align: baseline; white-space: pre-wrap;\">Kernel Equity</span></p>\r\n<p dir=\"ltr\" style=\"line-height: 1.38; margin-top: 0pt; margin-bottom: 0pt;\"><a href=\"mailto:contact@clearly.legal\"><span style=\"font-size: 11pt; font-family: Arial,sans-serif; color: #000000; background-color: transparent; font-weight: 400; font-style: normal; font-variant: normal; text-decoration: none; vertical-align: baseline; white-space: pre-wrap;\">contact@clearly.legal</span></a></p>\r\n<p>&nbsp;</p>\r\n<p dir=\"ltr\" style=\"line-height: 1.38; margin-top: 0pt; margin-bottom: 0pt;\"><strong><span style=\"font-size: 11pt; font-family: Arial, sans-serif; color: #000000; background-color: transparent; font-style: normal; font-variant: normal; text-decoration: none; vertical-align: baseline; white-space: pre-wrap;\">About Kernel Equity</span></strong></p>\r\n<p dir=\"ltr\" style=\"line-height: 1.38; margin-top: 0pt; margin-bottom: 0pt;\"><span style=\"font-size: 11pt; font-family: Arial,sans-serif; color: #000000; background-color: transparent; font-weight: 400; font-style: normal; font-variant: normal; text-decoration: none; vertical-align: baseline; white-space: pre-wrap;\">Kernel founded in 2017 by <strong>Peter Marcum, Debby Sapp and Todd McCullough</strong>, we believe that too much emphasis is placed on &ldquo;raising money.&rdquo; When investment funding becomes the primary scorecard, crucial balance is often lost. By combining bottom-up street smarts with top-down strategic thinking, we guide our clients to quickly achieve breakeven, uncover their core value (the Kernel) for customers, and craft a robust business model. Additionally, we assist in developing a compelling technology platform. This balanced, breakthrough approach instills greater confidence and leverage, empowering our clients to attract smart investment and optimize its use effectively.</span></p>\r\n<p>&nbsp;</p>','Sean Martin','d38546379df889a68b667eacb3bb1de92d992bdc63b21aa3f6bbda45e8adc000511ccc3544faa353ba242c9294cdc394514b2d851a5747cb168f18185f3bc71c.jpg',1,1,356,'2024-11-08 21:39:07','2025-04-08 10:06:40',NULL);

--
-- Table structure for table `oauth_access_tokens`
--

CREATE TABLE `oauth_access_tokens` (
  `id` varchar(100) CHARACTER SET utf8mb4 COLLATE utf8mb4_unicode_ci NOT NULL,
  `user_id` bigint unsigned DEFAULT NULL,
  `client_id` bigint unsigned NOT NULL,
  `name` varchar(255) CHARACTER SET utf8mb4 COLLATE utf8mb4_unicode_ci DEFAULT NULL,
  `scopes` text CHARACTER SET utf8mb4 COLLATE utf8mb4_unicode_ci,
  `revoked` tinyint(1) NOT NULL,
  `created_at` timestamp NULL DEFAULT NULL,
  `updated_at` timestamp NULL DEFAULT NULL,
  `expires_at` datetime DEFAULT NULL,
  PRIMARY KEY (`id`),
  KEY `oauth_access_tokens_user_id_index` (`user_id`)
) ENGINE=InnoDB DEFAULT CHARSET=utf8mb4 COLLATE=utf8mb4_unicode_ci;

--
-- Dumping data for table `oauth_access_tokens`
--

INSERT INTO `oauth_access_tokens` VALUES ('0034709cff57c23dcf479ea45ad7d41626399247f902bb2eda8295a532b1e5764f5711f03efe9358',175,2,NULL,'[\"*\"]',0,'2023-11-03 02:50:01','2023-11-03 02:50:01','2023-11-03 03:20:01'),('003c8e2a6e2dbb186cac7ddca9ba27eceb3c234425c0cd0c01be30b10802a6cfa4f35237c6fc76ca',164,2,NULL,'[\"*\"]',1,'2023-10-12 00:16:01','2023-10-12 00:16:07','2023-10-12 00:46:01'),('004323e12f3c9f6cc5c631a1e5f9cc2531000da05142f4588ba88c2c007e7e9f9c991e5db0eb1f17',146,2,NULL,'[\"*\"]',0,'2023-09-22 06:25:17','2023-09-22 06:25:17','2023-09-22 06:55:17'),('00ae7383e1e15869a43988e2cab79f0f4e0942f503c6bd22df36f2b89d9a52b138d65497ca226b97',171,2,NULL,'[\"*\"]',0,'2023-11-02 11:22:06','2023-11-02 11:22:06','2023-11-02 11:52:06'),('00b479d85984e3670e934b672da167e90ec7ab2c4fdbe6cf7e86b48aa06833b83bc8fd2aa3348bc6',146,2,NULL,'[\"*\"]',0,'2023-10-19 04:47:18','2023-10-19 04:47:18','2023-10-19 05:17:18'),('010116b007d632387c143a94b5f7d4a357d9309493d8cb6eb1aa0d87a29433e1d19b5052b809441c',156,2,NULL,'[\"*\"]',1,'2023-10-13 02:14:41','2023-10-13 02:30:39','2023-10-13 02:44:41'),('01500d5c6ad66f2c5c20acf076f8513d477bc1c36e9d292c58eff4ca0524c111905b77701604d9e8',156,2,NULL,'[\"*\"]',0,'2023-10-12 13:54:49','2023-10-12 13:54:49','2023-10-12 14:24:49'),('01db4fe736b234815940ab04f5e71da073cbd39f15afe0ec042b7fb20048400d337f4b271bd6388a',149,2,NULL,'[\"*\"]',0,'2023-09-25 06:31:10','2023-09-25 06:31:10','2023-09-25 07:01:10'),('01dbacee35c9665869eebccec2a3fc9ab2c854710cde1e8401de3d7bbe3e7708f798f22d63f3720e',147,2,NULL,'[\"*\"]',0,'2023-10-11 06:17:44','2023-10-11 06:17:44','2023-10-11 06:47:44'),('0230e8dd58607015722549be96e1290b67ec2740d6565fdd0aa40d57e12c99b347b35e6f5e5ec5ac',146,2,NULL,'[\"*\"]',0,'2023-10-18 02:06:03','2023-10-18 02:06:03','2023-10-18 02:36:03'),('024c1b737fa0ba80e6f83bab9ffdc6ba7432bf4131e90db3194d69daeed2f5b1dbbdb9cf5da971a7',175,2,NULL,'[\"*\"]',0,'2023-11-03 08:30:38','2023-11-03 08:30:38','2023-11-03 09:00:38'),('02a53c58aa04cb0e410d94b0dc74411cdd72c64d6b1eb25c358de4693384536be5944f2ce010c377',202,2,NULL,'[\"*\"]',0,'2023-11-16 02:33:20','2023-11-16 02:33:20','2023-11-16 03:03:20'),('04106a50de120c6ba576f72bd2a385c392c1a86563b9a1b33d39a1e779cc516ebf9bf02214140394',287,2,NULL,'[\"*\"]',1,'2024-05-27 02:37:51','2024-05-27 02:37:56','2024-07-26 02:38:51'),('04b44df7228b50ebcc8d1b3c03a91a042ed163fb9ce6edc95155c41121768822b1a8af2b7f6078f7',171,2,NULL,'[\"*\"]',0,'2023-11-02 15:23:40','2023-11-02 15:23:40','2023-11-02 15:53:40'),('04c0c2b9dcd5ca7a5514061d63239787484c9f049abd16dffc69adb52f57f76e85b5ecc37de11566',173,2,NULL,'[\"*\"]',0,'2023-11-21 00:52:11','2023-11-21 00:52:11','2023-11-21 01:22:11'),('051948a053efb671a205efceb779d112c3ee17a55b30c08f8e68e43946e66ee77afc5c146d9b74d5',166,2,NULL,'[\"*\"]',0,'2023-10-25 04:01:16','2023-10-25 04:01:16','2023-10-25 04:31:16'),('054042422b0a21e84e81bd9d2c00818aac7de44ee5bc504869bd65017f7c7f30821374f6d0d8e222',173,2,NULL,'[\"*\"]',0,'2023-11-09 02:33:33','2023-11-09 02:33:33','2023-11-09 03:03:33'),('05b54b6ffb1d1d45bf1ea0b3a69aa95107523a32c6668262baa7f6728036f873bd9e8fc98ec1ccf8',423,6,NULL,'[\"*\"]',0,'2024-10-01 12:51:29','2024-10-01 12:51:29','2024-11-30 12:52:29'),('0617e3f942c104bc05f0a58737d9d95eff67cbdef160d59135884436bda8b45f30c14e4188a64ced',198,2,NULL,'[\"*\"]',1,'2023-11-15 22:41:37','2023-11-15 23:01:36','2023-11-15 23:11:37'),('069fb7d9dda294d2f5b19346e46f8647e478ca85bb0d022f86f3c123a274183e8d284d6e849db2ae',205,2,NULL,'[\"*\"]',0,'2023-11-16 04:03:41','2023-11-16 04:03:41','2023-11-16 04:33:41'),('06efd9e6d28f6e505997a5fd458483cb5437387296d5727840d3309e38ad4b011bdb796af9a896c0',394,6,NULL,'[\"*\"]',0,'2025-10-03 10:44:04','2025-10-03 10:44:04','2025-12-02 10:45:04'),('0718f2047e06323e0bbb4364c9f2c9e154cda229fdc413d451ce0b9fc64efcc6913adde0c58a317a',166,2,NULL,'[\"*\"]',0,'2023-10-30 00:28:58','2023-10-30 00:28:58','2023-10-30 00:58:58'),('0726fe130ed214df992593ef6a3b94cbb64e5466c19850c5a4325ed109aad6c3733f7dcb86538b1b',316,2,NULL,'[\"*\"]',0,'2024-05-29 10:21:45','2024-05-29 10:21:45','2024-07-28 10:22:45'),('07d4d00f8704dc00947e73f33d44e781acfbd678059c3c4816eaa5f7cb8ab7a6164defe6d4399d99',267,2,NULL,'[\"*\"]',1,'2024-05-15 07:52:02','2024-05-16 06:49:29','2024-07-14 07:53:02'),('086ca1bb00891684c7c2864c90ebc865b7e23594bca1737c8770165faa9f2d7c172c2581eaca7c02',196,2,NULL,'[\"*\"]',0,'2023-11-16 02:26:22','2023-11-16 02:26:22','2023-11-16 02:56:22'),('08a6d2bd733c7a68a486fa181cf16aa796d5990061d74955e7f62cd1b69c863a7e676c05f00b4a9a',146,2,NULL,'[\"*\"]',0,'2023-10-27 01:01:35','2023-10-27 01:01:35','2023-10-27 01:31:35'),('08dfe34176cc3995eaecc68bd081840084e6aaaed35b11a35623851fe08bf1a69e28aa020ff4202f',146,2,NULL,'[\"*\"]',0,'2023-09-29 03:16:07','2023-09-29 03:16:07','2023-09-29 03:46:07'),('09001f9ad2089816ab01228de05802b00c03fc9d624e6c7a06a201870aa2391b4c2309f440bf8e96',146,2,NULL,'[\"*\"]',0,'2023-10-25 08:45:52','2023-10-25 08:45:52','2023-10-25 09:15:52'),('0955690a70ba69f5a2ba6c45b5cb01e43abab72da174d8fc2097f065f70fc2fe2c582f931aed71ac',175,2,NULL,'[\"*\"]',0,'2023-11-03 06:29:18','2023-11-03 06:29:18','2023-11-03 06:59:18'),('097af8334442818d9b0b070cab579230851807fb32563e96d7310b4f305390b84c79fbbca3a35c6e',175,2,NULL,'[\"*\"]',0,'2023-11-03 07:35:24','2023-11-03 07:35:24','2023-11-03 08:05:24'),('09b240f25b58ef1682df16a209c0b0fe4d3d2f041e253ea0781d1d44fa72c100696f9593e779832c',289,2,NULL,'[\"*\"]',1,'2024-05-23 03:56:32','2024-05-23 03:56:46','2024-07-22 03:57:32'),('0acf9fd794100086bb5d8a58145f07503232981b04217af7d7215b26cb1dfe2d2d7fcd3c6110f637',160,2,NULL,'[\"*\"]',0,'2023-12-14 05:11:24','2023-12-14 05:11:24','2023-12-14 05:41:24'),('0b090425171ae9d3368241b6c62568ef022cd621eda862780b572b918b598819e9c03eb4e6f63552',173,2,NULL,'[\"*\"]',0,'2023-11-17 07:05:50','2023-11-17 07:05:50','2023-11-17 07:35:50'),('0b3d173dfda2d42f5cc321c69700379ad32d4a1b5638a0bc24085efdedab4592482ae99a7a63be70',175,2,NULL,'[\"*\"]',1,'2023-11-15 07:38:22','2023-11-15 07:38:28','2023-11-15 08:08:22'),('0c30c56c3e137a38a03c113ac56de297a6872f4e6211bff3dcc8483170706c7e4cb75cc6a46518fe',146,2,NULL,'[\"*\"]',0,'2023-10-27 07:57:34','2023-10-27 07:57:34','2023-10-27 08:27:34'),('0c330df6b3ceb433a41b53e0b1b64585c39844573fc277d34a87beed787e68efbe62c34d811e6953',146,2,NULL,'[\"*\"]',0,'2023-10-03 00:44:38','2023-10-03 00:44:38','2023-10-03 01:14:38'),('0c387d6ba24e9c9b62bad0f16e890438320dc9d459569d21f78d1e2d172894dff9efdf13d488da7c',173,2,NULL,'[\"*\"]',0,'2023-11-09 02:28:34','2023-11-09 02:28:34','2023-11-09 02:58:34'),('0cd80f1a2f05f9e2faf122ba1bde6305274acdad7d802483516cccad1c1b994935944ce630a81887',173,2,NULL,'[\"*\"]',0,'2023-11-03 07:55:14','2023-11-03 07:55:14','2023-11-03 08:25:14'),('0d268ca3fe5735fae9aa2e5e5d1fdcc140452f25023920cb6355bcfe75351b1129eb249cfa087f43',132,2,NULL,'[\"*\"]',0,'2023-10-05 00:41:20','2023-10-05 00:41:20','2023-10-05 01:11:20'),('0d747b1a649803cc8226d5eee15052760671d0a10a4594015334f6c6acfa06ff11b78a39d6d8e71a',150,2,NULL,'[\"*\"]',0,'2023-10-04 23:57:04','2023-10-04 23:57:04','2023-10-05 00:27:04'),('0d833766f2d34e8747461c0a347c6c5545f9dd1f4ce537e34a661fd407a7a5fe2b1c3ee57610d9a2',206,2,NULL,'[\"*\"]',0,'2023-11-16 03:37:56','2023-11-16 03:37:56','2023-11-16 04:07:56'),('0d90460a5dfe0f169ef98b7f70b63be48faca278e72ea83da668a725e2d8b268e102c5cfc6ee7df9',146,2,NULL,'[\"*\"]',0,'2023-10-03 07:30:51','2023-10-03 07:30:51','2023-10-03 08:00:51'),('0d9255c655344c9ea05ff004b0f8d1dee79240b42959d0e3824302c5dadec32c2d434b001a451109',355,6,NULL,'[\"*\"]',0,'2024-07-12 07:00:27','2024-07-12 07:00:27','2024-09-10 07:01:27'),('0dd9b8793d01dc5d79fb24722e06397f639a729a40bb5643dfdd467ea4fc878e3304c42f4337b049',160,2,NULL,'[\"*\"]',1,'2023-12-14 04:47:09','2023-12-14 04:50:33','2023-12-14 05:17:09'),('0df23766875af767214194d8254fe74ade5504b252fc2c2771d42c7823c2dc058856594f71a10e9e',149,2,NULL,'[\"*\"]',0,'2023-09-25 03:08:48','2023-09-25 03:08:48','2023-09-25 03:38:48'),('0e56c812574827f32da6615edbfae5c0ec53250fdf579e8a83afd7cd2a2127315c0540dff7d96717',146,2,NULL,'[\"*\"]',1,'2023-09-21 08:10:25','2023-09-21 08:10:42','2023-09-21 08:40:25'),('0e5d31f506e29c7bc24b57da776840ad990ec631e2b9d712756819dcceb3928114b4b3b04191c922',250,2,NULL,'[\"*\"]',0,'2024-05-09 00:56:54','2024-05-09 00:56:54','2024-07-08 00:57:54'),('0eb660c3633958728d76d0d2c8d3ee0ede4ebcd14a4f5c3bb9811294c6be38b83032c6dd8ba2d854',307,2,NULL,'[\"*\"]',0,'2024-05-28 03:25:10','2024-05-28 03:25:10','2024-07-27 03:26:10'),('0ebb940bdd2a4f4b0b0b27d8afa7475ee56d5b6f37caa4063dd12a8cf1d88aed51c10989ac7c711d',480,6,NULL,'[\"*\"]',0,'2025-05-31 13:35:42','2025-05-31 13:35:42','2025-07-30 13:36:42'),('0ee258ab1f7885d2cb2bc41a0ad1525ca3fbcdc0f9fb839f0d7616371c18dfa985f29c195ac0344f',171,2,NULL,'[\"*\"]',0,'2023-11-02 06:15:40','2023-11-02 06:15:40','2023-11-02 06:45:40'),('0ef35390d41bf5b98584015f0fd1a941abec5a8e1a19116eeb7734d43e11c29057cf992bd9e415db',416,5,'auth_token','[]',1,'2024-09-18 12:31:16','2025-02-11 15:48:43','2025-09-18 12:31:16'),('0f309cfa8f7a5c5a758858eac9cb9d26bf7abafe869ab8e0bbb51f45e16ceda10469d86cadb03007',500,5,'auth_token','[]',0,'2025-09-09 00:28:00','2025-09-09 00:28:00','2026-09-09 00:28:00'),('0f4d7989cea5166df39a94424eaa293ad7407a64ce1fb7f35f61b65bba0f9a93996c3146d4132be6',206,2,NULL,'[\"*\"]',1,'2023-11-16 05:55:10','2023-11-16 05:57:42','2023-11-16 06:25:10'),('0fd59df3f1205ffa901afd79ac36df5854694de85a84aea0b36ebec14ea0606699a8ac651a06f49c',422,5,'auth_token','[]',0,'2024-09-30 17:46:53','2024-09-30 17:46:53','2025-09-30 17:46:53'),('0ff4d46b4cbd300325d7ef38c97e907db1b9d200d8819e1d6668d20acc8869fcde6a403941efc1cd',146,2,NULL,'[\"*\"]',0,'2023-09-21 08:12:09','2023-09-21 08:12:09','2023-09-21 08:42:09'),('10c2ebd3fa64dcbae574154c75ed72f4da4985fd012284d57ae2d16ee2c9ee971ae5506abc43a782',171,2,NULL,'[\"*\"]',0,'2023-11-01 11:24:57','2023-11-01 11:24:57','2023-11-01 11:54:57'),('1151f61d058b62ee336d58e1b6bae486b45b958edbfab4e0367305957441b48ee94ad000016b3d6c',146,2,NULL,'[\"*\"]',1,'2023-10-25 09:15:08','2023-10-25 09:15:19','2023-10-25 09:45:08'),('119a086e377531aa3f602db67d43136935dea39f8c35f65b22aeda1a85eff0d8867223abb2f5df9b',378,5,'auth_token','[]',1,'2024-07-13 07:36:04','2024-07-13 07:40:56','2025-07-13 07:36:04'),('12c773606b45cafa271abc06abab9b39c51a21a8abc51843594247cfd0071c9a935345be7ff0da73',190,2,NULL,'[\"*\"]',1,'2023-11-09 23:11:14','2023-11-09 23:14:04','2023-11-09 23:41:14'),('12ebe3f1165dcc46b2ecfb3c4898fc70b75fc772c1ad2c0b7a12481f6cf0879e50f794a87f45c46a',146,2,NULL,'[\"*\"]',0,'2023-11-01 07:50:09','2023-11-01 07:50:09','2023-11-01 08:20:09'),('1305c34f48c52e9c1c75e93d2498fab7b833802fcb9e879b27a25cdb60991077e021b88dc6f2ba06',146,2,NULL,'[\"*\"]',0,'2023-10-03 12:42:17','2023-10-03 12:42:17','2023-10-03 13:12:17'),('136bee943cf5578308403e9cea3643c5182d05813830e77da5e0d4c76ca3b7a61d272ed183b00fb6',146,2,NULL,'[\"*\"]',0,'2023-10-30 23:28:01','2023-10-30 23:28:01','2023-10-30 23:58:01'),('13a73295181f65152bb5e6e212ee0508d483e973dce8eb3ace155ad23ece4bd503c6ceb2e4bd105e',146,2,NULL,'[\"*\"]',0,'2023-11-01 03:42:36','2023-11-01 03:42:36','2023-11-01 04:12:36'),('13f12807d863879ede67b7506a78dabfba7179560507eda1e716496415112ac5eb3f165014608578',213,2,NULL,'[\"*\"]',0,'2023-11-17 05:33:14','2023-11-17 05:33:14','2023-11-17 06:03:14'),('14824cecc52e703df5017fe8a875fb2b02695f661c9326e06b7af9b23eeb2c92d49931d551944118',332,6,NULL,'[\"*\"]',0,'2024-07-12 06:46:24','2024-07-12 06:46:24','2024-09-10 06:47:24'),('148a2f299929245f7ffd5c9e41cae8ef4c1043ccaf5b076febfc2981ff92f93745eb21410d896305',213,2,NULL,'[\"*\"]',1,'2023-11-17 05:34:26','2023-11-17 05:34:51','2023-11-17 06:04:26'),('14b509f7175ec19a920a42d7ae9fbde61f231c11d859a0f88e176d8d42aa30ea9fe9b9f6b14ab05c',146,2,NULL,'[\"*\"]',0,'2023-10-11 01:36:50','2023-10-11 01:36:50','2023-10-11 02:06:50'),('14d5806e43c479d2e9fa283442122eb8eb6d3b54ad7ccaffe1ffdb69351cac417bd133adc45e8ace',272,2,NULL,'[\"*\"]',1,'2024-05-15 00:49:10','2024-05-23 03:51:41','2024-07-14 00:50:10'),('14ef432de9718eb3c771661a9049abfb3ccb63cc7b15b92e5d783b0ad056a458c2ba3119b76cbb31',172,2,NULL,'[\"*\"]',0,'2023-11-03 00:19:49','2023-11-03 00:19:49','2023-11-03 00:49:49'),('15098759f91332378ac8f04b189855047ceb4718d0f2691abfe91bf7607f13fffed16a2e2a14755a',149,2,NULL,'[\"*\"]',0,'2023-09-29 00:22:09','2023-09-29 00:22:09','2023-09-29 00:52:09'),('152204954877628b3ac07eed0d98354615cdb51629f33a41c84725700f67d91a9089b932033487ad',175,2,NULL,'[\"*\"]',0,'2023-11-03 08:29:28','2023-11-03 08:29:28','2023-11-03 08:59:28'),('15aefea3cfa7c068a7d75d54f25059c9cc4e80e29d2d2f839d5aadcee864dc1e4f2433d87da7e59b',169,2,NULL,'[\"*\"]',0,'2023-11-01 02:33:17','2023-11-01 02:33:17','2023-11-01 03:03:17'),('15de62f384877ca1e2505ac8c9cacbfc8e2fe198cdcc786a99690d2c6708f182200ab64a403a4f61',147,2,NULL,'[\"*\"]',0,'2023-10-23 04:39:04','2023-10-23 04:39:04','2023-10-23 05:09:04'),('1602a1aceaef9ee2df4186ffecef8b73d0901e744f623585618f4e933dd2d6e8ac586e1cbe1267b5',196,2,NULL,'[\"*\"]',0,'2023-11-16 00:41:26','2023-11-16 00:41:26','2023-11-16 01:11:26'),('162db40302298ed0f67a6e06b408b66889925489e5237e58ee3b793ea11c88e2d61b2882fd6b44c8',138,2,NULL,'[\"*\"]',1,'2023-09-06 02:46:23','2023-09-06 03:15:10','2023-09-06 03:16:23'),('1680252acefbe44283b9a46864b5746b4bafaf060f371158f7221bbaabd2c0546185d5dd24b4eecb',146,2,NULL,'[\"*\"]',1,'2023-10-25 10:23:12','2023-10-25 10:30:15','2023-10-25 10:53:12'),('17b49fc497d497e1115915eb422450b2a034e094ee49fffb2f6528698da77f6c13f67fa201cc1a77',201,2,NULL,'[\"*\"]',0,'2023-11-16 00:56:23','2023-11-16 00:56:23','2023-11-16 01:26:23'),('17fedc2b35067c4d2f73bc02949fc1bfc3483200798c4a0aa4c6811a5bddc48152af444183754433',132,2,NULL,'[\"*\"]',0,'2023-10-05 00:05:05','2023-10-05 00:05:05','2023-10-05 00:35:05'),('18145d92f74772451d84c014e0504fdb975c26aab3bcef0054201e3e16c082f2fe324c39ba2eec00',146,2,NULL,'[\"*\"]',1,'2023-10-03 11:15:23','2023-10-03 11:17:58','2023-10-03 11:45:23'),('186280b7fe73cd58777c5960ae96ddf9aeb3118a3865acc16f87d92ffc4a2475b71f5075fde49f38',362,6,NULL,'[\"*\"]',0,'2024-07-12 09:34:25','2024-07-12 09:34:25','2024-09-10 09:35:25'),('1878b0693246a9c0a5342df27d4bcd4860f01101949af6cc96713c7c36d7803d9e78c365921f4166',150,2,NULL,'[\"*\"]',0,'2023-10-31 02:09:05','2023-10-31 02:09:05','2023-10-31 02:39:05'),('1a2bd5ddd6ed6542d4bd1662bd009707df152039a7322adda7bea09572c4c4650b3bb417c83e2306',430,5,'auth_token','[]',0,'2024-11-22 06:17:34','2024-11-22 06:17:34','2025-11-22 06:17:34'),('1a34a4c50b702e919d0a2e7667693912b00c6a89e1992b055893b06863271d3d59308668d037bda6',147,2,NULL,'[\"*\"]',0,'2023-10-11 11:53:40','2023-10-11 11:53:40','2023-10-11 12:23:40'),('1a5a9a8324312bc28bc9dea328f876591a733d20de6689c77572a5f8ffd21b0f683fdebbbde1c753',138,2,NULL,'[\"*\"]',0,'2023-08-25 04:43:59','2023-08-25 04:43:59','2023-08-25 05:13:59'),('1a8c7ddba80aca2f8537fafee4b71d935aa3ecb37db301e44a9f64ea4ac669a793cd283ab9be761c',156,2,NULL,'[\"*\"]',0,'2023-10-12 17:06:34','2023-10-12 17:06:34','2023-10-12 17:36:34'),('1abdc1953d2e42df7ac6836e50c5686342012e2562b04d3f45f6cd41d631ccbbe5c9d203973653d6',160,2,NULL,'[\"*\"]',0,'2023-10-11 01:54:42','2023-10-11 01:54:42','2023-10-11 02:24:42'),('1b0a6c86b5fe8a8540de8a5ee23261c64ee43b99726f8c3edd9c614c8fe0c592efccd482ccb8445e',336,2,NULL,'[\"*\"]',1,'2024-06-14 04:17:30','2024-06-18 04:09:03','2024-08-13 04:18:30'),('1b48b5d88c41c0986e2c1214c55353bfca839896d1703ca8692660a48269163451572fa02970616b',412,6,NULL,'[\"*\"]',0,'2024-10-03 10:07:04','2024-10-03 10:07:04','2024-12-02 10:08:04'),('1b4f603db660cb1d68db926433a19e7a02eed2e1e9b24e4a2c5000ece38730f3b44df715f588d45b',160,2,NULL,'[\"*\"]',0,'2023-11-15 21:40:19','2023-11-15 21:40:19','2023-11-15 22:10:19'),('1b64cc103845e7994a6db7471cd1cd6e4bfd2cae4f6c17d392162216634e940f1320f80aeaf0c595',146,2,NULL,'[\"*\"]',0,'2023-09-21 08:12:54','2023-09-21 08:12:54','2023-09-21 08:42:54'),('1b6dcf7dc8360a41c2ca8ff1b32159dba2a0a07eae10b2396f9c88f8e7775d8faa53e7ca47a743c8',146,2,NULL,'[\"*\"]',0,'2023-10-03 11:50:47','2023-10-03 11:50:47','2023-10-03 12:20:47'),('1c3d1682438282e68a6e396128cfbd774a8d72deaefe741682fa4697bb7b1776eb52a6fa5c930a93',156,2,NULL,'[\"*\"]',0,'2023-10-13 02:30:45','2023-10-13 02:30:45','2023-10-13 03:00:45'),('1cde6f92114d7057633da300419f5559cdc53e8269a460eaedf9f3e21ffe6f16c679c3954734e539',138,2,NULL,'[\"*\"]',1,'2023-09-08 06:22:05','2023-09-08 06:23:02','2023-09-08 06:52:05'),('1d41a8aae293911f22e75d56222d2778de723f86250625bcdef8acf799ad327d6313996e8cb141bf',146,2,NULL,'[\"*\"]',0,'2023-10-30 00:06:50','2023-10-30 00:06:50','2023-10-30 00:36:50'),('1d56d551ce6bc5a53dce46846df71af708bd33dec05ac5394430c6fa530a344d760ef706a59b50ab',175,2,NULL,'[\"*\"]',0,'2023-11-05 23:38:41','2023-11-05 23:38:41','2023-11-06 00:08:41'),('1d6bd8d1562efe6a0283544cec8df3c13a0379af0be824a45b3c100840eef8cebc3026498aaf930e',204,2,NULL,'[\"*\"]',1,'2023-11-16 03:28:30','2023-11-16 03:46:08','2023-11-16 03:58:30'),('1e0a6ce2f9077d358de83ab1a80513a73c548d9bbc58a48bcb15d30b02a3d1059654a754a2f608a7',146,2,NULL,'[\"*\"]',0,'2023-10-10 02:56:31','2023-10-10 02:56:31','2023-10-10 03:26:31'),('1e2a12801b8a118eb3623457b0cb44fdf8e19fbfc0cdaa95aa06dcdd8dd1cb2bf674cde3490bbf86',146,2,NULL,'[\"*\"]',0,'2023-10-27 07:07:40','2023-10-27 07:07:40','2023-10-27 07:37:40'),('1ea626186e60deb99348385bb62a671815c269ff901970f3b3ef46042fcf8f3eb8f3a0aad7fedf80',146,2,NULL,'[\"*\"]',0,'2023-10-10 23:53:03','2023-10-10 23:53:03','2023-10-11 00:23:03'),('1eb7085c5a496cf358d632cc049b2a9bc0f15c4f6ad8b82022d10f8e6f21e1c713819f2b7572a710',146,2,NULL,'[\"*\"]',0,'2023-11-01 02:05:53','2023-11-01 02:05:53','2023-11-01 02:35:53'),('1f04123b6d4c61b9d6c52a1f28cd5b5073dee38f7b129710ba942109625bb003ecce2ca0b31c08e1',146,2,NULL,'[\"*\"]',0,'2023-10-10 23:21:39','2023-10-10 23:21:39','2023-10-10 23:51:39'),('1f22f0d98b331b0249f8284f60441a182f214fc57c8a659c7dde9f43edd066e0ffd41c616e8b092e',146,2,NULL,'[\"*\"]',0,'2023-10-25 09:18:55','2023-10-25 09:18:55','2023-10-25 09:48:55'),('21d0db1fba7b534a6fd3494cfa5731b46e5625b6beb1d2badf75358e0d8c682c4a14acdc02b0a82f',462,6,NULL,'[\"*\"]',0,'2025-04-02 14:55:37','2025-04-02 14:55:37','2025-06-01 14:56:37'),('23c7ea5963c4fa7349495b41e20928d3311dc0d166623a812f23a967fd0a3e3c2fdc32f5c5de0dba',190,2,NULL,'[\"*\"]',0,'2023-11-15 21:57:59','2023-11-15 21:57:59','2023-11-15 22:27:59'),('23e55c30c0f0b05823bdbda0359387efcb56111251d49866ccfd41cd728c9074afc3752e41b73a2b',382,6,NULL,'[\"*\"]',1,'2024-07-13 08:27:12','2024-07-13 08:28:28','2024-09-11 08:28:12'),('242e73d47fdb1346680d1c60d6d3ac0792edf0d2c8dbb6abc20e1a12b16ec1649b687c7f053a32c0',146,2,NULL,'[\"*\"]',0,'2023-10-03 00:07:01','2023-10-03 00:07:01','2023-10-03 00:37:01'),('246b723210e8ccf23e833b0d6fc222456666e7e0c4a0dc29836bfe2de7a874d171fb1670b5d39215',172,2,NULL,'[\"*\"]',0,'2023-11-02 06:12:32','2023-11-02 06:12:32','2023-11-02 06:42:32'),('248690d7fd4ebce1113d29f975def095bf609a1ce65945b1efb3d27f79241fd7c4874a5b86c11dbb',149,2,NULL,'[\"*\"]',0,'2023-09-28 09:14:26','2023-09-28 09:14:26','2023-09-28 09:44:26'),('25004a72a30e51d193b805ce3b175d21eb18f44e187bb8bb86eb31a85f4c052d757e1a3117ae10da',146,2,NULL,'[\"*\"]',0,'2023-10-04 09:30:28','2023-10-04 09:30:28','2023-10-04 10:00:28'),('256a51d01a6578e550915373497a0505b2c770de9d5a975fd972072c8f3cc40a78cf9ed4e0a0f8ce',146,2,NULL,'[\"*\"]',0,'2023-10-04 00:41:16','2023-10-04 00:41:16','2023-10-04 01:11:16'),('2615bba02ac0a9f36b5945706d8040e32b71a482ee7f3ab218b3987e588acc088ac490f17824502e',196,2,NULL,'[\"*\"]',1,'2023-11-16 00:53:22','2023-11-16 00:54:01','2023-11-16 01:23:22'),('268e67bfbbb641c2b44488c0d2927c894011fc2d227421015aab491d4b3eb36bf08a58f1ad9a49db',170,2,NULL,'[\"*\"]',1,'2023-10-31 04:31:09','2023-10-31 04:39:08','2023-10-31 05:01:09'),('26bf4256a8353f583e05e5562fc252df84b5ec6bc7830f02c20286e7434053b67afbb983cc742ab3',149,2,NULL,'[\"*\"]',0,'2023-09-27 03:14:50','2023-09-27 03:14:50','2023-09-27 03:44:50'),('26cc3326b88c80321e5580ad4f0bd4b0a3f5bd9e1bd998659bfacb120c6363983c5c71a1d645a522',175,2,NULL,'[\"*\"]',0,'2023-11-03 07:20:29','2023-11-03 07:20:29','2023-11-03 07:50:29'),('26cfb5f04b252ed54fbc5f15655a79d09342b03aebfca89cadd8d6a8cacbf6931f2b99fcacf4a13e',146,2,NULL,'[\"*\"]',0,'2023-11-01 06:50:56','2023-11-01 06:50:56','2023-11-01 07:20:56'),('27494db2ee49b735cf272fe7fde503d9dd580b1753ef5fc4020a83841d48da3d981bd9afc5b6cc92',171,2,NULL,'[\"*\"]',0,'2023-11-02 23:23:27','2023-11-02 23:23:27','2023-11-02 23:53:27'),('2751a8f8b1c794a49875f8415e9fd61c24707ee25e2e85d180a6d7046bae79d812a0225e59b9d466',147,2,NULL,'[\"*\"]',0,'2023-09-22 08:41:50','2023-09-22 08:41:50','2023-09-22 09:11:50'),('27cdef2b4c0082ea4be360c8758aaaf6a69a5820504e67c6c4072549c20c143257173837d9925ddf',214,2,NULL,'[\"*\"]',0,'2023-11-17 06:12:37','2023-11-17 06:12:37','2023-11-17 06:42:37'),('27f9f59daa9c547596ceecf51b3d38cdd961f685288363474db01799c93348aa373d967307609a9d',146,2,NULL,'[\"*\"]',0,'2023-10-30 02:32:16','2023-10-30 02:32:16','2023-10-30 03:02:16'),('294bc6da885dfcd2c1e861e531655081422dc8340a23663a8ad91385ccff837bcfc4332d2e0ed2d6',146,2,NULL,'[\"*\"]',0,'2023-10-04 04:39:05','2023-10-04 04:39:05','2023-10-04 05:09:05'),('298176c9cc9a4ccb825f9dd93d9185b5b86337209120d6672f0864c50b56f2012694d27d21aad757',191,2,NULL,'[\"*\"]',1,'2023-11-15 06:29:08','2023-11-15 06:50:55','2023-11-15 06:59:08'),('29b72e9259e1b8ea3660ac6dd4e1bcc24325d6825c345da3f1c7daef441f0bc1801815a520de72b1',149,2,NULL,'[\"*\"]',0,'2023-09-28 08:11:11','2023-09-28 08:11:11','2023-09-28 08:41:11'),('29e09054f7c42aaa6265ed98f4638e94c2968b31ee1cd471f8bb52cf588c21d5fa76cd07487d82d0',146,2,NULL,'[\"*\"]',0,'2023-10-31 01:50:55','2023-10-31 01:50:55','2023-10-31 02:20:55'),('29e74ea65d9ec3a99a40fa198d590ab41edcbeffff04928458ea0ce82365c9380d9cbd754cc836cc',146,2,NULL,'[\"*\"]',1,'2023-10-26 00:48:15','2023-10-26 00:51:44','2023-10-26 01:18:15'),('2a1cd72723101891f9b443db29a9cf4e7f40b0fa5017912c10c4fff45831d9f813f2985044b5ded8',206,2,NULL,'[\"*\"]',0,'2023-11-16 05:15:04','2023-11-16 05:15:04','2023-11-16 05:45:04'),('2ad4da519dc21ade9149f02f33e06ba79cf7b9abddfa746220b150ac2b5d067992c96440cf5f810e',149,2,NULL,'[\"*\"]',0,'2023-09-28 07:40:54','2023-09-28 07:40:54','2023-09-28 08:10:54'),('2b2194e25f910ff54956237d7f61ad5cfbd5bc29c26bc6ffe190550b9abffb7157528ee8e3193fbc',326,2,NULL,'[\"*\"]',0,'2024-05-29 10:21:59','2024-05-29 10:21:59','2024-07-28 10:22:59'),('2b367082533c333347ad2d66820ece8300a1fe130a1f2a322441517f757a257f8fd98cbfe97a07ea',146,2,NULL,'[\"*\"]',0,'2023-10-31 03:34:30','2023-10-31 03:34:30','2023-10-31 04:04:30'),('2b6e7888215c61975548400a7bee23324be3b3042d0ed04f7925486ff7c5f00bce8820e23d63fb45',157,2,NULL,'[\"*\"]',0,'2023-10-18 00:01:16','2023-10-18 00:01:16','2023-10-18 00:31:16'),('2bab437606af737a423d5a66ab6a8ec7ee8cc50990313fa298bc6c680f2415cc3a8ab62131199217',172,2,NULL,'[\"*\"]',0,'2023-11-02 04:23:22','2023-11-02 04:23:22','2023-11-02 04:53:22'),('2bba2da898fe395ec33323b08f7507863c6cadda94d10d267fc6c6b77b2cbd56f42e0cead8ab381f',175,2,NULL,'[\"*\"]',1,'2023-11-03 09:00:11','2023-11-03 09:00:15','2023-11-03 09:30:11'),('2c1018c0ede84fc2ea9034f53cd5586f9fdac8fbbca883a1bf9ffbc2235598c2a6e27323fb0898ba',146,2,NULL,'[\"*\"]',0,'2023-10-27 07:56:18','2023-10-27 07:56:18','2023-10-27 08:26:18'),('2c163dd64bca154a9fad94787eeb4cc1bfcd22fbc1f9ae9accbebfd9d9f3a4a22185d12030c3b95d',354,6,NULL,'[\"*\"]',0,'2024-07-12 06:55:33','2024-07-12 06:55:33','2024-09-10 06:56:33'),('2ca7ce77a7a2dcf2599d3c68e4f5096ff754e9ce85e0e31c3b0c3d83c162a2c56950666c31e12d28',205,2,NULL,'[\"*\"]',1,'2023-11-16 05:31:03','2023-11-16 05:40:09','2023-11-16 06:01:03'),('2d618468bd074d9ec39ffbd398b65ccb98a9256d7c66346d683f6fc58b27250a1ccb32218c3c9a97',175,2,NULL,'[\"*\"]',0,'2023-11-09 04:53:36','2023-11-09 04:53:36','2023-11-09 05:23:36'),('2d89a101c2cc2c159513ee35a6b6f5ca43a75881c3b77eba2fa9cef4ad9091d34cd388a0aa4181c4',361,6,NULL,'[\"*\"]',1,'2024-07-12 08:31:31','2024-07-12 08:34:24','2024-09-10 08:32:31'),('2debb16058903d7e20fee540952a79ac0eb0861bb6ec349a2cad1abfd8c5668f7a97766fe8342cb5',146,2,NULL,'[\"*\"]',0,'2023-11-01 23:16:40','2023-11-01 23:16:40','2023-11-01 23:46:40'),('2e40ced6dd4bfacb9dae6fc9e112eff788c03fec9d57e46a0edfff434b2bf86ff28f45642b8d2261',441,6,NULL,'[\"*\"]',0,'2025-01-19 11:08:27','2025-01-19 11:08:27','2025-03-20 11:09:27'),('2e51974d997ace99e383d43f0ca605fd4a70a01695dd44581da8b22bb5a9ac2311d32652dfbaddba',160,2,NULL,'[\"*\"]',0,'2023-12-15 18:16:47','2023-12-15 18:16:47','2023-12-15 18:46:47'),('2e79a4b2027d8ba2b8df65ee272aa9430c0df43bbbe6bfaa3ef15a2de122bc6ec1392f0d442be1a5',146,2,NULL,'[\"*\"]',0,'2023-10-26 23:41:44','2023-10-26 23:41:44','2023-10-27 00:11:44'),('2e9b15d31c9014378922c347eff49de15d92e889cab2476a3d05f2b207df491fe1e38852e0dc126b',149,2,NULL,'[\"*\"]',0,'2023-09-27 01:51:29','2023-09-27 01:51:29','2023-09-27 02:21:29'),('2ef6ce387d30e8b8ed2cb517924530e7d5e212ca3e2600630028ca8f9daf8fd499aacaffc4bdd0dc',452,6,NULL,'[\"*\"]',0,'2025-08-30 12:07:19','2025-08-30 12:07:19','2025-10-29 12:08:19'),('2f782b1ee8fbcea435f94b6ead33f038ff8113202d9ee61faf09f34185aaae45e664343d0196338e',417,6,NULL,'[\"*\"]',0,'2025-03-20 22:19:22','2025-03-20 22:19:22','2025-05-19 22:20:22'),('301c14289d84b819605886ffbfccca91e64f44d63359398ff2212e8f82fedec0f0a14beeaddc92e8',146,2,NULL,'[\"*\"]',0,'2023-10-03 22:59:03','2023-10-03 22:59:03','2023-10-03 23:29:03'),('302a7db2ff0d1649725881a283b0b5d0e726ef1afae62faf841e791e1dab56a9f0281e47633e520d',138,2,NULL,'[\"*\"]',0,'2023-08-25 06:49:24','2023-08-25 06:49:24','2023-08-25 07:19:24'),('30ae874af0b40570bf7f97a39189a2bd5c697c14a5a6dc1c03755aec300b041abbf60f240ddae950',146,2,NULL,'[\"*\"]',1,'2023-11-02 03:53:22','2023-11-02 03:54:35','2023-11-02 04:23:22'),('30e673e1a0f4c7c82fc0a360c711741d78f7a7a8fff6d2f87e09664a26cc5f30541633ebac44f345',322,2,NULL,'[\"*\"]',0,'2024-05-29 06:25:26','2024-05-29 06:25:26','2024-07-28 06:26:26'),('312838f8040eb0e27842de7b43cf763d67c865621b8632fde09955a99b1b979b66c098aa6124e664',138,2,NULL,'[\"*\"]',0,'2023-09-06 05:22:51','2023-09-06 05:22:51','2023-09-06 05:52:51'),('314b94ff52fc0c491cd4d66ddae11ce2e5a4e0b068def300ce489df0603ce467b44136ea302e0895',175,2,NULL,'[\"*\"]',0,'2023-11-16 04:51:23','2023-11-16 04:51:23','2023-11-16 05:21:23'),('317799ebcb8d758d1d3d93cf0b840acb8b5a9873134ae14df98f4dfdc8bc90b490a54f0aec190fd2',158,2,NULL,'[\"*\"]',0,'2023-10-11 02:47:16','2023-10-11 02:47:16','2023-10-11 03:17:16'),('31c49da08c93af6671616c8af328849934ff1491fba723bb0f1a643db4eb2bb72eaf9b458198547e',146,2,NULL,'[\"*\"]',0,'2023-11-01 06:43:16','2023-11-01 06:43:16','2023-11-01 07:13:16'),('321aa0cdfa7a87268536116f609f9414246563676f0f224df7a75339d5661e517818b491b632cb03',331,2,NULL,'[\"*\"]',1,'2024-06-20 01:48:02','2024-06-20 01:49:58','2024-08-19 01:49:02'),('3220644527bfb5406d18cd1fff5d5a8f651f9e0c61cec1c1e2c68fdb0525b1bb2c41cc37389899ff',146,2,NULL,'[\"*\"]',1,'2023-11-02 04:19:46','2023-11-02 04:19:57','2023-11-02 04:49:46'),('32a9e2eeb846a2c3342d509ff90652960299071a4cf4871e8e912795825eca66ecdb03d1290f2302',150,2,NULL,'[\"*\"]',0,'2023-10-05 06:03:32','2023-10-05 06:03:32','2023-10-05 06:33:32'),('32b00696c3e0bba4850c9c42fd99cb6041fe49b5e321efb0cfe492f2fe2f6ef36882144df67a5258',172,2,NULL,'[\"*\"]',0,'2023-11-02 11:32:23','2023-11-02 11:32:23','2023-11-02 12:02:23'),('32dd3ddc1b567ebf9fb2bc92894ffe3ae5fc0642190de6111e0b98c787b3679b0c59819950a57f7b',156,2,NULL,'[\"*\"]',1,'2023-10-13 00:50:23','2023-10-13 00:54:08','2023-10-13 01:20:23'),('34094203c8391f89f736abe2f1b5d2652f5d5975371f63d74c604b98e58879a738079a2cc272e65d',175,2,NULL,'[\"*\"]',0,'2023-11-03 02:50:12','2023-11-03 02:50:12','2023-11-03 03:20:12'),('3413db8625a710e603d966991b25e6e7cf1e2ed24bdca5c758fc7866ef5cb8c7f94dc2d4e911092c',146,2,NULL,'[\"*\"]',0,'2023-09-22 07:17:04','2023-09-22 07:17:04','2023-09-22 07:47:04'),('347f6f44e63f889258cd958186e1aaf57175eecf944da22ae9f4216a72984d7b02d011cb7a4f815b',408,6,NULL,'[\"*\"]',0,'2024-09-09 08:21:00','2024-09-09 08:21:00','2024-11-08 08:22:00'),('34e6c6ccf753abd89ae00e7dc3cbf9853570ee2a6fb144cee6a28a62160720bf0d118f915735ff38',175,2,NULL,'[\"*\"]',0,'2023-11-15 02:09:30','2023-11-15 02:09:30','2023-11-15 02:39:30'),('351a0e57b691f1c23923e43e70416cdf3d5f57dbbcd68eb82399739fe865408aa67c89776e36ec3d',146,2,NULL,'[\"*\"]',1,'2023-11-02 03:59:30','2023-11-02 04:00:27','2023-11-02 04:29:30'),('35286c0ff304d2ec5a0c7bdaee737d7e7e711713cf36628d03b9a80e3d38f4cce03600531013682a',175,2,NULL,'[\"*\"]',0,'2023-11-03 03:48:09','2023-11-03 03:48:09','2023-11-03 04:18:09'),('3556b9342536b4e44213ab6e4c58f6fc3deb1ac02dac9b79fcc6cbea59df5dc485b2ebf9aad78a54',285,2,NULL,'[\"*\"]',0,'2024-05-22 01:26:40','2024-05-22 01:26:40','2024-07-21 01:27:40'),('3571154b4129c36b5c997abe111c8b6ad69cffc1c28c0786ddd620a9c7176c247ffa9ca9bf87839c',353,6,NULL,'[\"*\"]',1,'2024-07-12 06:41:48','2024-07-12 06:43:57','2024-09-10 06:42:48'),('36481c9e951c4f51e63c3d7158b1ccad8e4568bf84101288a836547312ad70b576b28d6a1c62bc1d',146,2,NULL,'[\"*\"]',0,'2023-09-22 00:19:37','2023-09-22 00:19:37','2023-09-22 00:49:37'),('365d24f9785bf5b1fb71839592d4b189347a795caffe0330bf2806afe39ff8d06fb5a22832736b75',443,6,NULL,'[\"*\"]',0,'2025-01-23 21:20:22','2025-01-23 21:20:22','2025-03-24 21:21:22'),('36f1f20417ecd39775e5d81953b895e6856c140df7b81b0de42836be12640b9b3757ebf27294a308',172,2,NULL,'[\"*\"]',0,'2023-11-02 13:46:36','2023-11-02 13:46:36','2023-11-02 14:16:36'),('3722a3b2995a4a1ae9a0f561e0594badef8ad8754aca1f7b318762aac4286526fb12790d4dd51060',175,2,NULL,'[\"*\"]',0,'2023-11-03 00:58:39','2023-11-03 00:58:39','2023-11-03 01:28:39'),('37bf6f852aaaab7bcc23b4b1cf7eaab03071c5486794f27470d7237bb2fd2148f30ecc26313645be',381,6,NULL,'[\"*\"]',1,'2024-07-13 07:52:22','2024-07-13 08:11:01','2024-09-11 07:53:22'),('38f0b0da5c16a323027fba7a32a841f144d9d3ed9a26a5f72c5f3a8e3779e67ea9dd68c901b3e224',465,6,NULL,'[\"*\"]',0,'2025-04-11 16:39:22','2025-04-11 16:39:22','2025-06-10 16:40:22'),('390707c443eca62c81b975ba961bfd147672c82491942815b16df44e4b62fd1723b59fe8a7170671',155,2,NULL,'[\"*\"]',0,'2023-10-10 06:16:30','2023-10-10 06:16:30','2023-10-10 06:46:30'),('3938b4dbef7e55100f13d5dcdee4efa56d57aaa37c10eaadfe06cb6c851252e5a19e364322e40b3b',146,2,NULL,'[\"*\"]',0,'2023-11-01 06:00:02','2023-11-01 06:00:02','2023-11-01 06:30:02'),('3981110c928c62d70ae212217004bdfbba308a2a81eeb933a92c24ad0a7ab58f385a4d6978868d1d',191,2,NULL,'[\"*\"]',1,'2023-11-10 04:00:47','2023-11-10 04:27:13','2023-11-10 04:30:47'),('3b14a1fc0e0339a423e0a137576ec0aeef55cc4d5adc6a1e4e310feb7ffe61205e8096b3ce94ff91',299,1,'auth_token','[]',0,'2024-05-27 05:01:27','2024-05-27 05:01:27','2025-05-27 05:01:27'),('3b1d7f024f69188a76ad302fb7942cee363ed4ab132b677fe7fb92b48671a4f087033626d3831248',146,2,NULL,'[\"*\"]',0,'2023-10-12 17:24:02','2023-10-12 17:24:02','2023-10-12 17:54:02'),('3b1fe8dbddd74652d2fe0447e6b5aed855c8845322a1d172d995074ffbc0272d1e1925d6deb69023',147,2,NULL,'[\"*\"]',0,'2023-10-05 06:04:43','2023-10-05 06:04:43','2023-10-05 06:34:43'),('3b21bee1d2add4a1faa521a908a38c8b3057ae1cfadf83524b0b5a753608abeb2878039a83a2bfb4',424,6,NULL,'[\"*\"]',0,'2025-05-20 07:59:51','2025-05-20 07:59:51','2025-07-19 08:00:51'),('3b283bebab47e6bbebd31b41067fa0c06c5c271eb1d25a40f9ec83d616751e994240ff151f59fa8b',146,2,NULL,'[\"*\"]',0,'2023-11-02 01:30:53','2023-11-02 01:30:53','2023-11-02 02:00:53'),('3c15e5779b4be1fd3199a3948c3d2cd699233b708539e1e012832e4d3df6e9e17bf677c1f7af13df',337,2,NULL,'[\"*\"]',0,'2024-06-19 02:17:44','2024-06-19 02:17:44','2024-08-18 02:18:44'),('3c17adf4bcd6264b134062a067fd75e3b176964d7577ac02f00374182a011abc9ad0b92ef1a8f498',146,2,NULL,'[\"*\"]',0,'2023-10-30 01:57:24','2023-10-30 01:57:24','2023-10-30 02:27:24'),('3c6760ffec3b9ba3c3f360a6bf5056c2ad57c5a265f8153c00dc1d1d5b10262455aa4cedef48f728',146,2,NULL,'[\"*\"]',0,'2023-10-04 05:12:31','2023-10-04 05:12:31','2023-10-04 05:42:31'),('3c715641b662bff8004c27578e8a6901a449b157ff4c30e6f263108d24613c1e2c5b3bc2a1fcfeb6',193,2,NULL,'[\"*\"]',0,'2023-11-16 03:14:56','2023-11-16 03:14:56','2023-11-16 03:44:56'),('3d5c0e716504a1aa9a1c8a7d25b66bbc4acaa4b37db59de5e4e428a8779d7cff228686decc2af4cf',395,5,'auth_token','[]',0,'2024-07-18 07:00:36','2024-07-18 07:00:36','2025-07-18 07:00:36'),('3d7f17fcfade4690c2cdbf5264301a1b1ab5d1069b45642f5dceb3f2fe5955eeb8dbd65c1770f6db',364,5,'auth_token','[]',0,'2024-07-12 08:44:18','2024-07-12 08:44:18','2025-07-12 08:44:18'),('3d8cc6d51cbfd6e1e30b075c825afe9d332b122ee42e17a4f6076ff2570eedaffe96fe01803c958b',455,6,NULL,'[\"*\"]',0,'2025-05-02 04:52:41','2025-05-02 04:52:41','2025-07-01 04:53:41'),('3dc72c0b1665b8d0417c395c1d51cf5274474b4298a73c0420081c7f457d105545689efb8b5c582b',147,2,NULL,'[\"*\"]',0,'2023-10-13 00:18:44','2023-10-13 00:18:44','2023-10-13 00:48:44'),('3df26d54861ba81d12bd2d3422184f6e99cc98112dc5070111489ea151e9af8cd4a3eb78c0e82b8a',146,2,NULL,'[\"*\"]',0,'2023-10-04 00:32:55','2023-10-04 00:32:55','2023-10-04 01:02:55'),('3e04c116c52b4a296d58f12fc63366fa481a4ae066490198e99d48486fc4d1bcaedc09859bd28f13',156,2,NULL,'[\"*\"]',0,'2023-10-13 01:36:32','2023-10-13 01:36:32','2023-10-13 02:06:32'),('3e3ead26c8101f958debfbb41198fd72b0704831aeb5649d8082cd8c9d209fa367bd6f4980d26406',146,2,NULL,'[\"*\"]',1,'2023-10-27 07:05:00','2023-10-27 07:07:38','2023-10-27 07:35:00'),('3e5335995c9b777c048f687af3d1d30f16f51d14fdc7996e299dd44040be03c32d4771bf050774b6',147,2,NULL,'[\"*\"]',0,'2023-10-11 10:52:10','2023-10-11 10:52:10','2023-10-11 11:22:10'),('3e5b7cca9fd27b3da63e6f821e9ad87145a65e20d9238f5626a083bc797d5ffbc75a17ac61ec9730',138,2,NULL,'[\"*\"]',0,'2023-08-25 06:48:53','2023-08-25 06:48:53','2023-08-25 07:18:53'),('3e67a1a2f7da4ec06381654bf3ea46970dadb8371293c4b2588d9c81012fca4dabca76507e78e053',146,2,NULL,'[\"*\"]',0,'2023-10-19 02:12:05','2023-10-19 02:12:05','2023-10-19 02:42:05'),('3ea36a5031ecf4952a1ec1b7e36d55713a69442db7604372aca4e9b789c065113a6694d85cfcf50b',153,2,NULL,'[\"*\"]',0,'2023-10-09 05:14:45','2023-10-09 05:14:45','2023-10-09 05:44:45'),('3eef6042e8be497ee8c80ab9b38d86869d4161dd244faf24b5038a2053af25e0759ad45d72920a20',146,2,NULL,'[\"*\"]',0,'2023-10-18 08:24:12','2023-10-18 08:24:12','2023-10-18 08:54:12'),('3f2797119770b4c5f1746e1718f7d726e26f0c7b9e77a79e4bb86609c09b7af7ea9ef475910732b6',210,2,NULL,'[\"*\"]',0,'2023-11-16 07:27:23','2023-11-16 07:27:23','2023-11-16 07:57:23'),('3fa3d366f5158819fc1b8636c23dc0d22d3e31e47820e424ec408be8d1cd4e3055bf9da14d0bc737',146,2,NULL,'[\"*\"]',0,'2023-10-03 06:51:34','2023-10-03 06:51:34','2023-10-03 07:21:34'),('3fba4ecd81d8817ed38e318da954ca4450f58a89e1864d1392b4e459550f4c61d060f98b1c64bbbf',444,6,NULL,'[\"*\"]',0,'2025-07-09 10:23:41','2025-07-09 10:23:41','2025-09-07 10:24:41'),('3fd68358c8798fe95640c80813eb38a09224c4856ad90d807b7dd36c727f0757b6e4bdb65c4efa3a',147,2,NULL,'[\"*\"]',0,'2023-10-12 05:34:57','2023-10-12 05:34:57','2023-10-12 06:04:57'),('40231ddb73c7906873dcfd0fdb461a493d38e8987cfb2488e15298e6df6d255a695ee89c43368818',146,2,NULL,'[\"*\"]',1,'2023-11-02 03:49:57','2023-11-02 03:50:53','2023-11-02 04:19:57'),('402c683dcf196fbe4f9aa05faaa21e84fbfb12c559138de970a12c29d545e66f9ca21237f60b6aee',160,2,NULL,'[\"*\"]',1,'2023-12-13 08:17:48','2023-12-13 08:20:30','2023-12-13 08:47:48'),('40459e1f21a4eefbe74c3f0d4381a1a7c42b2c0c4fdb4e0d35a1d02882a0227f360de6346150a938',261,2,NULL,'[\"*\"]',1,'2024-05-06 07:03:46','2024-05-06 07:11:41','2024-07-05 07:04:46'),('404f907e27553d2a87d583aecad76ed2dca4b64eb9e2109e6698ce1ec466105f027e660aecbafdfa',150,2,NULL,'[\"*\"]',0,'2023-10-18 02:06:17','2023-10-18 02:06:17','2023-10-18 02:36:17'),('40b9f70d5b0f11d0a78997ca64a005f7b9c98db8a6254300ec2e7a5e894f0498d22e159979e920d8',489,6,NULL,'[\"*\"]',0,'2025-09-02 01:02:31','2025-09-02 01:02:31','2025-11-01 01:03:31'),('40cb2a9fe8d4ac0d61716145f5d00f830e052b4186f53e5247c9622872d30072718aeef4ba3d0996',147,2,NULL,'[\"*\"]',0,'2023-10-10 13:22:30','2023-10-10 13:22:30','2023-10-10 13:52:30'),('40d4c059ddd8f56e0ba6bf7811d18c90024c1193c9bfd6dd9f4a0bff14ff2d5663141b86d304f4a3',146,2,NULL,'[\"*\"]',0,'2023-10-03 05:20:02','2023-10-03 05:20:02','2023-10-03 05:50:02'),('40de3e3ea5111186830e5dc2d034cd04cb267680369b28991eb12851225f32de2c8834588a62f556',150,2,NULL,'[\"*\"]',0,'2023-11-01 07:42:22','2023-11-01 07:42:22','2023-11-01 08:12:22'),('416f70347f4ef5c4bef53744945640183c6b08784f94a149488a0fb9dba911428ca5f46e126ce645',146,2,NULL,'[\"*\"]',0,'2023-10-04 08:26:26','2023-10-04 08:26:26','2023-10-04 08:56:26'),('416ff3b503af90aba2172ae55b29412255c1f8acde778cc3841174e5f3ce364a5c15866eaf97f4d9',206,2,NULL,'[\"*\"]',1,'2023-11-16 05:52:08','2023-11-16 05:52:52','2023-11-16 06:22:08'),('41f7b9c5c14d2c621fadc1bdb940cbd234c0e0e5b5db57279a18bd1eec1f90343f8224ad1466e085',501,6,NULL,'[\"*\"]',0,'2025-09-23 01:05:46','2025-09-23 01:05:46','2025-11-22 01:06:46'),('423d8b239ace73e1a01922f59694d2ed85934d7ed6ba22c405bff9543fa4555e2f437e573f0eb865',297,1,'auth_token','[]',0,'2024-05-27 03:39:05','2024-05-27 03:39:05','2025-05-27 03:39:05'),('4243d3a22a03108beb6b9a004edf1a16446c04420e6550cfb899296a35a7320e5e9dfb0a05f1c575',170,2,NULL,'[\"*\"]',0,'2023-10-31 03:51:06','2023-10-31 03:51:06','2023-10-31 04:21:06'),('4269d46396a0f86d0823fa38150fe1e70d717b4dbded999bf73290ddae6d59bb5068226d800c4b6a',147,2,NULL,'[\"*\"]',0,'2023-10-11 09:18:11','2023-10-11 09:18:11','2023-10-11 09:48:11'),('42a52fbd410aef984a05874724122c4599e5eeb4f43244de0802c2df6c294b0c0d20d5f65329e9a8',213,2,NULL,'[\"*\"]',0,'2023-11-17 04:05:19','2023-11-17 04:05:19','2023-11-17 04:35:19'),('42ed245a52eb0f5a8cd96569fa45b1fc0794176809d1062577b7233172817ac1516d7286f3134e8b',309,2,NULL,'[\"*\"]',0,'2024-06-22 20:46:13','2024-06-22 20:46:13','2024-08-21 20:47:13'),('42f5934e736bcdcf36a89b8f372aeb616bd6f58f7b667d195b846ba27661a02ee4dadbdfcce4bfa3',393,6,NULL,'[\"*\"]',0,'2024-10-01 09:05:19','2024-10-01 09:05:19','2024-11-30 09:06:19'),('4337f9813a4b9e926cea6e040080a8fdd92c696aa6afae51d02c24b8436a7b2ffc2c833b8d419c19',150,2,NULL,'[\"*\"]',0,'2023-10-18 01:33:27','2023-10-18 01:33:27','2023-10-18 02:03:27'),('43a2fb1691c3269cd69ecb9c7915ac0d22d312e7ffd6ee3d827f3638ed5843f5af9fb810614d12f2',146,2,NULL,'[\"*\"]',0,'2023-10-22 23:03:23','2023-10-22 23:03:23','2023-10-22 23:33:23'),('43ff7f13809e5346e7e19c9c87d9c4d47174ce04817943caa82e25ff4b6739fea2815e6e9db7c1b3',175,2,NULL,'[\"*\"]',1,'2023-11-15 07:56:13','2023-11-15 07:56:17','2023-11-15 08:26:13'),('445c38e35f12919ea8561ab56e991d7aba2e44153b6e6ba9b14426c1e5b0f7a1334c4b85afc4775f',196,2,NULL,'[\"*\"]',1,'2023-11-16 01:20:30','2023-11-16 01:30:25','2023-11-16 01:50:30'),('4475a462631500ba5e1093910fe272fb6bcebaefe84671cda403e274d159528cbb772032c7d736a3',171,2,NULL,'[\"*\"]',1,'2023-11-02 14:21:20','2023-11-02 14:22:55','2023-11-02 14:51:20'),('44ad6e7d18c68df8deaa64674e98868384a1f0f76425fc0624deea93bceb0d9fb889533227c6b80a',156,2,NULL,'[\"*\"]',1,'2023-10-12 12:31:32','2023-10-12 12:35:39','2023-10-12 13:01:32'),('45db651d094ea3e3c17cddf0a067a075b3d151a9ff3f23b4d0da556386b5b2ada255e983562e6941',172,2,NULL,'[\"*\"]',1,'2023-11-03 00:17:54','2023-11-03 00:19:40','2023-11-03 00:47:54'),('45dfbe55d5cf33707e80fcaee35da25a4e58715fb9a831f08ac02a16dc757647a556c165716ee898',146,2,NULL,'[\"*\"]',1,'2023-11-02 03:56:24','2023-11-02 03:57:53','2023-11-02 04:26:24'),('463f7fc51e68252167e6f59b81355f4196496fe077ee066bac70ab988b11bdb73acf06bde7377a31',150,2,NULL,'[\"*\"]',0,'2023-10-18 02:53:27','2023-10-18 02:53:27','2023-10-18 03:23:27'),('46454ae19f46e5bbaecf3d6d2c66cb73fd03425a899ede32563dcf835da02d00f2d03545437c9401',213,2,NULL,'[\"*\"]',0,'2023-11-17 02:32:37','2023-11-17 02:32:37','2023-11-17 03:02:37'),('46b0de57914c3521947f43c807eb04e61737f2ee743b08bbf5c087ccd414caeaba3355efe0faf8e7',445,5,'auth_token','[]',0,'2025-02-12 18:33:14','2025-02-12 18:33:14','2026-02-12 18:33:14'),('46f08f1b2bbfcd6566ea6286a540770bbe2264b1a66157f332825515023dd83782cffbfc1d5614cc',146,2,NULL,'[\"*\"]',1,'2023-10-04 00:36:37','2023-10-04 00:41:11','2023-10-04 01:06:37'),('479164bf67d6088cedaf56b0e018d411b9b4433f3aa5fd19ff862f53443538ebc1db70e34d3d90d2',146,2,NULL,'[\"*\"]',0,'2023-10-25 09:12:07','2023-10-25 09:12:07','2023-10-25 09:42:07'),('479c5158bae4eb959515f3e212683a09d8c15cd13223e1e147f58a9b9fbdd0a6c658b76959e7e823',294,2,NULL,'[\"*\"]',0,'2024-05-27 01:01:50','2024-05-27 01:01:50','2024-07-26 01:02:50'),('47e80ec527f78f91c50e66b2548d7d7ace7b545773fcaf21807e7764cd98afafeee96b069197a6fc',146,2,NULL,'[\"*\"]',0,'2023-10-03 11:18:21','2023-10-03 11:18:21','2023-10-03 11:48:21'),('485683959638f65bd1265155f25be1a072e7475a9c1d4899fc48f48b1dcb8b2babce8403320becfb',146,2,NULL,'[\"*\"]',0,'2023-10-10 08:16:56','2023-10-10 08:16:56','2023-10-10 08:46:56'),('4a1dc545e777eb5e4096187d568d369900e5f1c174f2744006c94b9ae77d05f2ebee9613aa601b1f',175,2,NULL,'[\"*\"]',1,'2023-11-15 07:38:59','2023-11-15 07:39:04','2023-11-15 08:08:59'),('4a3bfc1b3e1509d6644900de576c12a9c74ece524707f6b0a8d4ce8cecb8a85a861d8d414ae5119a',419,6,NULL,'[\"*\"]',0,'2024-09-29 17:54:06','2024-09-29 17:54:06','2024-11-28 17:55:06'),('4a42c7c74e898df802b83f43a03dda07735d9987ce7c389c87115c75417ebddbee48ea341e91d467',156,2,NULL,'[\"*\"]',0,'2023-10-31 03:48:23','2023-10-31 03:48:23','2023-10-31 04:18:23'),('4a4c20b15ea9c47b23852b2e00e09744163248e001ae9cd81206d2869139a9b0e1124e002135e72b',358,6,NULL,'[\"*\"]',1,'2024-07-12 07:56:40','2024-07-12 07:59:51','2024-09-10 07:57:40'),('4a4e6e98ec63b9942d77751427429fb12dba7fff122b02c9a09d1f82fc05236a00dfb1b320c386df',156,2,NULL,'[\"*\"]',0,'2023-10-10 11:25:45','2023-10-10 11:25:45','2023-10-10 11:55:45'),('4a6253af038be5252d650b6e0af97d7a1a19328f83c2ac3fd61dfdf4a15264e4162ea5b197645e25',146,2,NULL,'[\"*\"]',0,'2023-10-05 03:36:17','2023-10-05 03:36:17','2023-10-05 04:06:17'),('4a780aaade7edacd71137e641600ecc653edd1c554a5fc7ddd1f6c689cac435ebfa14d3970db97f0',391,6,NULL,'[\"*\"]',0,'2025-09-05 07:51:24','2025-09-05 07:51:24','2025-11-04 07:52:24'),('4a83a9c247bea6832ccb55465359f52fa5341f7a9a5dc1f4a5ec39afc6f709ddf40208e14c5ee755',146,2,NULL,'[\"*\"]',0,'2023-10-04 23:44:59','2023-10-04 23:44:59','2023-10-05 00:14:59'),('4ab2390d540443b5dccce0f4dbce955874e61ebc152f8c6f222f7273a8d4e6c9da2a147f31b84be4',397,6,NULL,'[\"*\"]',0,'2024-08-08 21:31:17','2024-08-08 21:31:17','2024-10-07 21:32:17'),('4aea075d17561fc9162b97abacd3e612329b9247c88150a79eb5f70d6ab2f8d4bd801ee0cc0b2401',175,2,NULL,'[\"*\"]',0,'2023-11-03 00:30:59','2023-11-03 00:30:59','2023-11-03 01:00:59'),('4aea199631c35de3638ddc0de0eda922dd86233f147e475a6778fcee6b5de446ed17691209dc672f',175,2,NULL,'[\"*\"]',0,'2023-11-03 09:36:07','2023-11-03 09:36:07','2023-11-03 10:06:07'),('4b68938893f991b5de11b111f956ef1d285abe83462e7be6351d746d65a26a97f26c452851629cc1',147,2,NULL,'[\"*\"]',0,'2023-10-12 16:06:54','2023-10-12 16:06:54','2023-10-12 16:36:54'),('4bee6ada11b381d05020f4ea59a043f2034007364af57194ca75dd064d94eba41b8ec01428e8187d',173,2,NULL,'[\"*\"]',0,'2023-11-03 08:01:30','2023-11-03 08:01:30','2023-11-03 08:31:30'),('4c3a9d9e2d0ec9dc221e0a9e25d3f65cb29d87c1b2708cf7e69d79483ac3040dd87c9a7d39db121d',146,2,NULL,'[\"*\"]',0,'2023-10-03 23:29:20','2023-10-03 23:29:20','2023-10-03 23:59:20'),('4d3a22453360897ca3586911aca6d78312692973eb57b5ec56658437a0f6c03c2fddca9ab418eba3',156,2,NULL,'[\"*\"]',0,'2023-10-11 11:06:27','2023-10-11 11:06:27','2023-10-11 11:36:27'),('4d989c90fdca7096b64344225cea542a80c55d64838a2feb18e188eb9ff179a2e32da8bf58108e2d',150,2,NULL,'[\"*\"]',0,'2023-10-04 02:51:07','2023-10-04 02:51:07','2023-10-04 03:21:07'),('4e56892874bb6c18f8bcfc609d86c596c28f0ab6392dda6780b223d0ae03ba3e7d081ac6b76ca036',275,2,NULL,'[\"*\"]',1,'2024-05-27 02:04:21','2024-05-27 03:40:46','2024-07-26 02:05:21'),('4e652bfc45a5742800d4c2bb9969afeb8be1dd6900d6a23d09becafdeb4da8e7698eb498f3cbcc54',166,2,NULL,'[\"*\"]',0,'2023-10-27 07:32:10','2023-10-27 07:32:10','2023-10-27 08:02:10'),('4e9f5b3ee8c7361eaef697a5bcaa63a687b93b71c25e3c1d85a268f536f1345e3991056a22f9ab5c',153,2,NULL,'[\"*\"]',0,'2023-10-09 05:05:09','2023-10-09 05:05:09','2023-10-09 05:35:09'),('4fa29ffac6b57b0019421f05cebdf6c2bb3492793d4503a8eaa5abef999b042e6d2f6d4c4bb58941',329,2,NULL,'[\"*\"]',1,'2024-05-31 04:25:31','2024-05-31 04:26:28','2024-07-30 04:26:31'),('4fff049d1823f259d385efa149833a38a4926ef3bacaa1e1d8efc9b497f03d5df984c53d8b1ce1f6',146,2,NULL,'[\"*\"]',0,'2023-10-22 23:56:45','2023-10-22 23:56:45','2023-10-23 00:26:45'),('501f7a6d7b8ca905fcc7b10f1e680d7e9812e70a004627f6845bb119ab2211ed3b659f9c09a53a10',146,2,NULL,'[\"*\"]',0,'2023-10-27 00:17:40','2023-10-27 00:17:40','2023-10-27 00:47:40'),('502c02b304f444e88259b7f6b0e6a34c0c175730cda54d10372e3034d84461505fecd43d1e140ddb',146,2,NULL,'[\"*\"]',1,'2023-11-02 04:16:38','2023-11-02 04:17:27','2023-11-02 04:46:38'),('506d08ceea7f19ae8c282359245d2826f9ccbac3d336cf133d86d9d208f8484d241c86e0a55cd01a',156,2,NULL,'[\"*\"]',0,'2023-10-11 01:34:25','2023-10-11 01:34:25','2023-10-11 02:04:25'),('50d657b6a96fe03f0d341b1161c75865ad8b0faba3a007c09028fe35f747a05db0c327870545100c',138,2,NULL,'[\"*\"]',0,'2023-09-06 09:06:49','2023-09-06 09:06:49','2023-09-06 09:36:49'),('5153fb4791ff6e55a6778983042f31826b54819b56be293d6e827493428865393ca43dfc70be7db8',146,2,NULL,'[\"*\"]',0,'2023-10-27 06:26:20','2023-10-27 06:26:20','2023-10-27 06:56:20'),('51a2cfd877ce04c12d77a655fc7d164ff5aa6f46118cbc1fca83ea3ca67a26b5c53fd8abfc726a0e',205,2,NULL,'[\"*\"]',1,'2023-11-16 05:12:25','2023-11-16 05:30:11','2023-11-16 05:42:25'),('51afa697f2f064f0f556bb448779c7d63470d9c4d70a9b46519bd6439ca8c2a7d33e8047b4509490',156,2,NULL,'[\"*\"]',0,'2023-10-11 02:12:31','2023-10-11 02:12:31','2023-10-11 02:42:31'),('51e720272b75405dac3fbeb6c51f477277437c7412d86ee32ee6b63e24b8145fbc77f670185d8889',405,5,'auth_token','[]',1,'2024-09-05 13:08:05','2024-09-05 13:09:26','2025-09-05 13:08:05'),('51ef89c87e31e13c471113bac42376dad2682aa8e517b960e75bf5d200a85bbfaa11439353280c4f',146,2,NULL,'[\"*\"]',0,'2023-10-19 03:36:15','2023-10-19 03:36:15','2023-10-19 04:06:15'),('52789d68b039bb14ec7b7769058b9f1e1e23c3175a2e5a5db7458a85dad304964648af289fdab4c4',146,2,NULL,'[\"*\"]',0,'2023-09-29 05:16:13','2023-09-29 05:16:13','2023-09-29 05:46:13'),('540c2a5ca9cbc3b5e39ab887abcb570d83d6e125d91b46724f4f793a1e0d92f2d6319b0c913705db',138,2,NULL,'[\"*\"]',0,'2023-09-06 00:53:51','2023-09-06 00:53:51','2023-09-06 01:23:51'),('54522f732ff488a09f9e2c8c33a2b735bab01affb4fa0643e487fbfa19e43ef146aff90cd679965a',173,2,NULL,'[\"*\"]',0,'2023-11-17 07:06:55','2023-11-17 07:06:55','2023-11-17 07:36:55'),('54a528e9a004cc86d32c12138524144e276ae402962051f963283e65446c707e0ce67260150b6388',146,2,NULL,'[\"*\"]',0,'2023-10-25 08:47:17','2023-10-25 08:47:17','2023-10-25 09:17:17'),('54b8758430dd2759a6d5c57e69151c257b5a9b3bdaf7e6d3f47f2318b7cca1286d4b7855394fc6fc',146,2,NULL,'[\"*\"]',1,'2023-11-01 06:39:01','2023-11-01 06:40:45','2023-11-01 07:09:01'),('54d02f94b2c0e4f57ef3dadce0e4bb31be1d8e1d3b0a93a378b1ba4a476e6f2e1b48c2f27507c2df',153,2,NULL,'[\"*\"]',1,'2023-10-09 05:11:53','2023-10-09 05:14:22','2023-10-09 05:41:53'),('54e1163198e9913775e5136067103518b77b5df7cf0099a607ae2f726862507bbf5dad800d0523b8',191,2,NULL,'[\"*\"]',1,'2023-11-10 00:31:51','2023-11-10 00:33:28','2023-11-10 01:01:51'),('5560926799b1e96b7fe473916bdd9ebf4e386fbb557741429b54a452a2c48acb4f0dc817dbc02505',204,2,NULL,'[\"*\"]',0,'2023-11-16 04:11:42','2023-11-16 04:11:42','2023-11-16 04:41:42'),('5594e9219123244aec0bee7b64a8a8c956c222240569439d2ee6b90dbd44e107d086b79d46dca44c',146,2,NULL,'[\"*\"]',1,'2023-10-27 07:37:51','2023-10-27 07:51:20','2023-10-27 08:07:51'),('55a5a19e918089d2d49301c4ca92d46327718136553cec83ec780ad62cec71b9895586b488a21941',146,2,NULL,'[\"*\"]',0,'2023-09-22 06:24:24','2023-09-22 06:24:24','2023-09-22 06:54:24'),('56308f5abaf02e07e46c91ba7739ab37e10136fa10e7357062e496217ad34821d575c22bc1d58e18',149,2,NULL,'[\"*\"]',0,'2023-09-27 03:47:06','2023-09-27 03:47:06','2023-09-27 04:17:06'),('571db1830b1392f840d3b948aa529ac260f0a66190810464a409a305fc04dbec421023da3921bc82',146,2,NULL,'[\"*\"]',1,'2023-10-03 10:14:17','2023-10-03 10:14:21','2023-10-03 10:44:17'),('571eaeaefc0114e4e09ecd784e876d7c0ee80ee6afcee1c16e436943cff75d0ce6d4a85c40cbda2a',172,2,NULL,'[\"*\"]',1,'2023-11-02 23:55:15','2023-11-03 00:16:02','2023-11-03 00:25:15'),('57bc67e19ca0bec917acc0a51c4f79863b09607650ed5639710114efdf4bc77e873b6589c5ef41d5',175,2,NULL,'[\"*\"]',1,'2023-11-15 07:59:36','2023-11-15 07:59:40','2023-11-15 08:29:36'),('584662e29981c5d2625fcd09cb337b6e8cf7b1120d2de3f8310f55a7ca06f7c19d31545b304a226b',132,2,NULL,'[\"*\"]',0,'2023-10-04 08:39:22','2023-10-04 08:39:22','2023-10-04 09:09:22'),('587770d8d18ac30bf6ae44b820a9c3fb555fe0e4861a7ccebd9797633cc1a9e0a628c6fc332a7202',146,2,NULL,'[\"*\"]',0,'2023-10-04 05:10:58','2023-10-04 05:10:58','2023-10-04 05:40:58'),('58d207deaeb5bc761b1bad3bfe0a22036284dcd570715fe8085d921f8b4bad8fd4c9e9fbd8c227c3',146,2,NULL,'[\"*\"]',0,'2023-11-01 05:48:46','2023-11-01 05:48:46','2023-11-01 06:18:46'),('59090edb91c88d5f6adcfcad933c2ca611e1f140baeb9be389766720a2bd6805832c0328971a80e2',150,2,NULL,'[\"*\"]',0,'2023-10-26 11:16:48','2023-10-26 11:16:48','2023-10-26 11:46:48'),('591122e5d22a4526769017c8efedda45d942e88ffbc17a940d2b3afd7718210760139e7f10ac08fa',146,2,NULL,'[\"*\"]',1,'2023-10-03 09:54:22','2023-10-03 09:54:36','2023-10-03 10:24:22'),('59f072ff0607424406e416c108214561f012f931d0f3e013af26d9e7104a4d3d65e63551fc1e01dd',171,2,NULL,'[\"*\"]',0,'2023-11-02 14:17:10','2023-11-02 14:17:10','2023-11-02 14:47:10'),('5b67bbfe40ca09c45c0f12098693d7fafa07f3b2487f5263acbbc193493c1ee89714258cddb85921',146,2,NULL,'[\"*\"]',0,'2023-10-31 03:32:50','2023-10-31 03:32:50','2023-10-31 04:02:50'),('5bf58bd926efda6baf03e762f23f4a9a8aa64762d30d7f5ebaef31e14246945ea6227f629c4530c1',147,2,NULL,'[\"*\"]',0,'2023-10-11 09:48:51','2023-10-11 09:48:51','2023-10-11 10:18:51'),('5c4873d4e88f1bec65a4bd06024bc17d682c2a1581de5fcb70912da87041228c182e2392e13f2cd5',158,2,NULL,'[\"*\"]',0,'2023-10-11 00:29:32','2023-10-11 00:29:32','2023-10-11 00:59:32'),('5c7192cf7e99bd64d8354fc4989feadd6f36926373cdd32fe259d6f87d7cef6e3ad8b30177a468d4',175,2,NULL,'[\"*\"]',0,'2023-11-03 08:41:16','2023-11-03 08:41:16','2023-11-03 09:11:16'),('5c7d1c7df80cdf458f2f48c8ecce73831753a9636972d5ad6135f518212944bc0ff5d25254949ede',146,2,NULL,'[\"*\"]',1,'2023-11-02 03:51:08','2023-11-02 03:52:22','2023-11-02 04:21:08'),('5ce8dfb0a28db70400cc18039ccd768f2be87e4fc8c126fa801023565f360f73581cc17ed4c70d01',146,2,NULL,'[\"*\"]',1,'2023-10-30 01:00:11','2023-10-30 01:00:18','2023-10-30 01:30:11'),('5d09e0b251357ad0a1e1e5d82dc782e014411ce798f9267e222190c285232c2dc7be2c4272f404e8',175,2,NULL,'[\"*\"]',0,'2023-11-17 07:40:10','2023-11-17 07:40:10','2023-11-17 08:10:10'),('5d4c6f8cb9ed021764cdb5b1955611b2f69411ac0eb8c5c3ac74b8098d1b2eb1e60fbe72ccd435cb',149,2,NULL,'[\"*\"]',0,'2023-09-25 00:02:33','2023-09-25 00:02:33','2023-09-25 00:32:33'),('5dd07eca10aa7b092b424ecd9815a8b7163623562c73b146b232fa95ee16b2fb9801efaaaf3e3e72',146,2,NULL,'[\"*\"]',0,'2023-10-24 23:28:42','2023-10-24 23:28:42','2023-10-24 23:58:42'),('5e0969947477cfdbb4bbc9a11dab551b03fd00a0beeeb46cdeda27dc5de496121c3a935d0f95c3e1',146,2,NULL,'[\"*\"]',0,'2023-10-04 07:56:15','2023-10-04 07:56:15','2023-10-04 08:26:15'),('5e7df1b38bc54b83bc138e53164ff7f6eaa262a7e62838eaf781405a3791000ff8c6b12a4fadd6d6',325,2,NULL,'[\"*\"]',1,'2024-05-29 10:10:02','2024-05-29 10:19:28','2024-07-28 10:11:02'),('5ec5b3f7d06614813a1c33c668d797e95367b6124fc5d67c6d5b8880afba8f79b169239ae8d90bfb',418,6,NULL,'[\"*\"]',0,'2024-10-04 11:58:31','2024-10-04 11:58:31','2024-12-03 11:59:31'),('5ecdc4026d1fd3ffa88a34ed76831c51c0fec8ed7fbfc4c181fbd7249ae9cade8956fe10d7129ae2',146,2,NULL,'[\"*\"]',0,'2023-10-26 04:30:00','2023-10-26 04:30:00','2023-10-26 05:00:00'),('5f466fc7c51b115acb468bf1795c57fcfad9da6c7027cebe5362fc57f44348d91ca8a24d93e50f22',479,6,NULL,'[\"*\"]',0,'2025-08-14 11:50:32','2025-08-14 11:50:32','2025-10-13 11:51:32'),('5f87a37f8ace931a25b6397bbd761ee9aec18f10fff2416495e540c75328a6288cbd2cd247f645ca',138,2,NULL,'[\"*\"]',1,'2023-09-08 05:38:14','2023-09-08 05:38:37','2023-09-08 06:08:14'),('5f90f05820be585ddf12ed59c8152b57a548ee065ec7e1ac5139ded2d821d457126947e9ff59273a',446,6,NULL,'[\"*\"]',0,'2025-09-29 11:55:24','2025-09-29 11:55:24','2025-11-28 11:56:24'),('5fe19a9ff573e19247c4a833531e05878c0024252ad1e2dcad62ed16179483307db5b9e6d5320d54',146,2,NULL,'[\"*\"]',0,'2023-10-05 00:15:15','2023-10-05 00:15:15','2023-10-05 00:45:15'),('5fec47f2e94b7cb368f587423fcd4efe1858eeaf77ca31a00a429f3a50d6ec8d627e89ede9372323',146,2,NULL,'[\"*\"]',0,'2023-09-29 07:18:31','2023-09-29 07:18:31','2023-09-29 07:48:31'),('617e6627d8783c49a6bff5763e2ead65e4119d33241509c73c6711e5badc0bad3778bac4674776cc',175,2,NULL,'[\"*\"]',0,'2023-11-23 08:01:41','2023-11-23 08:01:41','2023-11-23 08:31:41'),('627e8060ca434951d1198cc59401669b22621950cabf94753354d21ba86cc1ec3ef719ab6ae17ab2',146,2,NULL,'[\"*\"]',0,'2023-10-03 08:46:47','2023-10-03 08:46:47','2023-10-03 09:16:47'),('62a13799d7c4b97c8432ea2deb30df4e73a65f44aa7a307483a82a3f0088f974adc9044fbb14322a',420,5,'auth_token','[]',0,'2024-09-30 09:27:08','2024-09-30 09:27:08','2025-09-30 09:27:08'),('62cd310802162f8beed67d30cf599be893fc808b26c50c77171e6238e16b9a448364c374304f3962',210,2,NULL,'[\"*\"]',0,'2023-11-17 00:59:30','2023-11-17 00:59:30','2023-11-17 01:29:30'),('632dcd2dfc9745d58540ff843924fe6aa6015d7878596e5b0597d0d9223b5caffbf703f480d16d4d',147,2,NULL,'[\"*\"]',0,'2023-10-13 08:26:37','2023-10-13 08:26:37','2023-10-13 08:56:37'),('63b3a0b8c99e0efb18010668b564f7c603457958818581440f2b5c894e4299a18176dc1174634228',323,2,NULL,'[\"*\"]',0,'2024-06-11 03:59:03','2024-06-11 03:59:03','2024-08-10 04:00:03'),('6415544447d56535f5dffe41a875b8c9a4d535dd6453213e3c3c731d64540e7efd592d61f8605ae5',160,2,NULL,'[\"*\"]',0,'2023-11-20 09:38:27','2023-11-20 09:38:27','2023-11-20 10:08:27'),('6449068cef6d1eebf09961a6531008c1dc853ae7381c135f81560356c259621233e5a5b775effb20',296,2,NULL,'[\"*\"]',0,'2024-05-27 02:47:12','2024-05-27 02:47:12','2024-07-26 02:48:12'),('64d78e01757c3810e69aed5333cc93beef3562681fe248ff99a67c7cdd089cfa5089dc8e2be1f87e',175,2,NULL,'[\"*\"]',0,'2023-11-03 03:47:56','2023-11-03 03:47:56','2023-11-03 04:17:56'),('6642d8c341bbc8d4c5b74820b970e8cca1e6920f37f7da2e23ca15c562eaf9b65ed34053135e25f5',166,2,NULL,'[\"*\"]',0,'2023-10-27 06:18:48','2023-10-27 06:18:48','2023-10-27 06:48:48'),('666951ed8074aa05caa61322443f168cdc1609cfa7ddee045a7316fd426aacef75f315eea7114dba',146,2,NULL,'[\"*\"]',0,'2023-10-09 06:14:14','2023-10-09 06:14:14','2023-10-09 06:44:14'),('666d2310e0dad9b98f05a76103ba75e97d154fa0d06956f7697a43ea19c5c1a7fa7b13edeb0bff79',396,6,NULL,'[\"*\"]',0,'2025-09-29 14:57:58','2025-09-29 14:57:58','2025-11-28 14:58:58'),('667a0ed642447ed0625c6ede7621a7efc6fd3c0ca75f1e06c4454682267bf6f43352226bfe1c2396',434,5,'auth_token','[]',0,'2025-01-03 16:07:30','2025-01-03 16:07:30','2026-01-03 16:07:30'),('66d2f23b53210160c2be1502dcc396683f0ed2269dd04a623fdee318d8f2dccea4802268eb879b62',146,2,NULL,'[\"*\"]',0,'2023-09-24 23:53:39','2023-09-24 23:53:39','2023-09-25 00:23:39'),('66f5c4ab6841fa916879941ea42b60e560bf57ec5d720695b28162f4b318a6fd885ccac32ba655bb',284,2,NULL,'[\"*\"]',0,'2024-05-27 01:36:04','2024-05-27 01:36:04','2024-07-26 01:37:04'),('66f6da2eb8e3cee04674bc6df5faf7108d9d9167c9bfe31b9d3a2b784687b440bf828ef3f09d52bf',175,2,NULL,'[\"*\"]',1,'2023-11-03 04:44:29','2023-11-03 04:59:30','2023-11-03 05:14:29'),('67084920c88673458e7be8954af907122d413f99384786e3285271ffe650fb921582930ddd61d977',146,2,NULL,'[\"*\"]',0,'2023-10-05 01:07:41','2023-10-05 01:07:41','2023-10-05 01:37:41'),('67186190a9018c55f2ad3a8c6245940b6cb2508115c38d31fe143dedd0c481d76841b4ac4c0bb966',146,2,NULL,'[\"*\"]',1,'2023-10-30 01:00:20','2023-10-30 01:23:04','2023-10-30 01:30:20'),('676cde1420ecd8d80bbad799339985406f4ff4709256c5b753346f543224004e725cb2a7552c70ab',175,2,NULL,'[\"*\"]',0,'2023-11-03 04:52:30','2023-11-03 04:52:30','2023-11-03 05:22:30'),('679cba6bce1fc28ab9fde0c59641d7f7c079f3475956159dcd520709b7c9853264967b6bcca92855',146,2,NULL,'[\"*\"]',0,'2023-10-25 23:06:45','2023-10-25 23:06:45','2023-10-25 23:36:45'),('687ab2e36c5bd30ebb0804b0022bad3783bec8db39c003559fd48fe0b167457f252fccfa9fde0ba2',1,2,NULL,'[\"*\"]',0,'2023-08-22 23:25:09','2023-08-22 23:25:09','2023-08-22 23:55:09'),('69115255f2585124c191b2168bdf9aa09ce45788cc9a7bfe6921d0cfb27af56f9fcae30d6aabbe40',175,2,NULL,'[\"*\"]',0,'2023-11-03 07:19:52','2023-11-03 07:19:52','2023-11-03 07:49:52'),('698edf3a24d87b47f6f7cc51045fd9981c8b70e4cf133055701dfabad6374b5a4ed735ae211c2769',196,2,NULL,'[\"*\"]',1,'2023-11-16 01:16:10','2023-11-16 01:16:19','2023-11-16 01:46:10'),('69e5d0b8f6310e70526379c20c2325d3a058daa26d0e793505c2f4327ae3bee8ede7613bf154db4d',460,5,'auth_token','[]',0,'2025-04-01 11:10:10','2025-04-01 11:10:10','2026-04-01 11:10:10'),('6a7a41edafaa220b0e30b1ba0ebcc7b61257024bbbde64acc59a67836b793e1f12fd9f5f0a58e2c8',146,2,NULL,'[\"*\"]',0,'2023-10-25 08:48:52','2023-10-25 08:48:52','2023-10-25 09:18:52'),('6a899e2307c0dc85e85d24150368dc5d27cfb3bf93c1dc9c6beec314bad4069ba0f027fc4d206782',147,2,NULL,'[\"*\"]',0,'2023-09-25 00:26:52','2023-09-25 00:26:52','2023-09-25 00:56:52'),('6a9a303d55f5d1652a5e5bf8b8986c85e1a1a71862641fdd74b7a4b925ff520d2c6034431b5360a9',160,2,NULL,'[\"*\"]',0,'2023-12-13 08:21:16','2023-12-13 08:21:16','2023-12-13 08:51:16'),('6b2bc778be0787af92f7fca81f366a7ef8f6293800e166cf871410599e5c73df4f316b35d58d3ddd',202,2,NULL,'[\"*\"]',0,'2023-11-16 02:10:12','2023-11-16 02:10:12','2023-11-16 02:40:12'),('6b43c95e3fdf0c0cb3eb0131e846710f37272ccfb1e06ff0bd135de99c2a69dd9229ba3cac65bd27',210,2,NULL,'[\"*\"]',0,'2023-11-17 00:59:08','2023-11-17 00:59:08','2023-11-17 01:29:08'),('6b513631a681f96c0346d68bab0a659970ac356d83ca6dc1c1e3bdf44acec1252fe93cb0f7d36cbc',339,6,NULL,'[\"*\"]',1,'2024-07-12 06:44:54','2024-07-12 06:54:06','2024-09-10 06:45:54'),('6bfd2621cfbb4b47fd3fff56678ca2914d53497cbcebc0c49090b8318d554f6b3909f252fdae75b2',138,2,NULL,'[\"*\"]',0,'2023-08-29 01:45:40','2023-08-29 01:45:40','2023-08-29 02:15:40'),('6cbff5a428dbaf9e7748e1065a38f334bf2ae788159b7a2573a7eec1cd810c572d0a804a7b58d006',138,2,NULL,'[\"*\"]',0,'2023-09-06 09:46:06','2023-09-06 09:46:06','2023-09-06 10:16:06'),('6cde2a67c3a09ff50040cd6f484ffbec3db3d05ac0a41bc920ae26cec6040401ac31ad7fbe5cd203',146,2,NULL,'[\"*\"]',0,'2023-10-25 10:36:50','2023-10-25 10:36:50','2023-10-25 11:06:50'),('6d04141e6568340a007cf07ce758ce83926940ecf459d912c9d69af8bd252d53b054f0d2858397a7',146,2,NULL,'[\"*\"]',1,'2023-10-03 09:54:41','2023-10-03 10:14:13','2023-10-03 10:24:41'),('6d299beacc401ee9eb94c04a8421f872e8572056599d153abffd6bc14388ebbcc07f49d57e0b4d81',173,2,NULL,'[\"*\"]',0,'2023-11-03 08:06:56','2023-11-03 08:06:56','2023-11-03 08:36:56'),('6d4b409f518edfd4205ef4e761475cf471bf2d864c341d8a670d8399821d56908c5f5386765a9467',150,2,NULL,'[\"*\"]',0,'2023-10-18 07:12:05','2023-10-18 07:12:05','2023-10-18 07:42:05'),('6d8db3c4e65bc665315ce2f20888db1f0d207046597528ea1c18e20723600d1a177f75deaa684fbe',406,6,NULL,'[\"*\"]',0,'2025-06-03 11:16:48','2025-06-03 11:16:48','2025-08-02 11:17:48'),('6daef8f0da410eff7d55e18c067770750dc8cce6091725865110d3e4f18de8859a8b99b3b3014c57',478,6,NULL,'[\"*\"]',0,'2025-05-18 08:25:55','2025-05-18 08:25:55','2025-07-17 08:26:55'),('6e32cdd97ddd1f9d1eae4c4e74a8aee976e19960a1ace82882d45778fb15eb48133483cad370d0bd',175,2,NULL,'[\"*\"]',0,'2023-11-03 06:34:53','2023-11-03 06:34:53','2023-11-03 07:04:53'),('6e9ad75f432670cbad44083ee0a8a1ae46947f25ca09f0c6cb5917b054d2ef62c3a34f35e612bbda',138,2,NULL,'[\"*\"]',0,'2023-08-25 06:48:13','2023-08-25 06:48:13','2023-08-25 07:18:13'),('6f0e9c2e56403952468acd933fb3a38ea258c34089192966a82f0f410696ade999c7bb913ae8ca33',173,2,NULL,'[\"*\"]',0,'2023-12-19 04:59:30','2023-12-19 04:59:30','2023-12-19 05:29:30'),('6f3c474612698a40e92aeab0cff44587715b9f8d3204db82ca2b6f5e3f46c4bb5740e44f6a27756e',146,2,NULL,'[\"*\"]',0,'2023-10-23 01:19:43','2023-10-23 01:19:43','2023-10-23 01:49:43'),('6f49884ee8afb4e52284474288fb7d55cee68ccd2bcf83d58bd9b6b80251ec511ed473d380848874',156,2,NULL,'[\"*\"]',0,'2023-10-10 06:53:50','2023-10-10 06:53:50','2023-10-10 07:23:50'),('6f7393a8f22661f78a273686a9fbcff22e4698f951f87720bf80af3dc6dec9b36bd5631093e54128',470,6,NULL,'[\"*\"]',0,'2025-05-07 14:57:38','2025-05-07 14:57:38','2025-07-06 14:58:38'),('6ff60d55e06a454130ebad22b9fd5d4380287a812d840f8f5a16bd5b40f70b2847141c16889cd148',459,6,NULL,'[\"*\"]',0,'2025-03-27 14:44:39','2025-03-27 14:44:39','2025-05-26 14:45:39'),('7078f8c0525853fd179b0fdb889ec119c4a53b8688117f539f2e3505a3046ad86c86ed826c3dfa46',401,5,'auth_token','[]',0,'2024-08-20 15:43:25','2024-08-20 15:43:25','2025-08-20 15:43:25'),('70a71c2d6199537a900e8e44fa7794532d2588e3c40ef8ba3d393906ba2918e4dd7288e5885d01a0',305,2,NULL,'[\"*\"]',0,'2024-06-20 05:35:18','2024-06-20 05:35:18','2024-08-19 05:36:18'),('70c243055118724197eec06ddddbfee7ce110f0ab28cbf9ac6dd6e648f19ba946a1cc03f63bbf5b4',205,2,NULL,'[\"*\"]',1,'2023-11-16 07:03:26','2023-11-16 07:28:14','2023-11-16 07:33:26'),('70d5177dd54002daee6b9112a9a1541da0eccfffde763f1cc25ba9fa69cbe12e9efa5cd89ac24d14',147,2,NULL,'[\"*\"]',0,'2023-09-22 07:50:13','2023-09-22 07:50:13','2023-09-22 08:20:13'),('712c5d00091016d6a4cdc7730dcb0dd82228976b68822cfc682153619be667c09970911c9f6919e2',169,2,NULL,'[\"*\"]',0,'2023-10-30 23:50:53','2023-10-30 23:50:53','2023-10-31 00:20:53'),('713d252b5be07a3340665406eb22cf1828e21d5cabe6c9e0921cca2d31e8df856be59b4e69930bd0',146,2,NULL,'[\"*\"]',1,'2023-10-25 09:13:14','2023-10-25 09:13:25','2023-10-25 09:43:14'),('715a73459ecff2a0869da49314c8dc7cd038a72165ac9b2f8a3cd357448fd9eb98e43f2ab77cdfb5',147,2,NULL,'[\"*\"]',0,'2023-10-10 12:51:31','2023-10-10 12:51:31','2023-10-10 13:21:31'),('715f287eef3cb0b42c6e5b968491f07bc6fe64413415dc4e34c6182c5f479886e02931320545ebb5',146,2,NULL,'[\"*\"]',0,'2023-10-25 23:45:02','2023-10-25 23:45:02','2023-10-26 00:15:02'),('7196487941107d70c58db717be5b143459753d492928c8a9e5414fbca8aca336a83ddd922f4784b5',281,2,NULL,'[\"*\"]',0,'2024-05-27 04:31:04','2024-05-27 04:31:04','2024-07-26 04:32:04'),('7226a01f15447cf67918b4c584f220c38611e70016a534f88545123d14d3761c072d94062be66c68',146,2,NULL,'[\"*\"]',0,'2023-11-02 00:25:21','2023-11-02 00:25:21','2023-11-02 00:55:21'),('726069002aad7fbd0a54694959b39fc3d4fc6671622cdb3155ab90a0316682c3f2abf60db2b7a674',175,2,NULL,'[\"*\"]',0,'2023-11-03 06:48:39','2023-11-03 06:48:39','2023-11-03 07:18:39'),('72615c335c629afb7d23286c47fbda7f2c1b697e4439e87832a11ae07806f9dd0123b21ccbdd884e',157,2,NULL,'[\"*\"]',1,'2023-11-01 06:55:33','2023-11-01 06:57:16','2023-11-01 07:25:33'),('72b155631e81daa3ea7ab66c6736873200b618525a801ee370252c20b16667d686ac66643d3fc241',376,6,NULL,'[\"*\"]',1,'2024-07-13 07:45:30','2024-07-13 07:46:00','2024-09-11 07:46:30'),('72bc5fa2baa7428b14cd11b29b3d790f536600f38f4ccd1381c3327987e7d06ead62216c24bf750a',147,2,NULL,'[\"*\"]',1,'2023-10-10 02:51:40','2023-10-10 03:08:12','2023-10-10 03:21:40'),('72cf06010c512764d3dc966968e14aeae3991a024a3e44a80c5687bcc27979ee2ed59f1b65487fe5',138,2,NULL,'[\"*\"]',0,'2023-09-06 08:57:08','2023-09-06 08:57:08','2023-09-06 09:27:08'),('72e241f01539ce6947cc6c129c2b03721f6ef0b26ba660b58c3292cb718a2e97873f37bc4f181176',146,2,NULL,'[\"*\"]',0,'2023-10-19 05:08:50','2023-10-19 05:08:50','2023-10-19 05:38:50'),('73a9d473a5b097664c7996697ca4612c64b3dbb11ac05891ba02c45aa5b486a6eb8c3e0de7fe7d77',150,2,NULL,'[\"*\"]',1,'2023-10-31 02:08:16','2023-10-31 02:08:59','2023-10-31 02:38:16'),('73c9e10f812878dda9497f7011323667bd11b40506877ad47957423957ee662c827ca621e6d7824a',274,2,NULL,'[\"*\"]',0,'2024-05-22 02:36:34','2024-05-22 02:36:34','2024-07-21 02:37:34'),('73e95fed9f1f9772d81cb9b65e7de4494613741db2b07ec60d7eea488f2540c0e43144d7ef9cdd7d',175,2,NULL,'[\"*\"]',1,'2023-11-15 07:43:14','2023-11-15 07:43:18','2023-11-15 08:13:14'),('74010a5c70559f34e2f539c0404482bb99c134cb00c45dd33db775d463be877e0c9ec103e4bb7e0c',146,2,NULL,'[\"*\"]',0,'2023-11-02 04:10:35','2023-11-02 04:10:35','2023-11-02 04:40:35'),('7448120f3a72f04750aeb8bd4d1e9ea71a403de831db8c5f082554d3605c697f259b5695b1ee26a4',173,2,NULL,'[\"*\"]',0,'2023-11-08 23:49:24','2023-11-08 23:49:24','2023-11-09 00:19:24'),('7466db7dcc5eb86dd01004a2809cdd5d9aa55d1b608d20f9fac103ed0588794c3e93b76af874d472',293,2,NULL,'[\"*\"]',1,'2024-05-24 05:32:04','2024-05-24 07:05:10','2024-07-23 05:33:04'),('747d534876aa8a540eb6cc705a7e52f523d7aa8cb940d5decc439a2a1c3af45145ef8b7ce5275cb4',191,2,NULL,'[\"*\"]',1,'2023-11-10 00:04:38','2023-11-10 00:05:27','2023-11-10 00:34:38'),('74c089e35412e13a4d85bc3ce3f54675baa6ae9d10a7387d7f735d57bd70ada0309acd8a29a440e9',175,2,NULL,'[\"*\"]',1,'2023-11-15 07:44:20','2023-11-15 07:44:29','2023-11-15 08:14:20'),('74e07f933f88583efe7a18252aaf4a36718bd6460bbbd8cdb4e7727edf7a35779f16432ca54265a3',146,2,NULL,'[\"*\"]',1,'2023-10-31 05:02:58','2023-10-31 05:03:33','2023-10-31 05:32:58'),('759b106feb082faabc653bca0c8d2e0ea2e9ae90ce9000e6a132cad9e43f934b94af4fbb5e8407db',146,2,NULL,'[\"*\"]',0,'2023-10-18 03:43:42','2023-10-18 03:43:42','2023-10-18 04:13:42'),('75f58c387ec3b29bbe292d0986bd81d4544240fa10322ce7152e005be78d18a522613cda36cd509f',146,2,NULL,'[\"*\"]',0,'2023-11-01 23:47:16','2023-11-01 23:47:16','2023-11-02 00:17:16'),('7639ed21dec35fa1194159386d7941db4f793a55f13a9ffc261ee94a0d0140e289e6f3c6d8a467e0',147,2,NULL,'[\"*\"]',0,'2023-10-05 06:36:39','2023-10-05 06:36:39','2023-10-05 07:06:39'),('771ecf495e72576e026487800009156a3af95ef5d59f8b59cdc87f3bf452bbe9260d5471d25b453b',138,2,NULL,'[\"*\"]',0,'2023-09-06 02:44:01','2023-09-06 02:44:01','2023-09-06 03:14:01'),('7759d922a61f78e294a35c576acdb72c80a3be37fa29ecb5ecf276c74d333ff07d6db13849b38568',146,2,NULL,'[\"*\"]',1,'2023-11-01 04:34:40','2023-11-01 04:35:03','2023-11-01 05:04:40'),('778fceb4f2e8be9ef78e1064a7abfaed8c57decad85139350d9befb80d60aee43f3cf3681c8b619d',295,2,NULL,'[\"*\"]',1,'2024-05-27 04:45:10','2024-05-27 04:56:41','2024-07-26 04:46:10'),('77a03b0007ae960649482a620e40dfc1fcc2ae7879dc909233bd13ac20f906bbdc9a3e067b564063',453,6,NULL,'[\"*\"]',0,'2025-03-19 06:30:50','2025-03-19 06:30:50','2025-05-18 06:31:50'),('77cf90db2aafd61181e18b809220ce72efaa04880a151be9b2e29e7957cc5a0d0815db749f8964a5',409,6,NULL,'[\"*\"]',0,'2025-02-27 11:55:29','2025-02-27 11:55:29','2025-04-28 11:56:29'),('7834df2230ad6e17b33fac869071032c533a43974a3e2d5c9e1186c8e724fe82480b9b4eb9b9b266',147,2,NULL,'[\"*\"]',0,'2023-10-03 22:56:14','2023-10-03 22:56:14','2023-10-03 23:26:14'),('79c24bd37807eaf187351f20f4f22c0adf322d523021c579b47cebb9b4fa5e0f80f316c0ebbb0ee6',298,2,NULL,'[\"*\"]',0,'2024-05-27 04:43:01','2024-05-27 04:43:01','2024-07-26 04:44:01'),('79d82f5fe89eeff091970fb3297fbf9df3547e988e9fc11919c46b776a06130bd190861602cdd364',469,5,'auth_token','[]',0,'2025-04-29 11:31:47','2025-04-29 11:31:47','2026-04-29 11:31:47'),('79f3514bcabf04629829dd21f8203b60988388ed1de18a0a8ff7755b3afbf9254c3fa82f30d3cd43',450,5,'auth_token','[]',0,'2025-03-06 15:36:25','2025-03-06 15:36:25','2026-03-06 15:36:25'),('79f41428c6277583fcc6ad6a115525c51ece7447937224420e18a66ec6343d4c15eb62118af44b92',146,2,NULL,'[\"*\"]',1,'2023-11-02 03:59:01','2023-11-02 03:59:25','2023-11-02 04:29:01'),('7a6cec33c6a1d1ad4c018c08aa54b3fd5c87649250489e4740bf5c5d1dbc0e8b85d73d2557560695',138,2,NULL,'[\"*\"]',0,'2023-09-06 01:43:41','2023-09-06 01:43:41','2023-09-06 02:13:41'),('7a963249acb8e5e7bfaa5f7edf49c8f14928de69def894a976f4bcb08c43171ef9df48ef3066ab8f',146,2,NULL,'[\"*\"]',0,'2023-10-25 22:22:51','2023-10-25 22:22:51','2023-10-25 22:52:51'),('7ad4b648bd9e4f7010bb69ad3d6223d6fb9487b83147da7d4f4e2b97c457f5830c6f58ce328cd88a',149,2,NULL,'[\"*\"]',0,'2023-09-27 00:57:18','2023-09-27 00:57:18','2023-09-27 01:27:18'),('7af22a6b9f4fc98fa9443aa964b2788d27f18f9df57cb1ff0c2d0d8109944763ea6c7374be3fac53',175,2,NULL,'[\"*\"]',1,'2023-11-15 07:23:31','2023-11-15 07:23:37','2023-11-15 07:53:31'),('7b5aac7e8daeed33d011b18d781febd031aa20ea24ede4711f21b5be1c449b22d9b555ac94ce1202',146,2,NULL,'[\"*\"]',0,'2023-10-26 10:08:43','2023-10-26 10:08:43','2023-10-26 10:38:43'),('7bd2a06eee7d124400390db2c442fc9d5330907b5aaa4fa474049d4107095f447870629fe1261ee8',146,2,NULL,'[\"*\"]',1,'2023-10-31 23:26:05','2023-10-31 23:54:36','2023-10-31 23:56:05'),('7d484875121aad20086b72e226ac64f2e725b727b3c34d4cb2759dc5687c2d13c2a64a0fde45f94d',461,6,NULL,'[\"*\"]',0,'2025-04-01 13:24:40','2025-04-01 13:24:40','2025-05-31 13:25:40'),('7db632849cdea0671c58720b590faa56ab02bea8f0047dc78bc2bd529903ee1324d3dc3cba31c0ca',169,2,NULL,'[\"*\"]',0,'2023-11-01 05:32:37','2023-11-01 05:32:37','2023-11-01 06:02:37'),('7eb9a4cec9ccacb4165c00bf6e221c68e88e550cdb0c168f86e7ecc60e550e94ab0d894d0942248c',156,2,NULL,'[\"*\"]',1,'2023-10-18 00:40:23','2023-10-18 00:58:12','2023-10-18 01:10:23'),('7ecac071e0c3d13729d95e48a285b35544eeb5c96fa51fa167fdea935272e676ad7bdc776c47832f',497,6,NULL,'[\"*\"]',0,'2025-09-05 10:38:18','2025-09-05 10:38:18','2025-11-04 10:39:18'),('7ef5243a7a260d6d5b1d44b39b8a2be9583df19301236ec71157b3c7e4f43a6782aebab9195bcb10',146,2,NULL,'[\"*\"]',1,'2023-09-21 07:38:46','2023-09-21 07:43:53','2023-09-21 08:08:46'),('7ef53fef328d519036eb46a11c5fea614ab4258b5fdd6e1aa5ed04a135e14a81e52b43de2203440f',484,6,NULL,'[\"*\"]',0,'2025-06-29 23:43:30','2025-06-29 23:43:30','2025-08-28 23:44:30'),('7f2aabd998a699f9ad29de4d0b2e5ded0d23ab4d1b56162a665cec127d17927098bf69a56fc03256',150,2,NULL,'[\"*\"]',0,'2023-10-04 02:51:50','2023-10-04 02:51:50','2023-10-04 03:21:50'),('7f85d1107bd5dd6c2cca5c51349b471c51ccb50df65dd0b102dc6cd448cc87cf20ff23a95c3c1b04',171,2,NULL,'[\"*\"]',0,'2023-11-09 02:47:23','2023-11-09 02:47:23','2023-11-09 03:17:23'),('7f97e07447fcb0a27a3b356ba50376cfac4d3107afe991d43e0e38a0ea2177266c960b59133243b3',175,2,NULL,'[\"*\"]',0,'2023-11-16 01:21:20','2023-11-16 01:21:20','2023-11-16 01:51:20'),('7fdf2c3c36b4a45e7dc4f5be2da4ca4c66c0d7685416a5006eaaf24c497db78292acf82f493b3953',191,2,NULL,'[\"*\"]',1,'2023-11-09 23:29:03','2023-11-09 23:47:08','2023-11-09 23:59:03'),('809c29ee472e230e941f57ae8be061cadb71e5306d46701ea1ce20f49bb56554dc120a61cb33e0c5',146,2,NULL,'[\"*\"]',0,'2023-10-26 02:42:41','2023-10-26 02:42:41','2023-10-26 03:12:41'),('81473bb4d372cc5a9217757eac7b2d5ebcd714816e26e89fcbb0b92f2544150745c8ea4bf39b02f8',206,2,NULL,'[\"*\"]',0,'2024-01-24 06:24:06','2024-01-24 06:24:06','2024-01-24 06:54:06'),('815889096485a4d74c1fbfbbd7af4bc0a175ac49f25e642d43d6d06772be4b2935c8e55e93921d99',146,2,NULL,'[\"*\"]',0,'2023-09-21 08:26:16','2023-09-21 08:26:16','2023-09-21 08:56:16'),('816f62cc338e9544d8eeee1f2076a4e87cee0f4ce2d889d6f65231cbdf33990efb6e07108da4d01c',493,6,NULL,'[\"*\"]',0,'2025-09-02 09:26:31','2025-09-02 09:26:31','2025-11-01 09:27:31'),('8170dfa7b4eaf59f1a10110b9f78df6f0dc972037a0cb1a87efe78d11c39720eee229cbb3dbfc0d1',146,2,NULL,'[\"*\"]',0,'2023-11-01 11:24:36','2023-11-01 11:24:36','2023-11-01 11:54:36'),('81dbda4bdcfe24769e15da1c473a800b0d1df40cd50477bff1cae3d4a6679b4325e4088dbac59789',146,2,NULL,'[\"*\"]',0,'2023-09-22 00:57:10','2023-09-22 00:57:10','2023-09-22 01:27:10'),('81fc534b50c64165278c2b0b16988104a765b633b9f47f80053ec6b31f8ddb6dad7f3dcee0c3fdbf',175,2,NULL,'[\"*\"]',1,'2023-11-15 07:55:54','2023-11-15 07:56:00','2023-11-15 08:25:54'),('827a3ecdc79c97bb685b1c2f65f552d83d49fd4af2304e65cec44f096cf82c1861d8caa4edebfaad',173,2,NULL,'[\"*\"]',0,'2023-11-09 01:44:09','2023-11-09 01:44:09','2023-11-09 02:14:09'),('827a93d23c4daaaeec49a7aa15f90dd8b2f2ced357e622bda11036740ba128f63f9daa1abd5f984e',291,2,NULL,'[\"*\"]',1,'2024-05-27 04:38:11','2024-05-27 04:40:37','2024-07-26 04:39:11'),('82a4046879d4880d5a93d0dc0aa47f771f8e303c01f7915f91f88fe5bff3ff81987286b02cfde5b2',190,2,NULL,'[\"*\"]',1,'2023-11-10 02:22:41','2023-11-10 02:23:38','2023-11-10 02:52:41'),('82d62aea4dd6196987dd6deeb87cb867aa2a2590595af98673168d1fc2b14818a71b7060a1791dbc',146,2,NULL,'[\"*\"]',0,'2023-10-31 23:49:27','2023-10-31 23:49:27','2023-11-01 00:19:27'),('8308d9f7eb257f37264aea5fa8c265c1480a89c0c71734387daf0c746d329a58652411055c34ea1d',146,2,NULL,'[\"*\"]',0,'2023-10-25 09:12:38','2023-10-25 09:12:38','2023-10-25 09:42:38'),('835ce24f4b94096f49f9be2971ed51c0b306bc52cfc818a0f1e6190ab4e67443fffbb07f949158b2',146,2,NULL,'[\"*\"]',0,'2023-10-19 00:27:38','2023-10-19 00:27:38','2023-10-19 00:57:38'),('83a5bbdf9cb24c269de1bffc255d3b4c1f861c6170b5f42ce35a0648c09098052402f19ac4fee628',146,2,NULL,'[\"*\"]',0,'2023-10-04 09:20:37','2023-10-04 09:20:37','2023-10-04 09:50:37'),('84691586c034c9f8653b7d9bf00db62a3a810168c535db7dbc755b74f92ff03fd62b695a775ece0f',310,6,NULL,'[\"*\"]',1,'2024-07-12 04:09:44','2024-07-12 04:20:05','2024-09-10 04:10:44'),('8482b563559e78bca7ccfbb7a1ec7bff1ce0f904709c70244e46706c9d177cf240862aeb06aaae0a',170,2,NULL,'[\"*\"]',0,'2023-11-01 07:01:15','2023-11-01 07:01:15','2023-11-01 07:31:15'),('8497af2434d4fea34534e6ee3c465f2582a61890c1d85878790ebd5e96aad5317a9b5ee13401a8a4',175,2,NULL,'[\"*\"]',1,'2023-11-15 07:51:53','2023-11-15 07:51:58','2023-11-15 08:21:53'),('84a883a350c4e5beb1e617c42c8ed7970f719faa94306d49d0afc0f4fcc2c2c7dbf507235dc4b3a3',146,2,NULL,'[\"*\"]',0,'2023-10-04 06:04:58','2023-10-04 06:04:58','2023-10-04 06:34:58'),('84f944c80042b857bf7d175ab5623506d7c6dd5e13d5b25766df8115623351ae677b213dd5abeb1a',153,2,NULL,'[\"*\"]',1,'2023-10-10 02:41:09','2023-10-10 02:41:27','2023-10-10 03:11:09'),('850253dd935c58117f654ca4e26ada899cd7623f9d827e65966040fc8c2405f6963dcf52659f7711',146,2,NULL,'[\"*\"]',0,'2023-09-22 08:12:11','2023-09-22 08:12:11','2023-09-22 08:42:11'),('852644954763139f41de56578fa5fe4010a29463982c3003a34f5d6cbd8e389ff97cdd939231cd42',344,6,NULL,'[\"*\"]',1,'2024-07-12 06:39:59','2024-07-12 06:40:05','2024-09-10 06:40:59'),('852f33669a58c308f42b664ebbcab5000ca229d3d134495be8ad73cc22851bf7c64829d8732673dd',146,2,NULL,'[\"*\"]',0,'2023-10-31 00:14:05','2023-10-31 00:14:05','2023-10-31 00:44:05'),('853d67d4c14bc6ccbdb6a6e70a2ee58df6eb00016e0fea10d9bce66806ac6bb985d965588189f466',429,6,NULL,'[\"*\"]',0,'2024-11-15 12:12:57','2024-11-15 12:12:57','2025-01-14 12:13:57'),('856e8ff431bebcffe7b366ede493ccf788f29d7aea0a55aeda2381ecb03030d45fabb332fef1f875',156,2,NULL,'[\"*\"]',0,'2023-10-11 04:28:36','2023-10-11 04:28:36','2023-10-11 04:58:36'),('858aef550c7f42d14c388650bd71961dd75bc49c78b040db5360054b6eea1fa38ef01de625aa95c0',172,2,NULL,'[\"*\"]',0,'2023-11-02 05:37:01','2023-11-02 05:37:01','2023-11-02 06:07:01'),('85b1ef920b11c0f6e8d35e66644c74188a44e17c9a322f93b97610d2553c8e5868985c583a361aa2',222,2,NULL,'[\"*\"]',0,'2024-01-09 03:42:20','2024-01-09 03:42:20','2024-01-09 04:12:20'),('86b669a0c2cb323f948fd297c545622aa97e56f89831b573f0e0b15905db899644ed334c84953cb4',190,2,NULL,'[\"*\"]',1,'2023-11-10 00:12:53','2023-11-10 03:32:09','2023-11-10 00:42:53'),('86e74e6b661bd9f2f59dcc553e6be39a0bea84e3dc5ba1d8309e33bada5c88818b7e72ecf1a699e1',146,2,NULL,'[\"*\"]',0,'2023-10-25 04:24:44','2023-10-25 04:24:44','2023-10-25 04:54:44'),('870d996b5b9ae1fe44c2867dd26ec8644ceaf76fb663ff63566f27829e3496b6d742e5d24de9fee0',150,2,NULL,'[\"*\"]',0,'2023-10-18 08:24:21','2023-10-18 08:24:21','2023-10-18 08:54:21'),('871792fced4a76023091b0b3b51d1f3b03aa521e8930b0e686f1d5ffddac303382507b711343a31a',147,2,NULL,'[\"*\"]',0,'2023-10-12 15:31:07','2023-10-12 15:31:07','2023-10-12 16:01:07'),('8731fd2c3661b1ccaccca7d01985ec7389838b1df04b5704a85d527c7ee3e578a1dbfa28a4fba54e',169,2,NULL,'[\"*\"]',0,'2023-10-30 02:12:06','2023-10-30 02:12:06','2023-10-30 02:42:06'),('87a4986a6a0c03392be5007c3dc3bc3d59ea9eb7e6a5a15cb5eb66f2a16f85667965616502e30976',146,2,NULL,'[\"*\"]',1,'2023-10-03 09:25:36','2023-10-03 09:54:05','2023-10-03 09:55:36'),('8834d87d847831c17ed46136571568e7e7cd1fdb34878d4b9cd3e588342bc3134e606180e319bcd1',147,2,NULL,'[\"*\"]',0,'2023-10-05 04:52:15','2023-10-05 04:52:15','2023-10-05 05:22:15'),('88ee0c982ee150e268914fa16ef5dbfc36a56fa500235b07d973fadedfdc543826aaa245541e168f',146,2,NULL,'[\"*\"]',1,'2023-10-25 10:30:18','2023-10-25 10:32:22','2023-10-25 11:00:18'),('89003513dadc93cf264c817ee56927aeac2f924cecb6453e72f5ed9e065eeee0cf5f4b32b9fe0e08',146,2,NULL,'[\"*\"]',0,'2023-09-29 03:46:17','2023-09-29 03:46:17','2023-09-29 04:16:17'),('8922a3d5bc688c3e1d5dfd30f3b2ec4cde5a29dbd121e478de397c2f3d341ca7f3c0f864f53f8895',172,2,NULL,'[\"*\"]',0,'2023-11-02 11:44:03','2023-11-02 11:44:03','2023-11-02 12:14:03'),('8933007cf1cd22aa06b324e539ed57b5c2d80d77b7759ecd1c7672df0f87aeacc0855d793ff9a903',373,5,'auth_token','[]',1,'2024-07-13 06:48:56','2024-07-13 06:58:54','2025-07-13 06:48:56'),('8935cc4c6b96916113585b8206732394a5a55f278688a8cf7a0fa9f6c1e241f745c31f5c8f409490',447,5,'auth_token','[]',0,'2025-02-21 16:41:07','2025-02-21 16:41:07','2026-02-21 16:41:07'),('895870fb5ae8f95ff03f424d54d83fe86bf1a56e63e4e2288722988188c32e1ce4904ec01fea7fa1',343,6,NULL,'[\"*\"]',0,'2024-07-12 04:23:24','2024-07-12 04:23:24','2024-09-10 04:24:24'),('8983183eb090167e103e478ffcc98ae59dca23a36950b4cb391eaab0ea773365d74ee56e2aa74d18',214,2,NULL,'[\"*\"]',1,'2023-11-17 06:10:28','2023-11-17 06:10:52','2023-11-17 06:40:28'),('8aaae1cbfc01ddbfcb28845991c2f52b2ae7f8c8e9cb4a6a699041e9fc6a75c65941b6dd869ac19f',146,2,NULL,'[\"*\"]',0,'2023-10-03 06:37:29','2023-10-03 06:37:29','2023-10-03 07:07:29'),('8bfd4689ec44d028a5ad3044931c9f4f34fa8df11f08c0bbd0ad4f4a2e6e8c094ec516ac73911161',146,2,NULL,'[\"*\"]',0,'2023-10-19 06:42:24','2023-10-19 06:42:24','2023-10-19 07:12:24'),('8cea6a31b6c6e63c16d17191250fe3d6b0a2a6f64918e089961ab14204042449b58d8ced3ad4c0d9',488,5,'auth_token','[]',0,'2025-09-01 06:22:07','2025-09-01 06:22:07','2026-09-01 06:22:07'),('8d3efd5695c28b463fbc65b9b7d43362e83bd31dbce09acb407d64c9127bd2078e4fd2352e11a229',146,2,NULL,'[\"*\"]',1,'2023-10-05 04:48:30','2023-10-05 04:49:14','2023-10-05 05:18:30'),('8dde0e587db6e037774c45b29b937d6e08e5d8da7c48d8320713ea28b8b1119a5282ddbcf58db85a',146,2,NULL,'[\"*\"]',0,'2023-10-03 06:05:50','2023-10-03 06:05:50','2023-10-03 06:35:50'),('8e235a30cc7c415370c3b5963d99202171d986208012a12be1f9a483c684ad5ff4334f562ada63b3',146,2,NULL,'[\"*\"]',0,'2023-10-31 09:55:28','2023-10-31 09:55:28','2023-10-31 10:25:28'),('8ebc303f29a6a8fea8bb191869aee46419a19c84f2cbbf4bc05c64f95dd190cb09cdd4a53f41e6a8',435,6,NULL,'[\"*\"]',0,'2025-04-03 16:26:33','2025-04-03 16:26:33','2025-06-02 16:27:33'),('8ee2bc36503db26d0d0bf537a2b65638c132b65f3ff3fec9a67f0fe955d1b944b0cb66903b4876e4',138,2,NULL,'[\"*\"]',1,'2023-09-06 04:18:22','2023-09-06 04:24:53','2023-09-06 04:48:22'),('8f691c7fb9c06840ffb3b5b2da7728ba2d0e894b3c90f6841b2d2cf3292f4350b35492406994942c',172,2,NULL,'[\"*\"]',0,'2023-11-02 04:58:43','2023-11-02 04:58:43','2023-11-02 05:28:43'),('8f8ceb914565bda27f29ed682e634e383af1ce20de156b9161ec392c1a3771d713a1f925530954a5',175,2,NULL,'[\"*\"]',0,'2023-11-03 07:05:20','2023-11-03 07:05:20','2023-11-03 07:35:20'),('8fa4019527bf5688c89a8855206e09a95b79b8ec71f8c7f8ed1c4bfbc031a7b5456474421ca5574a',496,6,NULL,'[\"*\"]',0,'2025-09-05 03:42:38','2025-09-05 03:42:38','2025-11-04 03:43:38'),('8fe0ad97aa8a66d7c2b5790d321999de52f04f06b74a1965b48051380973d7b7af76bc47982b9202',146,2,NULL,'[\"*\"]',1,'2023-10-25 09:13:59','2023-10-25 09:14:14','2023-10-25 09:43:59'),('907ffceb2a40c1967a9c9ce8ebb529d4fa7f20f8ae1c9bd59594d1d13dc83921ca7788c85584c30a',146,2,NULL,'[\"*\"]',0,'2023-10-18 06:57:48','2023-10-18 06:57:48','2023-10-18 07:27:48'),('9093e27496ef04f164e7aae6758987d03ed8b81e576887dbb828169d6e0861d2b2834da90e327981',146,2,NULL,'[\"*\"]',1,'2023-11-02 03:57:58','2023-11-02 03:58:50','2023-11-02 04:27:58'),('9133562aa55ef2e6605b94c052d8e1e68f3d24a90f9bedd0a5e3d2a85df3c21e806eedf0eb2d0388',146,2,NULL,'[\"*\"]',0,'2023-10-05 06:03:23','2023-10-05 06:03:23','2023-10-05 06:33:23'),('9179bb3ac6c5a00db3b6f3db5108b5267fe23f83f4261c0488210490e58c1f0361d8a0db7d1941f6',421,6,NULL,'[\"*\"]',0,'2024-09-30 13:15:18','2024-09-30 13:15:18','2024-11-29 13:16:18'),('91dd660ef5c135b84bab48df3b5736345317bbd2970a22c1cac2fc8bec6d7a9df2e281050243e63a',205,2,NULL,'[\"*\"]',0,'2023-11-16 03:31:33','2023-11-16 03:31:33','2023-11-16 04:01:33'),('9289b9c31222890de416050d1d073f1c4d00d57a5e882df22adc9d834fd3e5a34947f22e5fde731a',157,2,NULL,'[\"*\"]',0,'2023-10-10 08:28:11','2023-10-10 08:28:11','2023-10-10 08:58:11'),('92a041e0d75137a42cd930029a1b3c499024dc5dd31fc40b27a96e60772fbebfa5f81ca6ce3c9623',260,2,NULL,'[\"*\"]',1,'2024-05-22 07:02:15','2024-05-22 07:26:19','2024-07-21 07:03:15'),('933c3106d90e0cd26ac5aa8f49daeb74a509e19f8bbc741cb01d2f8f48e0bc6db005275979b09e91',366,6,NULL,'[\"*\"]',0,'2024-07-13 05:49:38','2024-07-13 05:49:38','2024-09-11 05:50:38'),('9425c97e556fd112f4012155c081873d97fb82881b26f87e0bc5991324f446afbe4939003ba91bb6',146,2,NULL,'[\"*\"]',1,'2023-09-21 08:17:45','2023-09-21 08:20:34','2023-09-21 08:47:45'),('942c7bd9507e85a22809e3592478332a699fb5282dcb8f8d87e9917b7b403a6cb1721a949a785e98',146,2,NULL,'[\"*\"]',0,'2023-10-30 03:04:20','2023-10-30 03:04:20','2023-10-30 03:34:20'),('95036e085d35666fbd53053e16fb1706098c6acc000de26a88fba578d63013d5152acb00c078b183',147,2,NULL,'[\"*\"]',0,'2023-10-05 04:51:54','2023-10-05 04:51:54','2023-10-05 05:21:54'),('950d296e329ddeb9ff5801955128261c9f2f5f8ee0d0d32a03abd1a89bc99e2e22b511e9d7365ae6',147,2,NULL,'[\"*\"]',0,'2023-10-12 17:19:40','2023-10-12 17:19:40','2023-10-12 17:49:40'),('9551225bb404959e7e98e7950da86980709aa4c8b36ed7e80fa8375ff81a91d4e78044db9577b572',399,6,NULL,'[\"*\"]',0,'2024-10-01 09:05:57','2024-10-01 09:05:57','2024-11-30 09:06:57'),('95a71e88f722b278a80872541fb613c6c253e3601fb0c075b8e40f09e5a75686b9f20e228a63bb85',146,2,NULL,'[\"*\"]',0,'2023-10-03 07:08:08','2023-10-03 07:08:08','2023-10-03 07:38:08'),('963fbb420249d43862892e4f7ead919b79c85357a9b302bc1c6b9a85c333f2c9bc822f06ec862017',175,2,NULL,'[\"*\"]',0,'2023-12-19 05:08:25','2023-12-19 05:08:25','2023-12-19 05:38:25'),('96455a8234e079f86601d14289762d8a251a73a7e48f79ae7b0885282ce30098960dfc77777a9144',456,5,'auth_token','[]',0,'2025-03-22 16:23:20','2025-03-22 16:23:20','2026-03-22 16:23:20'),('965271d881ba48bed409416d0fa751fda43c5e0f316f175d5677e6c539abfd3c67f07e9bade0b3c3',147,2,NULL,'[\"*\"]',0,'2023-10-11 11:22:55','2023-10-11 11:22:55','2023-10-11 11:52:55'),('96f2af36fd096500c4b16df2db9882d93a7365ef933c26d538a9d882ca76b23eb08b7708e1810436',172,2,NULL,'[\"*\"]',1,'2023-11-02 04:20:34','2023-11-02 04:22:31','2023-11-02 04:50:34'),('96fe5a32d4b29e24d230c29a13a55ce1c23ebf8cd0908b56ca653ce2043eed0fca3c7ee2a9c2b77a',146,2,NULL,'[\"*\"]',0,'2023-09-29 04:54:27','2023-09-29 04:54:27','2023-09-29 05:24:27'),('978a6926e83ab53b52d28ea2f819f53db52ba58815ccb237e0c533ed752ac6ba62bb2a4da041b3a5',146,2,NULL,'[\"*\"]',0,'2023-10-25 09:51:39','2023-10-25 09:51:39','2023-10-25 10:21:39'),('97c1a4972f975d1c2a9049272c675323c138ff383dbee5d5dd7d6a112d24dcda878b4354f2696649',146,2,NULL,'[\"*\"]',1,'2023-11-02 03:48:18','2023-11-02 03:49:32','2023-11-02 04:18:18'),('97dbe7a2f7e51a7ab7abee4169cde66ef433e07952c8631e82a3204f0cdf025e1b17d0b8d0017da9',146,2,NULL,'[\"*\"]',0,'2023-09-29 06:47:12','2023-09-29 06:47:12','2023-09-29 07:17:12'),('9837b4ff4b238f7ab140e3b54cf9a60e425084c2b4431eeae64657173cfdc6d64a24e6cea0e283e6',414,6,NULL,'[\"*\"]',0,'2025-04-03 16:59:24','2025-04-03 16:59:24','2025-06-02 17:00:24'),('98585dfdd1b2e97ca3a5ced3359776de94adb9d649c6f610c6a30a216e75053da37cf91b11940e87',147,2,NULL,'[\"*\"]',0,'2023-10-11 01:35:00','2023-10-11 01:35:00','2023-10-11 02:05:00'),('988ac1fbd970ae0c6b59c871a35d55aab27d759aa15de74c547b82ae6c3064d6a3596473d43ab982',246,2,NULL,'[\"*\"]',0,'2024-04-30 06:26:25','2024-04-30 06:26:25','2024-06-29 06:27:25'),('98d296323248ae5111a815deb5d073f887db73ed00060c1e7fb21815f548567330cd72a588fc3b32',266,2,NULL,'[\"*\"]',1,'2024-05-27 00:57:08','2024-05-27 01:01:44','2024-07-26 00:58:08'),('98dd78978fc15ebdb39240eec125fbc35bc0bfa6b619b94d7efca1a70b88abf1675fe5268876203e',146,2,NULL,'[\"*\"]',0,'2023-10-25 08:50:25','2023-10-25 08:50:25','2023-10-25 09:20:25'),('98e361d7118bd0fb80e7a456c931dcd7d834ea32a250925add88a3e87bfcb56af840f52af40e1023',204,2,NULL,'[\"*\"]',1,'2023-11-16 03:49:17','2023-11-16 04:10:18','2023-11-16 04:19:17'),('98e4987d89beacec707bb343193a41e947ef6e80960a169b573a25d9adcb6dc6b3035c850c4f1bd0',146,2,NULL,'[\"*\"]',0,'2023-10-25 02:49:35','2023-10-25 02:49:35','2023-10-25 03:19:35'),('990011d66811c1d97217fd299174bb889aa7dac34772bf85632b918707c7ced117b3c595701312e9',146,2,NULL,'[\"*\"]',0,'2023-10-19 04:10:50','2023-10-19 04:10:50','2023-10-19 04:40:50'),('99ea9f81e0560431e27b12528c0804ecc0f8f78c99ce62a36d02c08a24bc1ce62375cc879ada0da0',499,6,NULL,'[\"*\"]',0,'2025-09-08 23:59:39','2025-09-08 23:59:39','2025-11-08 00:00:39'),('9a478d34594faef0e80d9f4a2966a81226ab34c13fc706d0bdea76ada07bf5c87c457345aae8cb78',335,2,NULL,'[\"*\"]',0,'2024-06-13 02:37:15','2024-06-13 02:37:15','2024-08-12 02:38:15'),('9a8c617e7e6fc285adaf416607691e4fbc482fc78aa72fb1ffb4072af93478314b999dd14c0c56c8',487,6,NULL,'[\"*\"]',0,'2025-09-01 03:43:37','2025-09-01 03:43:37','2025-10-31 03:44:37'),('9aa0a431513c1f23a753331dd968ef6397b89558464a95c4ec9cd16f693eaecfc65f5c6915fd022b',146,2,NULL,'[\"*\"]',0,'2023-10-31 09:23:25','2023-10-31 09:23:25','2023-10-31 09:53:25'),('9b2683c6e644420fc81545c7aca3ea92968ab3789ea672e09b0d7a3ce605532c6219f08c749870e3',1,2,NULL,'[\"*\"]',0,'2023-08-25 03:43:17','2023-08-25 03:43:17','2023-08-25 04:13:17'),('9bbaecd3e03209d37f3ab144f5839a9a8d3e0e4e04a2ff8e9d01c8bb9be59ca81a4df625648aabd7',150,2,NULL,'[\"*\"]',0,'2023-10-19 03:36:21','2023-10-19 03:36:21','2023-10-19 04:06:21'),('9bcc4def888f4fd2b8b48ad29672711b10edf99516fa578b0ed866b21f703ad7d0bfbd533bbff0c3',175,2,NULL,'[\"*\"]',0,'2023-11-15 08:40:00','2023-11-15 08:40:00','2023-11-15 09:10:00'),('9bcf6bfafa912a3dec7988cf6feb278b1b1548808031e702c8afafed5eaac1f9cc0c33e6a28a9f24',146,2,NULL,'[\"*\"]',0,'2023-11-01 04:41:35','2023-11-01 04:41:35','2023-11-01 05:11:35'),('9d0904cac25bc77d4f42d37be1d6112f0ad7dcb9418552f44da002db2c85b1f9ba4e69a8f185d581',175,2,NULL,'[\"*\"]',1,'2023-11-15 07:22:16','2023-11-15 07:22:20','2023-11-15 07:52:16'),('9d8f1cd978e78e436c025e9fd561bf9b7200bd861c9ce0bec768741d9dcf2078207b2b664bf45771',286,2,NULL,'[\"*\"]',1,'2024-05-27 02:38:26','2024-05-27 02:39:09','2024-07-26 02:39:26'),('9e0e254af98aac33ffe8697ab35de5ea6c180f661982267be14f370bfa9e72e629e12b136d4e9186',147,2,NULL,'[\"*\"]',0,'2023-10-12 05:41:14','2023-10-12 05:41:14','2023-10-12 06:11:14'),('9e62528ba90d77bed0ea906336385c72c93e0f55d904ce06fe9661211205f65ed66163e2937b12e6',192,2,NULL,'[\"*\"]',0,'2023-11-10 02:24:14','2023-11-10 02:24:14','2023-11-10 02:54:14'),('9e74e9947648ab19e43e32d1f0a4f65ec694d6dcc4d02b0ba967f31919ad403c26fa48b4936f9405',147,2,NULL,'[\"*\"]',0,'2023-10-11 08:09:09','2023-10-11 08:09:09','2023-10-11 08:39:09'),('9eca1f5cf30eae1d8788dab6fb934335dceae62cd0a1b65bdcdc2d0ce32f71b6109f102c023de93c',146,2,NULL,'[\"*\"]',0,'2023-10-04 04:33:20','2023-10-04 04:33:20','2023-10-04 05:03:20'),('9edf79d73c7ff8ccb556897bb26207667d39c4a9e566a1afb3ff09a72a55561dc8abe1b97166ca8a',146,2,NULL,'[\"*\"]',1,'2023-11-02 03:56:03','2023-11-02 03:56:20','2023-11-02 04:26:03'),('9edfb422ba02d8e34a80f86e4d61b2e71adb661783164510a68369bc49916f12dcefbe1fd5238a13',146,2,NULL,'[\"*\"]',0,'2023-10-05 03:05:38','2023-10-05 03:05:38','2023-10-05 03:35:38'),('9ef28e73c5510f4314546f37b93b59efaa4febcc2155c08cf64009f088f3781545a8dc77038aa270',196,2,NULL,'[\"*\"]',1,'2023-11-15 22:27:07','2023-11-15 22:27:13','2023-11-15 22:57:07'),('9f642f590d4f28b6350caac6c0356cceac3838cf5da389a976303969de9c86866a89ea958393c2a6',146,2,NULL,'[\"*\"]',0,'2023-10-04 07:50:24','2023-10-04 07:50:24','2023-10-04 08:20:24'),('9fc7c110062c62e1ce51a968b8d6c4654ebd9d66f6946e028fa50c5ff765e595dfee9a54f34f0b22',146,2,NULL,'[\"*\"]',0,'2023-10-03 02:16:35','2023-10-03 02:16:35','2023-10-03 02:46:35'),('9fccae426cfd2009ac4a491c1dd403abd25fc6ef80601f871cac3f121814d954f249f5359e8ea903',138,2,NULL,'[\"*\"]',0,'2023-09-08 05:10:08','2023-09-08 05:10:08','2023-09-08 05:40:08'),('9ffb99887c15eb0ab6b477f348ff06b992eb8683460240fa61af85dcdab8c8263698bb744656b1f9',146,2,NULL,'[\"*\"]',0,'2023-10-26 05:17:24','2023-10-26 05:17:24','2023-10-26 05:47:24'),('a0231d937478e0d8ceba9bf454d4b51c8592397d25658ab7c719459634a3e49e703b278e49c27966',147,2,NULL,'[\"*\"]',0,'2023-10-11 06:48:42','2023-10-11 06:48:42','2023-10-11 07:18:42'),('a05988e002482ec532e01332bce2319410cee03355bb4c1f08c7c092a334ae3fd44622a287aaa2f3',213,2,NULL,'[\"*\"]',1,'2023-11-17 04:04:23','2023-11-17 04:34:19','2023-11-17 04:34:23'),('a08b3d277756a30331abdcfce7b67a5668021296c8ece58fe963e48cac741ae3dd3d6c84de06d799',216,2,NULL,'[\"*\"]',0,'2023-11-20 22:24:03','2023-11-20 22:24:03','2023-11-20 22:54:03'),('a10c45969f2dbc21cef34d30cc9481b091172fbbbe4ec22dabcb41601ad11bb69953ca630f8db806',147,2,NULL,'[\"*\"]',0,'2023-10-11 12:26:53','2023-10-11 12:26:53','2023-10-11 12:56:53'),('a1c5cd804edb475375afec419babf8b6f927b0b4558865d650c27a6bee50860131471c706e3e5f83',198,2,NULL,'[\"*\"]',1,'2023-11-15 22:38:44','2023-11-15 22:41:02','2023-11-15 23:08:44'),('a1d94b005f1c88daa255fbf5e44624754163b5bed3e5c62ace3b4d41bd84d9f6607be4f613acbc91',146,2,NULL,'[\"*\"]',1,'2023-11-02 03:50:57','2023-11-02 03:51:03','2023-11-02 04:20:57'),('a23c11cb582884b157873634d9942c702682f9a1a1642b767b13d19346d6f38ca8027a884426b9db',175,2,NULL,'[\"*\"]',0,'2023-11-03 00:28:20','2023-11-03 00:28:20','2023-11-03 00:58:20'),('a34f126853653001d5eeaac2dea812a9319eaa3c34b8d81f71260db522d05ba1f3f7ffae06d8c355',198,2,NULL,'[\"*\"]',0,'2023-11-15 22:31:26','2023-11-15 22:31:26','2023-11-15 23:01:26'),('a3a1d2e9eb2c918c78539a234efaf98665d5e5716d7466bc9c8c73888b2eaa401c5c30b667d1f3f7',146,2,NULL,'[\"*\"]',0,'2023-10-03 03:39:06','2023-10-03 03:39:06','2023-10-03 04:09:06'),('a3c7ea9b86d6edc3c70c79f9f97f4f3c92edd23840bebd3783ee4ae5a2f4dfb695e1c795bb28d74d',426,6,NULL,'[\"*\"]',0,'2024-11-04 22:08:02','2024-11-04 22:08:02','2025-01-03 22:09:02'),('a3cf600444238821ece422b83a7e1066e25527a0ffc8f7eb41832ae692423f080e76cbb8b0c9a7f6',146,2,NULL,'[\"*\"]',1,'2023-09-21 08:11:17','2023-09-21 08:11:36','2023-09-21 08:41:17'),('a482073a12307d92b74d1bfe99e33c3a9f833b124cd4e66b7577b6bdac00cf253d619950b722bd8f',149,2,NULL,'[\"*\"]',0,'2023-09-28 01:01:59','2023-09-28 01:01:59','2023-09-28 01:31:59'),('a4b5b816fc5e7fbe88ea676245795ea2078133c542e3fcdcbae0206225b933c415e14afd19f4c65a',363,6,NULL,'[\"*\"]',0,'2024-07-13 00:43:47','2024-07-13 00:43:47','2024-09-11 00:44:47'),('a4bb20c6862d1486a40683a216d5f2742aef23ad4567cd6ff9383b187f737793cbce11a5ac5e1d3b',150,2,NULL,'[\"*\"]',0,'2023-10-05 06:34:11','2023-10-05 06:34:11','2023-10-05 07:04:11'),('a4cb895a077ae3fbeed26b43bf9f58ac03b934afec830e09bcbf7e4359b026a133f2963935907af7',146,2,NULL,'[\"*\"]',0,'2023-10-18 01:33:28','2023-10-18 01:33:28','2023-10-18 02:03:28'),('a528854d3849f5aadc2737ba7d6c91c8a8de393e20487755380464e58744a2f800098e5a93bbdebd',379,6,NULL,'[\"*\"]',0,'2024-07-13 07:46:29','2024-07-13 07:46:29','2024-09-11 07:47:29'),('a5407c9512a143ffed8b6ebd30d840577988694b509374efc8b0cbc68f313ed83807b3159229e157',175,2,NULL,'[\"*\"]',1,'2023-11-15 07:39:48','2023-11-15 07:39:55','2023-11-15 08:09:48'),('a5556a57c5f889a1dd34ddef2eb4e44040dc54f45c176c7bac55a51cf0da8627c50c163d43c7ef23',175,2,NULL,'[\"*\"]',1,'2023-11-15 07:33:20','2023-11-15 07:33:23','2023-11-15 08:03:20'),('a555d7773ad334a4dd183090bedf7f9577d1bba24c342685f297daacd0fd8f574a8c55ec16e2ab5d',427,5,'auth_token','[]',0,'2024-11-08 12:37:44','2024-11-08 12:37:44','2025-11-08 12:37:44'),('a608f100b931168103941599bb5d7f9113f00b495126fbf81ec31070da86595a66688cf9547c9169',157,2,NULL,'[\"*\"]',1,'2023-10-10 08:57:01','2023-10-10 08:57:20','2023-10-10 09:27:01'),('a697d24ef1929fd0d91d9c27e0d29b2a48280e0b46ecb6ea2c077384890be617d3c5c7be63040278',150,2,NULL,'[\"*\"]',0,'2023-10-18 03:43:53','2023-10-18 03:43:53','2023-10-18 04:13:53'),('a7059d3bee06b5696130590e47beca15840bd04156faf61b9e6aa36d5d0c429abf16f5db4a8081e3',146,2,NULL,'[\"*\"]',1,'2023-09-21 07:45:15','2023-09-21 07:46:40','2023-09-21 08:15:15'),('a71375c6085aa78c5a0d11ddc3a0a8cc274b58fa7db2e978e867c57d59d3d098efd13aa13ae1696b',146,2,NULL,'[\"*\"]',1,'2023-11-03 09:00:19','2023-11-03 09:00:27','2023-11-03 09:30:19'),('a744c848164ca3a6c049fcebb42c74dc35fab6d1f7e7d6d2472ab8bc0628a1a19c79e61add626a80',149,2,NULL,'[\"*\"]',0,'2023-09-25 03:46:50','2023-09-25 03:46:50','2023-09-25 04:16:50'),('a8544041e1950d1e361712cb8d5d4724d4da476f67c2ab295584aa02126d5832471721cb069dc15a',149,2,NULL,'[\"*\"]',0,'2023-09-28 01:38:46','2023-09-28 01:38:46','2023-09-28 02:08:46'),('a8544dfa00471eebdcd76a97ed98225601135319ebb58c8b652f4f4e2c6e06b21549abee00857ea3',171,2,NULL,'[\"*\"]',0,'2023-10-31 05:16:49','2023-10-31 05:16:49','2023-10-31 05:46:49'),('a8589b12b77d8f081542ac0b02ad41b605681899778af09136d4b74daa69eecd22316bcdc7bceb12',166,2,NULL,'[\"*\"]',0,'2023-10-23 04:34:23','2023-10-23 04:34:23','2023-10-23 05:04:23'),('a862b2e437d55103e0fa83aacb3c4be2b44257abe9375479bc25bab852867bb741c58e679378d525',147,2,NULL,'[\"*\"]',0,'2023-09-29 04:39:07','2023-09-29 04:39:07','2023-09-29 05:09:07'),('a86442c0f9825f024d9c3f52a86921a3ca6236b25ef55a1e59992f34e592467ef3ef7c4c9be9e561',150,2,NULL,'[\"*\"]',0,'2023-10-19 04:19:58','2023-10-19 04:19:58','2023-10-19 04:49:58'),('a896c6d9c2f1ab06691296e7f491a6244fc87c3ecad56f891c29af5ca6d7c657c41b178bbff70efe',146,2,NULL,'[\"*\"]',0,'2023-09-29 07:25:46','2023-09-29 07:25:46','2023-09-29 07:55:46'),('a8a24b1881bfb570280aa13efd0670e3a4dc6005a2a8b0c19721cc1b43d7f4b8f09098abdfb80d35',146,2,NULL,'[\"*\"]',0,'2023-10-26 01:05:43','2023-10-26 01:05:43','2023-10-26 01:35:43'),('a908d8cb1f4545dde62e30e97eac9ce6c2a547fdcd433ec9f5a1f4a56e14f3d9974d9e9bdd5a35d2',146,2,NULL,'[\"*\"]',1,'2023-10-25 10:22:54','2023-10-25 10:23:10','2023-10-25 10:52:54'),('a90c0cc15bbecaa0e494a0d31995cf7f29c0ff70e9f7352de712e6248a6854bacc5b4a79120ce4a6',158,2,NULL,'[\"*\"]',0,'2023-10-11 03:48:10','2023-10-11 03:48:10','2023-10-11 04:18:10'),('a92eb1f9ec3ffbab983b3932539e03d2f4de1eb99566061f4dbde16187aebcf356e8f9d1fe20e422',146,2,NULL,'[\"*\"]',1,'2023-10-31 04:30:53','2023-10-31 04:30:57','2023-10-31 05:00:53'),('a9771b5d73e66407ef6dd8eaba9e2963b93348a1547ffeae559ab86ab70cc5dbfc8db7052889387b',173,2,NULL,'[\"*\"]',0,'2023-11-09 00:16:09','2023-11-09 00:16:09','2023-11-09 00:46:09'),('a9780bfba3b8451aaf1ba3b87ddfc7c2f162651600d056b361b075bdb10e8b2da07a5394b1e9d747',146,2,NULL,'[\"*\"]',1,'2023-09-21 07:46:52','2023-09-21 08:10:16','2023-09-21 08:16:52'),('a982ac812573122dfdb60cf71e4e89aefe9fbeac9ac73d91913e995a2ba094e18aeb57206922d9bc',191,2,NULL,'[\"*\"]',1,'2023-11-15 06:56:43','2023-11-15 06:58:43','2023-11-15 07:26:43'),('a9b2fdb110cceeae007a78bcb08d3874fe36b44467a5a239e7ea07a69f751653aa98d15c17ac2ab7',433,6,NULL,'[\"*\"]',0,'2025-01-03 16:15:33','2025-01-03 16:15:33','2025-03-04 16:16:33'),('a9b7e3a4cb5c22ab5380ecac349a2ea403b35e7b6e12832ff7d65d1c8721ceb9c120418cd556d3c0',147,2,NULL,'[\"*\"]',0,'2023-10-12 12:31:52','2023-10-12 12:31:52','2023-10-12 13:01:52'),('a9c435b11373e7d48826a8d39c6575040f477beb1c2760f6d7dcf3ba8263a52743ead476189c5e2f',171,2,NULL,'[\"*\"]',0,'2023-11-02 14:24:30','2023-11-02 14:24:30','2023-11-02 14:54:30'),('aa62571eefec215ed9a67c32129689c232db988b6baf9b9b480e9858faceef44c3da8565d68b48ff',146,2,NULL,'[\"*\"]',1,'2023-10-10 03:25:16','2023-10-10 03:25:24','2023-10-10 03:55:16'),('aa9bffcdfe595e3b8890329abf97a767917c43058e6bb45267f08ddd7dc543a739c530cbfd817513',206,2,NULL,'[\"*\"]',0,'2023-11-16 05:57:53','2023-11-16 05:57:53','2023-11-16 06:27:53'),('aba7a50668b277219aa28434b2669336b3525f159a6ad33e38424f7294420cf51880ef9445019fe3',190,2,NULL,'[\"*\"]',1,'2023-11-10 03:38:01','2023-11-10 03:41:53','2023-11-10 04:08:01'),('abafba5f7097544c1844825b2dde37b192e2453c9b17344227a50d9c9f13927fdfb0d22a715afc62',327,1,'auth_token','[]',1,'2024-05-29 10:48:18','2024-05-29 11:07:11','2025-05-29 10:48:18'),('ac49d7e8854cd55d4edf0dbac47d90e6096e1fec97e2914d5684fbcb2ed7d750f696eb1727c19312',147,2,NULL,'[\"*\"]',1,'2023-10-05 05:02:01','2023-10-05 05:02:39','2023-10-05 05:32:01'),('acd872113fe9f9fa470a4e91a1d8b676bfe343184d5027d43a83c1de08cef33e2abdc62a6003b86b',146,2,NULL,'[\"*\"]',0,'2023-10-03 04:48:06','2023-10-03 04:48:06','2023-10-03 05:18:06'),('acef527cf303afd525ebddabc6527327c27fe8e38c6ca7eccee882b51f480511cac661e2949ba55c',202,2,NULL,'[\"*\"]',0,'2023-11-16 01:57:51','2023-11-16 01:57:51','2023-11-16 02:27:51'),('ad9162cc0bb77569d76824a33b647a9da64e76c8b591d6ede9a790b3bcefc378ff53d247ae275856',214,2,NULL,'[\"*\"]',0,'2023-11-19 22:05:50','2023-11-19 22:05:50','2023-11-19 22:35:50'),('ad982bb3f6b1a36451ecee0bc32c90279459d665e67780fbd5d494b9b6bbee8a5eaf5d03754b7fa6',283,2,NULL,'[\"*\"]',0,'2024-05-21 08:11:41','2024-05-21 08:11:41','2024-07-20 08:12:41'),('ade5770d93a84f5ec51000b5c8f025a5ee108d7828227248630c3072af3fba606127ebe8e8659dd3',172,2,NULL,'[\"*\"]',1,'2023-11-02 23:46:31','2023-11-02 23:55:03','2023-11-03 00:16:31'),('adee068497987337d996ccbc8d09e80ec94fb992c04684f25e12c9fcea1232504f80a31eea125d3d',175,2,NULL,'[\"*\"]',0,'2023-11-03 09:42:17','2023-11-03 09:42:17','2023-11-03 10:12:17'),('adfd76e58acfbd2c907333757849d5205076825c21132df6ee44d061ad0233002146da5db66173f0',150,2,NULL,'[\"*\"]',0,'2023-10-05 02:49:06','2023-10-05 02:49:06','2023-10-05 03:19:06'),('ae7f80d3cd649a6257b2fb653928d300973abce87848522ca49d87ebb8bc1a650daf0e6c92e3a667',175,2,NULL,'[\"*\"]',1,'2023-11-03 06:28:53','2023-11-03 06:28:59','2023-11-03 06:58:53'),('aed50547669f590eabd6fbfcc1e86727365efeeb2c46ceb85a6252e8bd0490ceffe46c3ed4940e0b',150,2,NULL,'[\"*\"]',0,'2023-10-19 05:41:41','2023-10-19 05:41:41','2023-10-19 06:11:41'),('aedf5adc26f34a9a1d7a4dd4195bb1fba23ea93b3ac7921740ea099907718290edcfa77f98b5c14b',171,2,NULL,'[\"*\"]',1,'2023-11-02 05:29:44','2023-11-02 05:36:26','2023-11-02 05:59:44'),('af703a721c1a4be0163114e619609e969d7ec07dbaa08e9e4ca7b843f113a94be558221f0acaed15',156,2,NULL,'[\"*\"]',0,'2023-10-10 11:57:28','2023-10-10 11:57:28','2023-10-10 12:27:28'),('b05f9f14c6a07ac566e9047749b832372218f17998e9c979b306fa2e367087fcea78add78428e274',146,2,NULL,'[\"*\"]',0,'2023-10-30 01:26:28','2023-10-30 01:26:28','2023-10-30 01:56:28'),('b074e6dc15b54728bb5dda3e1ce3f0f4830d81ee1129c78b545b1f6fd9a718059fd1026a3af5ec0a',158,2,NULL,'[\"*\"]',0,'2023-10-11 02:08:04','2023-10-11 02:08:04','2023-10-11 02:38:04'),('b0b54e789770634ce133ed57605dae32131bb0271ae485a3edd49c455711af6256d5b83aab4de97e',146,2,NULL,'[\"*\"]',0,'2023-10-29 23:31:12','2023-10-29 23:31:12','2023-10-30 00:01:12'),('b0c28c13efbcf687b53e4add4b47d669ee3cb0a211d923e0914e3a1d57bb2eef0111b6e894b28b36',147,2,NULL,'[\"*\"]',1,'2023-10-10 12:50:41','2023-10-10 12:50:46','2023-10-10 13:20:41'),('b0c4bbcda70493aaf182b0e9badfb88dd7bbf3e5d7d586b79ee0149f10e6581e4c25ee647e4cccbb',330,2,NULL,'[\"*\"]',1,'2024-06-21 07:05:28','2024-06-21 07:06:26','2024-08-20 07:06:28'),('b0d4e6eff54efddf09701ba98b69b23cd68bce02a87fb9a595732701e98f8b40f83f759bc4b0a199',150,2,NULL,'[\"*\"]',1,'2023-11-01 04:34:34','2023-11-01 04:39:35','2023-11-01 05:04:34'),('b0d560ea5f5b51a6fa16ccb7cb44f77c2e0dd0349f17a3b1fd0db9d4cbdacf0917f3d5e7490dbfbf',146,2,NULL,'[\"*\"]',0,'2023-10-31 07:06:55','2023-10-31 07:06:55','2023-10-31 07:36:55'),('b109cff04548159bd8a97ede762cfaa963594088480f0d47262f454cec9e1597462367bc100ce7b2',146,2,NULL,'[\"*\"]',0,'2023-10-03 13:59:09','2023-10-03 13:59:09','2023-10-03 14:29:09'),('b12a4f02fe2b55cbfcd2d1262a195bd1e0aba6dfca3802488fb576801be90da6773eecc50b2f0ecf',303,2,NULL,'[\"*\"]',1,'2024-05-28 06:27:15','2024-05-28 07:06:50','2024-07-27 06:28:15'),('b2ca2de4ce639f2a09f70687949087750e108bd7434138df8d1cdba15a54b50418ffa30a3aa5a796',146,2,NULL,'[\"*\"]',0,'2023-10-31 03:06:21','2023-10-31 03:06:21','2023-10-31 03:36:21'),('b301ef634bc19bf6f04f2ede8f67e5d96d0dfa2bfe87e33d9f34adce064d39aa6cb628328f72abc6',172,2,NULL,'[\"*\"]',0,'2023-11-03 00:20:01','2023-11-03 00:20:01','2023-11-03 00:50:01'),('b30c353c9d4582ebb00ffd46f7539039e63d8ca86b27c0eef683ca0627d4c895b1bf5d03d64856da',476,6,NULL,'[\"*\"]',0,'2025-05-16 10:34:34','2025-05-16 10:34:34','2025-07-15 10:35:34'),('b3fa2f15669ed470bc873c95f711a4c1422e48e4e885d7affb5fb3bd27105426e803beb8718d673b',314,2,NULL,'[\"*\"]',1,'2024-05-28 23:48:06','2024-05-28 23:52:13','2024-07-27 23:49:06'),('b42bb89d3ebe5267c28a22ae01cbe94743b722dd561e71dd981a0ca18ae817ed0c4c9320ddc48a85',190,2,NULL,'[\"*\"]',1,'2023-11-10 03:35:23','2023-11-10 03:37:30','2023-11-10 04:05:23'),('b4875b8c0f7340a4c42b2f2c59937afa8e8f7f534435c7b0da6f73e5b96b42bb6650657db6c822c3',146,2,NULL,'[\"*\"]',0,'2023-09-29 04:24:15','2023-09-29 04:24:15','2023-09-29 04:54:15'),('b4a701a0aa66701aeb2567efefe900117c73bc590fab28ad57d285ac4ae511504a3b86bde61d972b',432,6,NULL,'[\"*\"]',0,'2024-12-30 16:20:00','2024-12-30 16:20:00','2025-02-28 16:21:00'),('b4e31109717808be3e19cbc0299175248b97a6654033d538a37b5e9ecaa2382f6fb2b66b98ab7683',171,2,NULL,'[\"*\"]',0,'2023-11-01 07:43:30','2023-11-01 07:43:30','2023-11-01 08:13:30'),('b4e846068abf5617dc684ee89099758f21f6da4c8cc394a85679ff2952d5b896fc6f15e842efbf8c',147,2,NULL,'[\"*\"]',0,'2023-10-18 00:59:35','2023-10-18 00:59:35','2023-10-18 01:29:35'),('b50e01d126a38b1628248e9f433390c69015fbc58438d39e5992f595763ca268258a52d772ad6a87',169,2,NULL,'[\"*\"]',0,'2023-11-01 02:20:05','2023-11-01 02:20:05','2023-11-01 02:50:05'),('b56253a26017c17bd0b359db66cf3eb0b6fcc4d7f941b04db096a29e2ffe1ef9aa2609813313ad6a',146,2,NULL,'[\"*\"]',0,'2023-10-04 00:56:12','2023-10-04 00:56:12','2023-10-04 01:26:12'),('b5bec9ae1d711d3c346288fd9c434e9fbb0d9cfae20fe9f7fcc55096d9d32119d1bfc55548325bce',175,2,NULL,'[\"*\"]',1,'2023-11-03 09:32:36','2023-11-03 09:35:14','2023-11-03 10:02:36'),('b5da803b1f819e47b6a3425b861dd5dd00cba3f7daf6dbc1649ada0cc65a1ecb4c02222547ab0661',173,2,NULL,'[\"*\"]',0,'2023-11-17 02:40:50','2023-11-17 02:40:50','2023-11-17 03:10:50'),('b60fa93f2176cf67b7cfc8259fa1209e0553bc8955ad876258b587c9da34647384b274e003278405',138,2,NULL,'[\"*\"]',1,'2023-09-08 06:26:43','2023-09-08 06:27:32','2023-09-08 06:56:43'),('b6c80640f003dbcb4b0d44f6dadab930ab4e7b5e9aed989abe069b8db35ef3da50061907816bad4d',156,2,NULL,'[\"*\"]',0,'2023-10-12 12:35:49','2023-10-12 12:35:49','2023-10-12 13:05:49'),('b844e6341245ef9070e71837e01df3d229143f0882de2a43de7dd8e06bc4ffbf9b850c5d6d95e335',196,2,NULL,'[\"*\"]',1,'2023-11-15 22:21:42','2023-11-15 22:26:49','2023-11-15 22:51:42'),('b8b9b84ffa036e31d02f4787fbc576edc5422ac0481d3893940f7055e9ee881fe5b0898c95fbaaa1',146,2,NULL,'[\"*\"]',0,'2023-09-22 07:21:30','2023-09-22 07:21:30','2023-09-22 07:51:30'),('b946d3bbfa3e9b0ad0d95a691e15c6cec69eeee600dc9ce32f663ebf505cf84e94661c040c36338b',147,2,NULL,'[\"*\"]',0,'2023-10-03 00:49:24','2023-10-03 00:49:24','2023-10-03 01:19:24'),('b9cfbde667995c458a4204a58da62b09b72c9e8a8810ba68a1d1ba19c030ad49cf58c37e3e5fa8d6',175,2,NULL,'[\"*\"]',0,'2023-12-19 05:59:17','2023-12-19 05:59:17','2023-12-19 06:29:17'),('ba62ddb5ec64e683cdd8fabdbc61f387d158b135da123c3074aefb6a369b6a8722b1e0c594cdea26',171,2,NULL,'[\"*\"]',0,'2023-11-01 07:11:28','2023-11-01 07:11:28','2023-11-01 07:41:28'),('ba939e878daf2247a82d030f2ce70e418081015a7baaaacd375c06ef7eccaf88f715320703cb3f4d',160,2,NULL,'[\"*\"]',0,'2023-12-13 10:29:08','2023-12-13 10:29:08','2023-12-13 10:59:08'),('ba99a974d1e6bda62c356611f3e7183589197bf09698b548cffc778808ad1305acd9f31ff15f075b',146,2,NULL,'[\"*\"]',0,'2023-10-05 06:43:55','2023-10-05 06:43:55','2023-10-05 07:13:55'),('baf7cb1a47b1eb1c02b72a1318987eb4988de9fbf2076a23528204f3e896e50713f749bd9483291c',448,6,NULL,'[\"*\"]',0,'2025-03-26 15:25:03','2025-03-26 15:25:03','2025-05-25 15:26:03'),('bb08ac3e53c35673d82ea3c15cc43065328b46c560b899af45ebf1e8e9ec1f3ef2d05061c2b8e9b5',156,2,NULL,'[\"*\"]',0,'2023-10-12 16:25:12','2023-10-12 16:25:12','2023-10-12 16:55:12'),('bba170e9d2450ada10dc20f517514d45abfe00c2f4125135ab69c35a5e1b1afc7d3fc38cc5bfb1f3',146,2,NULL,'[\"*\"]',0,'2023-10-03 01:35:38','2023-10-03 01:35:38','2023-10-03 02:05:38'),('bbbbcb010aca99baf07a1725053b17462a27f78c4d9d83545118ce387c9cd43a49e6d6196798e9cf',146,2,NULL,'[\"*\"]',0,'2023-10-24 08:21:48','2023-10-24 08:21:48','2023-10-24 08:51:48'),('bbcc9dee5b4a0c356f0e1b8c1568f9e6011718401f07112375a4a269f30fce2927954072cd297170',146,2,NULL,'[\"*\"]',0,'2023-11-02 02:06:40','2023-11-02 02:06:40','2023-11-02 02:36:40'),('bbd6e563002b8a5be9595e197a5da51557db51ee55fc121fa5d46928026b00387005dea123d45bd2',146,2,NULL,'[\"*\"]',0,'2023-09-21 08:58:54','2023-09-21 08:58:54','2023-09-21 09:28:54'),('bbe41f56f583cbbf8e40438499b677c3bbcca63331530a9d41b8106a11109b328068c5aa1138ece5',172,2,NULL,'[\"*\"]',0,'2023-11-03 00:22:37','2023-11-03 00:22:37','2023-11-03 00:52:37'),('bbff9ce0ed6d3882a3b46c50a5a4bb8ce78ebbc3927678c52fa3169e8899deea636cd4da39c62631',273,2,NULL,'[\"*\"]',1,'2024-05-22 07:31:22','2024-05-22 07:40:04','2024-07-21 07:32:22'),('bca0cdd8bedc651297fdd4654999199d73794d2da96767e9b4dad6139363bb874fbf0752965d26c6',146,2,NULL,'[\"*\"]',0,'2023-11-02 14:57:43','2023-11-02 14:57:43','2023-11-02 15:27:43'),('bca88059118f17c2a53cb953276ccf956fd54fa67cb6105235dfd7531a1638b4b9252aa45c946e7c',147,2,NULL,'[\"*\"]',0,'2023-10-13 08:37:34','2023-10-13 08:37:34','2023-10-13 09:07:34'),('bcee104c0ff60e5bb663344cadcdc9324d95ae56323f5470f43b553aedcbd6dba87cad0d9fdab7c3',146,2,NULL,'[\"*\"]',0,'2023-09-25 00:31:02','2023-09-25 00:31:02','2023-09-25 01:01:02'),('bd0ca1da05a342aff6894afb71a86d7446e0e6cb126af3dcf3a60f41e3ca960a8bc8f7a76174831f',350,5,'auth_token','[]',0,'2024-07-12 06:19:39','2024-07-12 06:19:39','2025-07-12 06:19:39'),('bd46191cad3dfcf1cfcb933165c5d2506fe46c0a5c41c2c66860aa32b86a2822faa2cb2d8b530c5e',213,2,NULL,'[\"*\"]',0,'2023-11-17 04:36:03','2023-11-17 04:36:03','2023-11-17 05:06:03'),('bd80ec272f24c7f1abf2afd4952a2e193dbcfd83200948b8b6e87463b4793df6adb3275062c76ad7',292,2,NULL,'[\"*\"]',0,'2024-05-24 05:18:28','2024-05-24 05:18:28','2024-07-23 05:19:28'),('be01146a32f89b63e8c87f65aeb59932e563220cd1fe940506a53018e143753d41d4c13fe0fc0d2f',146,2,NULL,'[\"*\"]',1,'2023-09-21 08:14:31','2023-09-21 08:16:15','2023-09-21 08:44:31'),('be2aa33d53924d2e5107a8f91cc560b339e065c879dd889148256288fcfb7f9c9c9dc061fafad0e7',168,2,NULL,'[\"*\"]',0,'2023-10-30 00:50:01','2023-10-30 00:50:01','2023-10-30 01:20:01'),('beece2d054acc4aa76b3116bc673de2809d897db4a31b00537ce3cc70569d51e222e8111bb0e7f02',146,2,NULL,'[\"*\"]',0,'2023-10-25 11:11:16','2023-10-25 11:11:16','2023-10-25 11:41:16'),('beef696082eebb5f259c24503f4b965bf00d1ad45ae42d708e079014ebae2041048f74104ee6aace',146,2,NULL,'[\"*\"]',0,'2023-10-25 08:51:28','2023-10-25 08:51:28','2023-10-25 09:21:28'),('bf264879af324bf275de38fe4f01569f42b16e0c52683a7f0b20938f6e54120c8f22ce98e967e2ec',146,2,NULL,'[\"*\"]',0,'2023-10-04 06:04:54','2023-10-04 06:04:54','2023-10-04 06:34:54'),('bf321395b63476d593545bc8b0c73a3db86036501abfcabd72891d5abf0cd950da005eef06264cf1',156,2,NULL,'[\"*\"]',0,'2023-10-17 00:41:51','2023-10-17 00:41:51','2023-10-17 01:11:51'),('bf35e6a8122ba8a094d0184869a32f3e6c0c28304294ad82bb463e7252f3d1081f78a0debe978b98',383,6,NULL,'[\"*\"]',0,'2024-07-13 08:32:25','2024-07-13 08:32:25','2024-09-11 08:33:25'),('bf901c028357179fe130bbbc8e89f15ea93946e7bfe7856d1832fae450608238e6535ae7aa70e5dd',169,2,NULL,'[\"*\"]',0,'2023-10-30 01:50:55','2023-10-30 01:50:55','2023-10-30 02:20:55'),('bfbb0631efc975d8d713c7f4971fa2c9914caff2e3a555552125a6357aeab0b6f99043a4809cbe88',146,2,NULL,'[\"*\"]',0,'2023-10-18 06:17:31','2023-10-18 06:17:31','2023-10-18 06:47:31'),('c0512d57389e3dc050a7ca6c818bea43d5a39ce8822ced4610abee0a5ef1fbfe804b8d2d076903bc',156,2,NULL,'[\"*\"]',0,'2023-10-13 09:55:15','2023-10-13 09:55:15','2023-10-13 10:25:15'),('c08c1090920afbe43239919680bcefeccd757cd2ee2956fd39cdea7aa7a08987c8e13c61edbe0686',146,2,NULL,'[\"*\"]',1,'2023-09-21 08:16:58','2023-09-21 08:17:40','2023-09-21 08:46:58'),('c0f86daa5755611e71b061f8e3fad3a0043055b11edfad88d0b4108ef4eda66571390712cf770ca2',164,2,NULL,'[\"*\"]',0,'2023-10-11 09:23:56','2023-10-11 09:23:56','2023-10-11 09:53:56'),('c14acdb371f5fd19805c9e8eedfd6db584d3bba49235e4d83d09fed7e670513e232f4d1d4cfe6814',146,2,NULL,'[\"*\"]',0,'2023-10-02 22:57:09','2023-10-02 22:57:09','2023-10-02 23:27:09'),('c1581166a142ed0cb6b68bee6e2ae5c25c311bdcc2e52b8703b1500bae1d414c3bfb2da7f734e418',375,6,NULL,'[\"*\"]',0,'2024-07-13 06:52:30','2024-07-13 06:52:30','2024-09-11 06:53:30'),('c189a1de14f7c325685111cb0388fe2ff48e5f75ae208fbab17d94fa582767d2fbb4d6c4ebc48fba',147,2,NULL,'[\"*\"]',0,'2023-09-29 03:58:35','2023-09-29 03:58:35','2023-09-29 04:28:35'),('c1a10112daeabcd3bdbfdd465661c5f530daf78d25aac99e3f9c9279d09c6ec58599565a3bdf7265',214,2,NULL,'[\"*\"]',1,'2023-11-17 05:47:05','2023-11-17 06:07:26','2023-11-17 06:17:05'),('c1b9afc0ecf2bf14c283e4078511818fed2ab373a470b7f1e06c0f3ba6e3cef2c0153d28f9a325c8',138,2,NULL,'[\"*\"]',0,'2023-09-06 09:43:04','2023-09-06 09:43:04','2023-09-06 10:13:04'),('c23d174c1503c178699aa26253f664d6ffcce8beae70431d573e75021c85017a330f9f069871f239',400,6,NULL,'[\"*\"]',0,'2024-08-14 05:33:40','2024-08-14 05:33:40','2024-10-13 05:34:40'),('c2481faae0885539f8b13280a2f6740b35afe6ec677405f18b3f6542884a6be418d0c6b0133633f3',156,2,NULL,'[\"*\"]',0,'2023-10-13 00:26:09','2023-10-13 00:26:09','2023-10-13 00:56:09'),('c28214de9742fa1eb7c882b5d0fe27bff3dcd72844bf193aae44364f9077480c03cbc239d6da60ad',171,2,NULL,'[\"*\"]',0,'2023-11-02 05:37:40','2023-11-02 05:37:40','2023-11-02 06:07:40'),('c2a65461be92d2bc31757908197ae3a70a94d42f0ece895652d5e4b09355776bac9ca7f89288165d',156,2,NULL,'[\"*\"]',0,'2023-10-11 10:14:38','2023-10-11 10:14:38','2023-10-11 10:44:38'),('c3087a9439884b639f6bd52d62300cc92823496dd7a8d4379bec2f88fd4ed2b8d72e7494eaf93751',319,2,NULL,'[\"*\"]',1,'2024-05-29 08:29:49','2024-05-29 09:46:54','2024-07-28 08:30:49'),('c365c97792dcfb0230fc425ca9963c6fe12fdfdd90f629cdabb51269bb2841235d5541df1707138c',172,2,NULL,'[\"*\"]',1,'2023-11-02 23:55:08','2023-11-02 23:55:13','2023-11-03 00:25:08'),('c375acf00ea868d3abbcfef63630bfc84e9d4a982f8dbf1aa3350d6839553fc9fe345e999abda8c3',146,2,NULL,'[\"*\"]',0,'2023-09-22 03:21:54','2023-09-22 03:21:54','2023-09-22 03:51:54'),('c3f413f177891b6145b87c22246c743252b10b4d7b18cd92473e70cc3001c6ed73818cb5b4577a8a',149,2,NULL,'[\"*\"]',0,'2023-09-28 06:38:05','2023-09-28 06:38:05','2023-09-28 07:08:05'),('c494e2a063451017743f4e4ab2bc95570bafaa332d2dfc845f5f3ccfb6c4ddc8ac8c0326014e0162',147,2,NULL,'[\"*\"]',0,'2023-10-25 02:48:00','2023-10-25 02:48:00','2023-10-25 03:18:00'),('c49d0c351c37ede776afcc83aacfd4faf3bd849a7ee068595529a5c8beb55d6a64c6a71f7afb4837',146,2,NULL,'[\"*\"]',0,'2023-10-19 01:18:21','2023-10-19 01:18:21','2023-10-19 01:48:21'),('c536b984150190ddaef3638d64e1ae2eb0cefb93f2646b5a303fbf7994a19ee887263024fe65c8ec',146,2,NULL,'[\"*\"]',0,'2023-10-31 11:12:37','2023-10-31 11:12:37','2023-10-31 11:42:37'),('c5e23f1aaadd929783edc6277e650d48de6921c5a9edf07be0ad393cd5be078444ebc8881959c167',334,2,NULL,'[\"*\"]',1,'2024-06-20 05:45:25','2024-06-20 05:47:38','2024-08-19 05:46:25'),('c5e33c6b443342899a76a7e21a7580b99fb74a2c0c5500b2dd6d683a03ab1c1920197991827bebc7',169,2,NULL,'[\"*\"]',0,'2023-10-31 03:52:28','2023-10-31 03:52:28','2023-10-31 04:22:28'),('c613e205b5a8aefb6f64dfa9a60cb500b6b41bfc4278e73cca9747b5d3646f1fc75d94e4a974842a',147,2,NULL,'[\"*\"]',0,'2023-10-11 07:20:25','2023-10-11 07:20:25','2023-10-11 07:50:25'),('c61f02aed0c207507f65ad16cc09e5e7ebd0d87451ed82f41f9bf76851433a729122e755c9f55f5d',175,2,NULL,'[\"*\"]',0,'2023-11-03 00:40:01','2023-11-03 00:40:01','2023-11-03 01:10:01'),('c66c49a8846fe60cfb3d9efeefda1fb2faf33468120f170adce0f04f6ba67565e64d9a51b323d6a1',160,2,NULL,'[\"*\"]',0,'2023-12-13 17:47:41','2023-12-13 17:47:41','2023-12-13 18:17:41'),('c6e549107a5e1e78980e2cc2f90cb23b6fdf7346cd23c249ee6477a0bd84ee315648353fd6470505',490,5,'auth_token','[]',0,'2025-09-02 02:26:07','2025-09-02 02:26:07','2026-09-02 02:26:07'),('c71c92f81c48a8ffaed45c7f10dc65654dd12bdd0523544c23bb8a4d346acec0881c12851239e8ea',157,2,NULL,'[\"*\"]',1,'2023-10-10 08:18:11','2023-10-10 08:22:40','2023-10-10 08:48:11'),('c7402c6a74da17d964ba743a5a4e6da1d4f13318371c4d56e003cbf21cb405e99f1f8aaccdc242bc',191,2,NULL,'[\"*\"]',1,'2023-11-09 23:27:52','2023-11-09 23:37:59','2023-11-09 23:57:52'),('c77fe32a6a27c064143ed985fa0f59f70da20fcfe6a8b6edb7f8a47f8e42a5604ba6d1bcabed46b6',146,2,NULL,'[\"*\"]',0,'2023-10-11 23:01:57','2023-10-11 23:01:57','2023-10-11 23:31:57'),('c798a557c5758fd6eb1763556fc17f5e8cd3760f23bbe809715defa650f162715ce10b9b4d0c6e14',156,2,NULL,'[\"*\"]',0,'2023-10-11 02:47:00','2023-10-11 02:47:00','2023-10-11 03:17:00'),('c7ceb8380075dc56214080a807a9bdb77b25967e3091e531110970360f6bb89d594828a1c3efe307',398,6,NULL,'[\"*\"]',0,'2024-08-14 02:29:10','2024-08-14 02:29:10','2024-10-13 02:30:10'),('c7f8c85fe8016067f9854e7c580ebe1bb319e76a7f2cf5dfa3c6fdb90f5ae460e9fb873e13e52f12',146,2,NULL,'[\"*\"]',1,'2023-10-03 03:55:14','2023-10-03 03:55:44','2023-10-03 04:25:14'),('c8b737fecf21e5f3cf572a77fcd831cfc45083a672a0156a5592c2ce5196e73d122930090676761f',146,2,NULL,'[\"*\"]',1,'2023-09-21 08:16:18','2023-09-21 08:16:55','2023-09-21 08:46:18'),('c938ace5acae3c6830ea6b94aef79fe3764eba79e464c9a800cbb9d8fab9ace2667161f5a3eee075',147,2,NULL,'[\"*\"]',0,'2023-10-11 08:12:15','2023-10-11 08:12:15','2023-10-11 08:42:15'),('c960dff49d682566ed5393ca33904cfd4caef4080d25292e0abe8a47eee3a343e375c977dfc54f79',160,2,NULL,'[\"*\"]',0,'2024-02-06 23:29:25','2024-02-06 23:29:25','2024-02-06 23:59:25'),('caffc59f67f566f9fb8659a424a05489b543ba599dd0e4e6af92f6075fa2d63bd102e51da70e962d',147,2,NULL,'[\"*\"]',0,'2023-10-12 13:54:35','2023-10-12 13:54:35','2023-10-12 14:24:35'),('cb3269c8afd46b705105cdb2d2f409f9d686041ac13f1bf5d6087eaa1f87e972175531db1872f8ce',150,2,NULL,'[\"*\"]',0,'2023-11-01 04:02:27','2023-11-01 04:02:27','2023-11-01 04:32:27'),('cb8e6aa6cbab4cbe5d8ddf47085488c068f58afe579e81ddf9a487030937dac1d62788c6d659fe68',138,2,NULL,'[\"*\"]',0,'2023-08-25 07:11:21','2023-08-25 07:11:21','2023-08-25 07:41:21'),('cbace61a7423ff5ff90819eb6acd1d059aa17a67229b0e8a3bfbcf6aac0f0d166fb99b9317fc1cfd',175,2,NULL,'[\"*\"]',0,'2023-12-19 06:46:11','2023-12-19 06:46:11','2023-12-19 07:16:11'),('cbc911697022026dad55cddf4e90c5fda0c9493f546f5a8945e8af1e55e7bde567a6dc6ec863e724',170,2,NULL,'[\"*\"]',1,'2023-10-31 05:41:06','2023-10-31 05:54:46','2023-10-31 06:11:06'),('cce08a3947303b3a5c7c15184a3437cc53180937437eb74ce4b480468bf13ed30b3a9bd592a59778',156,2,NULL,'[\"*\"]',0,'2023-10-16 11:17:56','2023-10-16 11:17:56','2023-10-16 11:47:56'),('cce7254e6e77906531375c2af974a0e86c01f1fa4de8669d3c7ff14d5c1ba18e70de820e78068b5d',146,2,NULL,'[\"*\"]',0,'2023-10-05 06:34:05','2023-10-05 06:34:05','2023-10-05 07:04:05'),('cd4ac1ece1631a46f270cdf0f4d370108f5c73eda8360e2147ffc5581c2cabfd6e0c43ed7c21cc5a',214,2,NULL,'[\"*\"]',0,'2024-01-29 23:02:51','2024-01-29 23:02:51','2024-01-29 23:32:51'),('cd5590092876350db2c1fa239eadbc435eccb0eff3f2f0b6b557f864c9853f1be9197a00b58eab92',440,6,NULL,'[\"*\"]',0,'2025-04-09 15:54:11','2025-04-09 15:54:11','2025-06-08 15:55:11'),('cd78d7684417e237ef66108b829037651b6a7bb74c01515251516271cf787b3741adbd8803bdd717',146,2,NULL,'[\"*\"]',0,'2023-10-03 01:46:19','2023-10-03 01:46:19','2023-10-03 02:16:19'),('cd7af2df1ee2ca9af90f9028764c02932ecebde942d725dd88f9e976f6bd48ca5d5138dbc883e020',172,2,NULL,'[\"*\"]',0,'2023-11-02 15:23:23','2023-11-02 15:23:23','2023-11-02 15:53:23'),('cdd96710a784a05c877053799157f9c479cda1a68fbd9fe864444f79f18e7ea45f511ec353c74e6f',157,2,NULL,'[\"*\"]',0,'2023-10-11 04:22:52','2023-10-11 04:22:52','2023-10-11 04:52:52'),('ce1b335a35ec7a487cd58ceaa773039080c3e69a74b6e8a3044a17ed8d80d8e46f072751504633dd',201,2,NULL,'[\"*\"]',1,'2023-11-16 01:32:49','2023-11-16 01:48:29','2023-11-16 02:02:49'),('cec9d3cea73192d89f5a2464644a78d303ec39e9f7dd2f415255331432abe9d4e81c165c96ce1dd0',147,2,NULL,'[\"*\"]',0,'2023-10-11 10:19:28','2023-10-11 10:19:28','2023-10-11 10:49:28'),('cecb372f386d94e9575c4a0d386450b82f348f8c36f2596808a03e74fa867cc5c327267280a9d439',146,2,NULL,'[\"*\"]',0,'2023-10-27 08:32:05','2023-10-27 08:32:05','2023-10-27 09:02:05'),('ced6b27a88097aeb44c9bc6ff0e53d6fa9e784966d8b0d027dd3f4bbca1a842b9970e8fc3bb79552',157,2,NULL,'[\"*\"]',0,'2023-10-18 23:19:21','2023-10-18 23:19:21','2023-10-18 23:49:21'),('cefd5a1903e6c8b7375ba676c589e4befd453dc38ef5dfd4a9db71a60e3a3647c17d035be36c0b4b',265,2,NULL,'[\"*\"]',0,'2024-05-08 00:53:50','2024-05-08 00:53:50','2024-07-07 00:54:50'),('cf087cd9fd7d1bcce6b6fbf8cea64607da5a216a9af67a6d9db3526274482e8df6b2bbaccc6a24a0',146,2,NULL,'[\"*\"]',0,'2023-10-26 03:57:11','2023-10-26 03:57:11','2023-10-26 04:27:11'),('cfb383b6864f8c0045f94b441f91bc515791e5c765210f41460b329d4b2bf8feec48a2a34a3ae7d4',146,2,NULL,'[\"*\"]',1,'2023-11-02 04:00:34','2023-11-02 04:10:05','2023-11-02 04:30:34'),('d019bc6d37e7c1c0ee34812f864e5be5f9adf44f74aafdf02a25b91842201685f7a79fff6fcc0eaf',282,2,NULL,'[\"*\"]',1,'2024-05-23 03:57:40','2024-05-23 04:43:38','2024-07-22 03:58:40'),('d050892630a7364ee7993945bfdf686e94a6173e3018dae11ff3b50d4d248b6a73cffa81925a401a',202,2,NULL,'[\"*\"]',0,'2023-11-16 03:08:09','2023-11-16 03:08:09','2023-11-16 03:38:09'),('d05f658dc596fb996ab09ddc5e6332d7324f7739449f056045db6a7fe513816a9e3c3d47306c8ff5',204,2,NULL,'[\"*\"]',1,'2023-11-16 03:48:26','2023-11-16 03:49:06','2023-11-16 04:18:26'),('d074c4eb2e4f501083c36ac612ea79846bece774ee352e0a3327c4c22c52de60df794d840f6369b8',351,6,NULL,'[\"*\"]',1,'2024-07-12 06:22:17','2024-07-12 06:38:23','2024-09-10 06:23:17'),('d0ab213305fdafded72a46b5ff00013a183e4903abcc749a6e89aec271dce5d6fd4fba213af69457',146,2,NULL,'[\"*\"]',0,'2023-10-03 08:13:40','2023-10-03 08:13:40','2023-10-03 08:43:40'),('d0eb069e15cba77cd1ceaba56e3a4f10edb1eb00ac5ce3a75a33b9dbc67e56e728bbcea20d71df85',146,2,NULL,'[\"*\"]',0,'2023-10-03 08:13:29','2023-10-03 08:13:29','2023-10-03 08:43:29'),('d16e232bda0282a28682304d51809064042304e231dc4acbda8dcf924298ecf58f6bd4bbaef00e96',317,2,NULL,'[\"*\"]',1,'2024-06-05 04:37:11','2024-06-05 07:37:53','2024-08-04 04:38:11'),('d17cd592e0a0712c9a1efb210f75f4ea199454d9996ffecdc73920d15a9d924e73aec737413dc8cb',485,6,NULL,'[\"*\"]',0,'2025-08-27 09:36:28','2025-08-27 09:36:28','2025-10-26 09:37:28'),('d19e7495bbfa7b25fbf96c22279ff93690bbac48a77d034184b595ae0a549d76f831184bdd5b723d',264,2,NULL,'[\"*\"]',1,'2024-05-16 07:06:55','2024-05-21 02:23:03','2024-07-15 07:07:55'),('d1caa0eef7e1db8ee452a6a9b871390c4901f640a7af44beceba28a4c40393359a37dbd6aa30b501',146,2,NULL,'[\"*\"]',0,'2023-10-03 07:21:42','2023-10-03 07:21:42','2023-10-03 07:51:42'),('d1ebc4f5d7f30e40ca96c3ef332a53eb474953d3a503039eeeb9cfc902c12692729cd713b72a0999',156,2,NULL,'[\"*\"]',1,'2023-10-31 03:24:01','2023-10-31 03:48:13','2023-10-31 03:54:01'),('d1fa15d8d285d861cc8b86b4727144863e1bdd220293aed244490af2c34cbb14b77434690b01ac0e',483,5,'auth_token','[]',0,'2025-06-08 12:17:44','2025-06-08 12:17:44','2026-06-08 12:17:44'),('d200d0c389df3f2d69cc1a6ff66f04bb410c1553f83c364acaa7609d82b4f6e5ee1963995b1906bd',173,2,NULL,'[\"*\"]',0,'2023-11-01 06:32:22','2023-11-01 06:32:22','2023-11-01 07:02:22'),('d20ad0746ebf37035d9cf3b0ac2a8705905349d6e7167c8f4dcd271d993405cd57b0675f190c7647',437,6,NULL,'[\"*\"]',0,'2025-05-02 13:17:46','2025-05-02 13:17:46','2025-07-01 13:18:46'),('d22027a2195804be625bf025d24ca62ca9a11e1e80d6d61b458534f28f3e787e01a093a0f70c1590',425,6,NULL,'[\"*\"]',0,'2024-10-04 15:26:48','2024-10-04 15:26:48','2024-12-03 15:27:48'),('d230a0efefe888519859e8765b41f6bb904b8431efd90b21f3abeb7adc8572668d435f668c4ed109',146,2,NULL,'[\"*\"]',0,'2023-10-31 00:48:40','2023-10-31 00:48:40','2023-10-31 01:18:40'),('d24912891cff944db602d631ec2debbee6358f12079235872b5da13404d0e47a6526fe1e681a0930',491,5,'auth_token','[]',0,'2025-09-02 07:33:27','2025-09-02 07:33:27','2026-09-02 07:33:27'),('d2635f62e21c8beff6c732f65c2618647122ba60e00b9b7b9d31ed993bad0175f710ec9e76d2c22f',191,2,NULL,'[\"*\"]',1,'2023-11-10 00:06:20','2023-11-10 00:27:36','2023-11-10 00:36:20'),('d2edcc2e4548d0f05da0dfe95800e7ff7f0434382c0a66c1147c4db9be72aadf132645cb092233f8',146,2,NULL,'[\"*\"]',0,'2023-09-26 04:28:33','2023-09-26 04:28:33','2023-09-26 04:58:33'),('d376dfc0ac8f3de4e41ad38f6f4aa8bb648c740d64cab1fce57487a4cc4da8597cfc6d23ab01d0bb',150,2,NULL,'[\"*\"]',0,'2023-10-19 01:54:26','2023-10-19 01:54:26','2023-10-19 02:24:26'),('d39f61326b52cf8485e1fcdb63640d98b93c57466e13eb16e3f5f436e7a8f3e40bc42de778b73b62',439,6,NULL,'[\"*\"]',1,'2025-02-06 11:02:21','2025-02-25 05:59:21','2025-04-07 11:03:21'),('d5272046e6a60d50c1b132236eb14b51bc873f820c3613bc5c14f0d506753f72ec278df8723f6fa6',320,2,NULL,'[\"*\"]',1,'2024-06-19 02:16:30','2024-06-19 02:16:50','2024-08-18 02:17:30'),('d539cda0412a82b93b2f979dc113a9ea4cfd8f50a6c93fa9232d530d3393c81c286e9c9f3bd01867',175,2,NULL,'[\"*\"]',0,'2023-12-19 05:50:01','2023-12-19 05:50:01','2023-12-19 06:20:01'),('d55e62ec49f925d512d3149e4cee00d9ad929f532948a7747eedf819e80caa5686ca620f1a507561',146,2,NULL,'[\"*\"]',1,'2023-09-21 08:14:05','2023-09-21 08:14:28','2023-09-21 08:44:05'),('d5a99329f20811baedbcc29e608e9dfdafe743194f787b5fbfcc757b1e7f63f1cfc86f6c97edd741',147,2,NULL,'[\"*\"]',1,'2023-10-12 06:15:12','2023-10-12 06:18:39','2023-10-12 06:45:12'),('d5f0d5d335d24d0fdae9fb940eb58e1ddac00823254a7e206bc41ec2d9a2c705f6326f0a26849239',206,2,NULL,'[\"*\"]',1,'2023-11-16 05:53:19','2023-11-16 05:54:59','2023-11-16 06:23:19'),('d60773d81b29cdef92330f6996dd840a226aa6d3867e832831a193aeb7e8382d542b57aa92bd82de',146,2,NULL,'[\"*\"]',0,'2023-10-09 06:51:53','2023-10-09 06:51:53','2023-10-09 07:21:53'),('d6adc3f1d078c959c5431b1f47927a19fb54a2c2e859be2ebce2c7cf4b5c9cd0fb64c25889856960',454,6,NULL,'[\"*\"]',0,'2025-03-19 07:06:06','2025-03-19 07:06:06','2025-05-18 07:07:06'),('d6e57f55f3296ca958326ae673bd2f9c853860684d82dc2a64c1f0a357f5804fc39daa42c4c19cd4',149,2,NULL,'[\"*\"]',0,'2023-09-25 01:29:19','2023-09-25 01:29:19','2023-09-25 01:59:19'),('d76c82782b75ea6f9dfd759d1b69617b594ab3e07bf70ff44d57d8cde91ce9d3abe423f749ced691',410,6,NULL,'[\"*\"]',0,'2024-10-30 06:54:58','2024-10-30 06:54:58','2024-12-29 06:55:58'),('d77e5c81449a6683672d5c0b8ad507a5661b1a31870083bbf44e23987baead46c4dc3f4e90739fde',146,2,NULL,'[\"*\"]',0,'2023-10-19 06:38:29','2023-10-19 06:38:29','2023-10-19 07:08:29'),('d78ea852c0fc9e9c686c60087e34670ff566b3d9ee7a2cfa301cdf8330bbedd9b2a3c9d06c3fd53d',149,2,NULL,'[\"*\"]',0,'2023-09-25 06:39:47','2023-09-25 06:39:47','2023-09-25 07:09:47'),('d79964bb5ee9a311e765c7b1d9b0cfbda2781112f7fd46e2c2bb8ce227caf72384f2504dd28b0b9b',149,2,NULL,'[\"*\"]',0,'2023-10-03 00:54:20','2023-10-03 00:54:20','2023-10-03 01:24:20'),('d7ede58d30cc0ff2a9f3eb33e6661d573c961a7df4f6c0d6477e4a346706d739487ab7e3a4a833a3',146,2,NULL,'[\"*\"]',0,'2023-10-31 11:43:41','2023-10-31 11:43:41','2023-10-31 12:13:41'),('d83d40a9f166bcf22f754728e93294a09d66982ca177730cffcf3ff7f14cca527a48094db2f1a3a1',150,2,NULL,'[\"*\"]',0,'2023-10-19 02:34:09','2023-10-19 02:34:09','2023-10-19 03:04:09'),('d892b5a82333cd37e9cda57b0ee4997a6fbbb18e9ddbb2329965469bc4666d78135f7b534fcbfd80',146,2,NULL,'[\"*\"]',1,'2023-11-02 04:19:36','2023-11-02 04:19:44','2023-11-02 04:49:36'),('d8d9a6357ba88d7393e33f4d3fe7ef587bb785a8a3e1f17c115a5634b41d820d61c29801b192156e',146,2,NULL,'[\"*\"]',0,'2023-10-25 03:43:05','2023-10-25 03:43:05','2023-10-25 04:13:05'),('d8e10c22b936dbd3a1625da2f8c835856be0a5c6d7b420b7408dcceb0370d74430a4f72087f65432',149,2,NULL,'[\"*\"]',0,'2023-09-27 04:17:34','2023-09-27 04:17:34','2023-09-27 04:47:34'),('d9079b9b94033b0abadb92c76c3608235bcfb790cc6cc88c6da2e6f616bb9c659eeccd92c5e6d4a6',158,2,NULL,'[\"*\"]',0,'2023-10-11 01:06:22','2023-10-11 01:06:22','2023-10-11 01:36:22'),('d9169628a69c7c084b4327ce8d8f85b6b20a22d94f821d675945caed85a4fda77f3718f388de259b',146,2,NULL,'[\"*\"]',0,'2023-10-27 05:55:54','2023-10-27 05:55:54','2023-10-27 06:25:54'),('d93ad76d09b279725781d510c0aec0d5bb6fd37b116a39861bfdf0a93d0afe116dc932cd105af9f7',172,2,NULL,'[\"*\"]',0,'2023-11-02 05:29:03','2023-11-02 05:29:03','2023-11-02 05:59:03'),('d9b53285d9f2a21a5bf8b3a1d5bc9c6311ab631c7b6f2fdde0f98fccae18d62c89264ebac1341717',150,2,NULL,'[\"*\"]',1,'2023-10-10 08:30:24','2023-10-10 08:40:14','2023-10-10 09:00:24'),('d9bff45d6e4a2be5626602341eb7b68320f0e07acd9afd98dfb2ba1b9379435efa9315a5c811b531',147,2,NULL,'[\"*\"]',0,'2023-10-12 14:25:27','2023-10-12 14:25:27','2023-10-12 14:55:27'),('d9cdda92a3b58661753dfc32962d1ebeaa448ee58372fb74795b417a4f6e74265fb8dd9d0b5495a2',360,6,NULL,'[\"*\"]',0,'2024-07-13 04:14:42','2024-07-13 04:14:42','2024-09-11 04:15:42'),('da40cdee0607dcc6271888127a495374d264085d0fd8924559ae8a8891c200996a9d5e781b5b2a68',147,2,NULL,'[\"*\"]',0,'2023-10-13 01:34:22','2023-10-13 01:34:22','2023-10-13 02:04:22'),('da51dbc7e678099509fa28299b70ef9a23cc93854b215a8f156d49cde14013c4c4b186343dc7ed52',431,6,NULL,'[\"*\"]',0,'2025-01-20 11:10:52','2025-01-20 11:10:52','2025-03-21 11:11:52'),('da86385078d3456b33c445183c74a770e7157d14ae29dd519b2e80a7d073e5ca3669da57b78603b0',150,2,NULL,'[\"*\"]',0,'2023-10-04 10:17:49','2023-10-04 10:17:49','2023-10-04 10:47:49'),('dac9d7df7fb7eebdcf730853270e145cc55072409c1b8a4ac9288829b5559f572979c8decf2f4532',204,2,NULL,'[\"*\"]',1,'2023-11-16 03:24:55','2023-11-16 03:28:15','2023-11-16 03:54:55'),('db36224af7c9ba6368176c1ab94faa886cc0f357fb2016e0d58dd282ce93c657402106de98b7dec3',248,2,NULL,'[\"*\"]',1,'2024-05-06 04:14:38','2024-05-08 04:33:22','2024-07-05 04:15:38'),('db4cf1b9c77e315e7304cc7fa0dedfc8d7c3ffd8931057930134ca6bbc7102d79e90d04c8204e400',191,2,NULL,'[\"*\"]',1,'2023-11-09 23:55:07','2023-11-10 00:04:13','2023-11-10 00:25:07'),('db781e94189393cb05bb0d2471eb9f6ce986163c07be36f8f25c14bc8ba87bacd74c85111a691f68',149,2,NULL,'[\"*\"]',0,'2023-09-25 00:55:38','2023-09-25 00:55:38','2023-09-25 01:25:38'),('dbb69ee4120804453849af055fab3c5a67f7b2148e676a911a22eaf3af8067f4ac82a1c88fbe37c7',149,2,NULL,'[\"*\"]',0,'2023-09-28 07:09:50','2023-09-28 07:09:50','2023-09-28 07:39:50'),('dc581faa3f15747b3aeea0ed0b02953030ae0580a8ed0d2c2f979f923c7156e417f12dbc20ddc69a',475,5,'auth_token','[]',0,'2025-05-16 10:31:06','2025-05-16 10:31:06','2026-05-16 10:31:06'),('dc6e7cacb238b6feb4c954e2ebd7befbe3a3dbb7c2e817e4cf13826c67d83b2b92cb221f5fc43cab',173,2,NULL,'[\"*\"]',0,'2023-11-09 02:33:20','2023-11-09 02:33:20','2023-11-09 03:03:20'),('dcb1c5d3c9397c8ce2d0013f39d7f5e98422c03397c1faaa47b2a73662f7195e2f6febc039ca6ef6',157,2,NULL,'[\"*\"]',0,'2023-10-11 00:17:33','2023-10-11 00:17:33','2023-10-11 00:47:33'),('dd38619d7fa759474233f3615c185efb9cdb1ad715afcff5615cd8dc0c2bc0bc4c0b20cd68bf36da',175,2,NULL,'[\"*\"]',1,'2023-11-03 09:35:35','2023-11-03 09:36:03','2023-11-03 10:05:35'),('dde1c5961cd3d5cdfe3019a686fef542c0be41e6821a44de0791ecdead744e2fbf0f72e918942b39',138,2,NULL,'[\"*\"]',0,'2023-09-06 10:34:51','2023-09-06 10:34:51','2023-09-06 11:04:51'),('ddff63da0d3a43fe5f35a7aa93fdc23a1e61f634110469627fbbd9824a265a69434281dd60143d81',175,2,NULL,'[\"*\"]',1,'2023-11-15 07:58:44','2023-11-15 07:58:48','2023-11-15 08:28:44'),('de2c13e335e685cf2edfc5b8b83a91c937700791f50304121bed8cb4b6107dbc8db9fd5b4746f460',146,2,NULL,'[\"*\"]',0,'2023-10-31 08:45:46','2023-10-31 08:45:46','2023-10-31 09:15:46'),('de8635a11035b5aa7c31f0fe82923135e45cc9a97ebe26737a1a27a37429660241df6ec9ee731634',174,2,NULL,'[\"*\"]',0,'2023-11-01 07:03:39','2023-11-01 07:03:39','2023-11-01 07:33:39'),('df40ee5b3cf787e34a711def51055a3670cd1dc66321b2b696776297382df0a3b792b9960f8a2dce',146,2,NULL,'[\"*\"]',1,'2023-10-03 10:18:47','2023-10-03 10:19:43','2023-10-03 10:48:47'),('df4f311fbef976535347d04cc199e5084c58ca6ee50709a731f34d51beabdd8d91e7da1010c4b4eb',173,2,NULL,'[\"*\"]',0,'2023-11-08 23:39:57','2023-11-08 23:39:57','2023-11-09 00:09:57'),('df520b958ca12d76bfd2e0b91325a2d190dc1eba88cb3f655ef960b2ef9c9b3bfc67f22a68094011',175,2,NULL,'[\"*\"]',0,'2023-11-03 02:50:25','2023-11-03 02:50:25','2023-11-03 03:20:25'),('e03390f12b2d7b73693c1b4239c5aff60e8ff2373d515b0aba01d64bef4a70062b3e06b1f149b6eb',172,2,NULL,'[\"*\"]',0,'2023-11-02 23:46:35','2023-11-02 23:46:35','2023-11-03 00:16:35'),('e07d974f7db08b62a284278a179d338638a77808838a3f6e06c4bbe40f6c181b47334a002ee1120f',276,2,NULL,'[\"*\"]',1,'2024-05-27 01:30:03','2024-05-27 01:36:21','2024-07-26 01:31:03'),('e0a3e2d1c9206aa302c2b5d006973f89d6b19481fa11f499aec8175512b559f20ce95982ef43ac8e',175,2,NULL,'[\"*\"]',0,'2023-11-03 08:10:53','2023-11-03 08:10:53','2023-11-03 08:40:53'),('e0ae2a65fa6e25dbdfacbacfee4a2386cbecb32c5ac05fcf254d275b6908052919d7a4773b299dc2',467,6,NULL,'[\"*\"]',0,'2025-04-16 06:15:07','2025-04-16 06:15:07','2025-06-15 06:16:07'),('e122fbcf106ec77d865fa6b915864c4991ba90c23d12462085937b8cde9f5ddfc30863f86f1a7b2f',146,2,NULL,'[\"*\"]',1,'2023-10-25 10:33:36','2023-10-25 10:36:48','2023-10-25 11:03:36'),('e13338e1710f4a73a4095426bc28f76335e5ec9a52cfd5600296392b4569a2ce004da54534b213ae',290,2,NULL,'[\"*\"]',1,'2024-05-27 02:39:27','2024-05-27 02:41:37','2024-07-26 02:40:27'),('e16baccf731315ba88f114f9fa0fd84956a2cde2fe67ac3c655c7a8ddfe942810249124508c0426a',146,2,NULL,'[\"*\"]',0,'2023-11-02 04:18:22','2023-11-02 04:18:22','2023-11-02 04:48:22'),('e181b32aadcc62f6806f85686d380f0aef587a5deaa6bd02882995788c108f6b5e4597df31701963',146,2,NULL,'[\"*\"]',0,'2023-10-03 06:27:44','2023-10-03 06:27:44','2023-10-03 06:57:44'),('e1afcefeae1932c853927db8aa2ea889c469a2afa297c73557ae7acd84f55119390fd64baf68aaf9',190,2,NULL,'[\"*\"]',1,'2023-11-10 03:25:28','2023-11-10 03:32:09','2023-11-10 03:55:28'),('e1d5ca181c306ac9db907106144d38de5e449b2e7c678096c3208835aaf68d85a129f04dcfe8f30a',146,2,NULL,'[\"*\"]',0,'2023-09-21 08:20:37','2023-09-21 08:20:37','2023-09-21 08:50:37'),('e2753821f8f246c4e7083189dba168887ca7042584dd44453074458152298fe4bfa446d219cb44bd',169,2,NULL,'[\"*\"]',0,'2023-10-30 01:19:58','2023-10-30 01:19:58','2023-10-30 01:49:58'),('e2805ea293f2384e906febd1a633bb5c56e0ed4ec65d882f8becc617e1e6fe8415ace62e4509f4e8',138,2,NULL,'[\"*\"]',1,'2023-09-06 03:19:54','2023-09-06 03:20:33','2023-09-06 03:49:54'),('e28907730fe1b21125e90c7f170f5dec32b8d01b913e27626270b08004c3e804cf5cbb265da2a31a',308,6,NULL,'[\"*\"]',0,'2024-07-12 07:01:37','2024-07-12 07:01:37','2024-09-10 07:02:37'),('e2a1eea06cdcba6b7e6d247c2a3c5256586ddcd94f63acb846146e9d9e39a48340e669fc093b2b53',147,2,NULL,'[\"*\"]',0,'2023-09-29 02:15:51','2023-09-29 02:15:51','2023-09-29 02:45:51'),('e2d1c91269d8c8c4a48d3911777afbde8bcf5f6bd1887652ebd19a5918b37d5e861a32b98457cc9c',147,2,NULL,'[\"*\"]',0,'2023-10-12 16:38:36','2023-10-12 16:38:36','2023-10-12 17:08:36'),('e3339e3b60c4aa936a72f0e8dadc8aa5ce4d4864ddf561c4bc437868358fad37fdd2ec35e5631cd9',156,2,NULL,'[\"*\"]',0,'2023-10-11 03:17:35','2023-10-11 03:17:35','2023-10-11 03:47:35'),('e37e424bc113f4387aa9e5380789a042b0add75fce64aee48a8c81ff190ba7b84a19d17f61b544dd',166,2,NULL,'[\"*\"]',0,'2023-10-22 23:22:07','2023-10-22 23:22:07','2023-10-22 23:52:07'),('e3c50da0daf1774a672c49ed9c7b01af4bbd8d33699d2b53a814124202b539ec2767cbc92761f3cb',207,2,NULL,'[\"*\"]',0,'2023-11-16 05:44:51','2023-11-16 05:44:51','2023-11-16 06:14:51'),('e3cfb69f82b3390cab1eeb267809d02c7c7f687305bca66a79443e2009982c226982a59c0de85f74',175,2,NULL,'[\"*\"]',0,'2023-11-21 08:03:52','2023-11-21 08:03:52','2023-11-21 08:33:52'),('e3eac8f541892bbdd7767c2fc90f44c87c0e2510620e752ffda430a6b7e4fa81060c407f01159603',160,2,NULL,'[\"*\"]',0,'2023-11-20 01:16:23','2023-11-20 01:16:23','2023-11-20 01:46:23'),('e3fa0d43e27d48feebf7ff84c47efd215b39d868842557e24e9d8e689c0efdb7a63883ab517ce04d',188,2,NULL,'[\"*\"]',0,'2023-11-09 04:05:44','2023-11-09 04:05:44','2023-11-09 04:35:44'),('e41ad638fcc2b80a0350f0c6c593f3b65f4c80491c432552145c352cdd5a09df8ad844d2db2ea901',494,6,NULL,'[\"*\"]',0,'2025-09-04 02:38:01','2025-09-04 02:38:01','2025-11-03 02:39:01'),('e48fd37bc72e7875b2bd64f83fa1a4d03554f1a1456b82afb609d1d0cf0b3b6a50bf68c4443fb38c',150,2,NULL,'[\"*\"]',1,'2023-10-10 05:14:48','2023-10-10 05:16:03','2023-10-10 05:44:48'),('e508e7b52bb79533e521b88fa5120b1b4cf23455ed9fc1f807ea0f4dea9ba1871327ceaba9ea277d',166,2,NULL,'[\"*\"]',0,'2023-10-23 04:34:44','2023-10-23 04:34:44','2023-10-23 05:04:44'),('e549539ec2bb3a26f21171505c87a81cb91fb093b045817ee33e159769390b7b5203604d5aab0613',147,2,NULL,'[\"*\"]',0,'2023-10-11 12:57:19','2023-10-11 12:57:19','2023-10-11 13:27:19'),('e57e994e915162b5e706cfa59f859c8b0af377371cf40d8a083988729e02ee2b7c47a47702d5b6b0',146,2,NULL,'[\"*\"]',0,'2023-10-26 11:42:51','2023-10-26 11:42:51','2023-10-26 12:12:51'),('e597e6f4ab60ca1a64ae0852c4c16527b72f664ead8abbce77ee740eaf4fc78c0e37f753c30790bd',173,2,NULL,'[\"*\"]',0,'2023-11-23 03:42:06','2023-11-23 03:42:06','2023-11-23 04:12:06'),('e640612e8abe1c5054a3d8e45dfb2dbadeb2960bfdb48a88bfbe22e45ea4bc63e6bcf02cd41db742',213,2,NULL,'[\"*\"]',0,'2023-11-17 04:37:43','2023-11-17 04:37:43','2023-11-17 05:07:43'),('e650346dd195a7e2f5a2cd3577c47bd023f8be01f5dfefe77453521285dcbdd624afa44837910099',150,2,NULL,'[\"*\"]',0,'2023-10-10 08:27:30','2023-10-10 08:27:30','2023-10-10 08:57:30'),('e6a3f4008a53146657b1fc9c934462a58b59c2a04fd666cb274a7340f45929ba96de45fe858f44ca',150,2,NULL,'[\"*\"]',0,'2023-10-25 10:15:38','2023-10-25 10:15:38','2023-10-25 10:45:38'),('e6ac253bafb2d6334afa51d374a297c620420f7fe6ceb185938471d01788b6b72ee2f37ccc0aa556',146,2,NULL,'[\"*\"]',0,'2023-10-04 04:16:26','2023-10-04 04:16:26','2023-10-04 04:46:26'),('e76de81c69fb906880912dd5b179fd55dddf8a0eb0129fa81be5d5f297b16c91b8017b5685de3462',271,2,NULL,'[\"*\"]',0,'2024-05-08 06:38:33','2024-05-08 06:38:33','2024-07-07 06:39:33'),('e824059639c4b86069eed9f1312c314029a3021f1cb74efb8375519e44c89f53ab0695c18fe4eb30',138,2,NULL,'[\"*\"]',1,'2023-09-06 03:22:45','2023-09-06 03:22:51','2023-09-06 03:52:45'),('e897f658d759ccd7c4792a14ca03b81c6fc225db4e1f4bbcec2b9dc4f932b37b1cd521f2470b4a39',147,2,NULL,'[\"*\"]',0,'2023-10-30 01:24:26','2023-10-30 01:24:26','2023-10-30 01:54:26'),('e8df863943e090b77314c35ae4a047be2745d7b2de8213880cf1823ed78696dbf320038c41d3a53a',204,2,NULL,'[\"*\"]',0,'2023-11-16 05:10:31','2023-11-16 05:10:31','2023-11-16 05:40:31'),('e91c4900146278cd2e4e7d2fb425985b3cd82a64563229bf6310404de868d4e98cadf0732fa29171',149,2,NULL,'[\"*\"]',0,'2023-09-28 08:42:51','2023-09-28 08:42:51','2023-09-28 09:12:51'),('e95ff6dc8cf60d612761742cf5d02b914748b10a8875c7a59b3926fe18e6610c5d65630e17964c95',171,2,NULL,'[\"*\"]',0,'2023-11-02 14:53:10','2023-11-02 14:53:10','2023-11-02 15:23:10'),('e99e598490128420568b953949799b8e893ad2005f13feec4c8c4998b448eae90f6eb34788c8fbae',146,2,NULL,'[\"*\"]',0,'2023-10-24 08:07:19','2023-10-24 08:07:19','2023-10-24 08:37:19'),('e9bcc375c29b99853fe0b09839f0ce44c091a16a0a758a58e221f5a68df8fff0a25a1ee4a0b3875f',263,2,NULL,'[\"*\"]',1,'2024-05-06 07:16:59','2024-05-08 04:32:38','2024-07-05 07:17:59'),('ea56059ab7d654070f4a1ca80353ca081f9ed4e4d3be0cd0b4bae63e413bd012a24602ed85e4c79b',191,2,NULL,'[\"*\"]',1,'2023-11-09 23:24:14','2023-11-09 23:27:20','2023-11-09 23:54:14'),('ea8834fe03c1dfdc6c85abddf9f00d1222add500a040d1e19799b890810a30b67bbc05803bd41371',172,2,NULL,'[\"*\"]',1,'2023-11-02 04:22:55','2023-11-02 04:23:16','2023-11-02 04:52:55'),('ea928212a344338faa26a2f4aac7401c61b7e2086f5af4c3eea96d1bf27fa44c6f5353617991990e',146,2,NULL,'[\"*\"]',1,'2023-11-02 04:10:13','2023-11-02 04:10:30','2023-11-02 04:40:13'),('eaabf640dc9052d23b13132aa772a522911e96a065e704c939808d1dc5d5fec117528733b39de875',214,2,NULL,'[\"*\"]',1,'2023-11-17 06:02:25','2023-11-17 06:05:31','2023-11-17 06:32:25'),('ead20944d7f74493bf49002ae2bba47cc6c95d05655aef5a8577c656e971f3adaf4e1f3ce8912b3b',170,2,NULL,'[\"*\"]',0,'2023-10-31 03:59:21','2023-10-31 03:59:21','2023-10-31 04:29:21'),('eb4014a80ecfc7cecce54c3211b523b83dcb618aca93f3d089c33c49deffed8071ecf88b13d24bfb',146,2,NULL,'[\"*\"]',0,'2023-10-09 07:26:54','2023-10-09 07:26:54','2023-10-09 07:56:54'),('eb8814dd2bb7a4af5f2c0aeb21ee880ded775c12519e169d4d72df2d10478e1a181e2e65ecb16d4c',315,2,NULL,'[\"*\"]',1,'2024-05-29 08:29:05','2024-05-29 08:29:10','2024-07-28 08:30:05'),('eb90175e760486a37542f844aa1e08337043e49b2cfee7c1ac2b9c4c238a5e3e339203453b96d82b',146,2,NULL,'[\"*\"]',0,'2023-09-22 04:18:50','2023-09-22 04:18:50','2023-09-22 04:48:50'),('eb904d8acad9b8049ad54d56cc0fbcab6fd3caf6399f3abbe84d56d5590fb687bef135c84afb9376',173,2,NULL,'[\"*\"]',0,'2023-11-17 07:37:23','2023-11-17 07:37:23','2023-11-17 08:07:23'),('ebae28703ed3ad16e1e422425f66b85527e0c9a362df9efc4307999065841d61faf3e106a80e15f5',146,2,NULL,'[\"*\"]',0,'2023-10-31 06:26:53','2023-10-31 06:26:53','2023-10-31 06:56:53'),('ebc13e38b8dfb9f30b3e7fc1e8988bd058df065e44831cac4f98f42abf3e0d333b912c9b236629b6',138,2,NULL,'[\"*\"]',1,'2023-09-06 03:22:56','2023-09-06 03:35:49','2023-09-06 03:52:56'),('ebeb11bffda867b3d32ce59662cf233466876e2e336636314deedda76982ae77eef462a5d298d262',191,2,NULL,'[\"*\"]',1,'2023-11-10 04:32:24','2023-11-10 04:35:28','2023-11-10 05:02:24'),('ec13a5f68f152f8898e5b20933068c21b9ba342d6bd78d75025acb3b2682d98d13e490746477fd84',146,2,NULL,'[\"*\"]',0,'2023-10-02 23:34:40','2023-10-02 23:34:40','2023-10-03 00:04:40'),('ec3b8c1184d1482377c9f89d206eb8f17675153621644064ddbc2f29b8785489635a238e9246f691',153,2,NULL,'[\"*\"]',0,'2023-10-09 05:58:54','2023-10-09 05:58:54','2023-10-09 06:28:54'),('eccb1d71634ac23a7e3081d68965163cedf65292fae262587a05a24dd2d27a3d3271fab09bd71c78',146,2,NULL,'[\"*\"]',1,'2023-10-03 04:22:29','2023-10-03 04:22:33','2023-10-03 04:52:29'),('eccc600b81e00c8874f5f4b88a6f32e235a9f6a1f29c79a2c42546c4a390f3374298cbd828cc69ca',147,2,NULL,'[\"*\"]',0,'2023-10-13 09:55:02','2023-10-13 09:55:02','2023-10-13 10:25:02'),('ece2578c356f48ee3870e283b216cbcac45348bbaaa176cc5cbf937fcf0c514f5543e01e93d3851d',306,2,NULL,'[\"*\"]',0,'2024-06-20 02:53:39','2024-06-20 02:53:39','2024-08-19 02:54:39'),('ed154172f6489b8a64e62cb0ff013baa98a151d3124210f942747c0117b6bf31872337474e8ba597',146,2,NULL,'[\"*\"]',0,'2023-11-01 00:48:59','2023-11-01 00:48:59','2023-11-01 01:18:59'),('edc08816dec0ce0519da25076e16ee8aa1e96bcf69ea8e93d0027d07c937fd128d6b4ad238762dad',147,2,NULL,'[\"*\"]',0,'2023-10-12 14:57:28','2023-10-12 14:57:28','2023-10-12 15:27:28'),('ede97fe00f1343d9e1f86ee9196b2371c3bcb5dbe368e68ddba4a2d313e2e012b3cd000ab7442382',333,2,NULL,'[\"*\"]',0,'2024-06-03 13:00:10','2024-06-03 13:00:10','2024-08-02 13:01:10'),('efaa5f31725a732b17996f7b6e488fa0938643c98130cbefc3525e2940f3f6d882a82321da43e33b',175,2,NULL,'[\"*\"]',0,'2023-11-03 03:46:38','2023-11-03 03:46:38','2023-11-03 04:16:38'),('efb37444887a8ed595af498ac7c6e444173085ef5aaf2cba51b759b268b3851079a5058a883fba88',146,2,NULL,'[\"*\"]',1,'2023-10-30 01:23:11','2023-10-30 01:24:04','2023-10-30 01:53:11'),('f016c98c3bb0a62312de4a4a1df57b88e482624127a703d0043c82e06b0ef970b3973f66994f7914',146,2,NULL,'[\"*\"]',1,'2023-11-01 04:13:16','2023-11-01 04:34:37','2023-11-01 04:43:16'),('f044703ac25fda305701e34fa5ba947b7ef6e6bff1c11dc405113b10914fc9aaf335c8f50f8ca37d',147,2,NULL,'[\"*\"]',0,'2023-10-25 02:48:13','2023-10-25 02:48:13','2023-10-25 03:18:13'),('f0a390ef01d6f8e996892eb471bc2c2e9e93245b5c12ed1af3a0fa9e32f78a473f9f8d016ed89d05',156,2,NULL,'[\"*\"]',0,'2023-10-11 09:19:25','2023-10-11 09:19:25','2023-10-11 09:49:25'),('f0a616c6eed4105f87f0a990ee859105dd81e1c5ccd0aae6eec276aaadd91d5e664558c23b392206',146,2,NULL,'[\"*\"]',0,'2023-10-18 02:49:27','2023-10-18 02:49:27','2023-10-18 03:19:27'),('f0ee6d9e43cf81d11152d514b91e61c6e4f455f26b94f1fbd228d9defbcc16f3d6685837e7258421',146,2,NULL,'[\"*\"]',0,'2023-10-19 06:04:10','2023-10-19 06:04:10','2023-10-19 06:34:10'),('f1255c025c52d30769a11bd78396e473dac8a9e90704735e98c3b8693596bb17c8517cca57ff3e98',175,2,NULL,'[\"*\"]',1,'2023-11-03 04:44:33','2023-11-03 04:59:00','2023-11-03 05:14:33'),('f1571c73412ebd6db1931086ed956807305941c4755ed77af4980ea2bdfc7488b704ecdfbd53c7c1',347,6,NULL,'[\"*\"]',1,'2024-07-12 05:29:06','2024-07-12 06:18:34','2024-09-10 05:30:06'),('f244883645d43e0b0cf4a5ce11b2108e262c32f7bef424088d494369f24c31aba77251ccec971157',1,2,NULL,'[\"*\"]',0,'2023-08-08 13:27:56','2023-08-08 13:27:56','2023-08-08 13:57:56'),('f2c139f31d60ed703016b99797e18f9127d6c8e4b88976956eb3e4e1ee0c5f6e6c03fa9da391ee50',156,2,NULL,'[\"*\"]',0,'2023-10-18 00:59:19','2023-10-18 00:59:19','2023-10-18 01:29:19'),('f2d3e152ef8bc021c369d4ae874ee1f5499cf90e407382458fabdae66d0ac57f13fa619f892c41d1',146,2,NULL,'[\"*\"]',0,'2023-10-03 13:28:48','2023-10-03 13:28:48','2023-10-03 13:58:48'),('f2fe3da98a81c5b0b466e55e67b49cd8e32024ba861902e157b91b2adb440f2d7b9a6cee8912b774',201,2,NULL,'[\"*\"]',0,'2023-11-16 01:48:51','2023-11-16 01:48:51','2023-11-16 02:18:51'),('f3185285c996e612716102d39a46bad75c376353f502d7100813ebcc6b1b2ed58001fce2efe85ada',213,2,NULL,'[\"*\"]',1,'2023-11-17 04:34:48','2023-11-17 04:36:10','2023-11-17 05:04:48'),('f3afede969b8eccd1e86b30f8057468c2149446550d847fd50fa19745fdb137754ce13e57fc533e3',202,2,NULL,'[\"*\"]',1,'2023-11-16 01:52:20','2023-11-16 02:09:50','2023-11-16 02:22:20'),('f3bfa9772d0a6fcfdc268fa40ee9633afd4cee2bf803d05567dc0a24406240b192e76467f9f91b86',147,2,NULL,'[\"*\"]',0,'2023-10-05 02:53:22','2023-10-05 02:53:22','2023-10-05 03:23:22'),('f480d4c32e1cc2f473e71adf398102643fbd6d935b777c8a6a1333e32dac92a4383cc4190d58baa4',147,2,NULL,'[\"*\"]',0,'2023-10-11 08:47:51','2023-10-11 08:47:51','2023-10-11 09:17:51'),('f4863c5d0182a3d885f66700d6f18d5072912141aad89a9081f732f0ee8054bb22371702c6e702f2',147,2,NULL,'[\"*\"]',1,'2023-10-18 00:33:34','2023-10-18 00:58:22','2023-10-18 01:03:34'),('f4b992bdce43e9d3d0e21c0d469b0450e666a5211b1d1412c501d79c4310de8d69b30f227ee68faa',438,5,'auth_token','[]',0,'2025-01-17 14:19:08','2025-01-17 14:19:08','2026-01-17 14:19:08'),('f4c51d113f5d5aa3237d7a51f02d23322603e61b6fe7d7e5e8e98b2e0dadd3af78f804554ed63424',213,2,NULL,'[\"*\"]',0,'2023-11-17 01:10:48','2023-11-17 01:10:48','2023-11-17 01:40:48'),('f522a1851bbe61ad11540bd6d050945da9000f2edc1740ab4364a2f37d94bce35fa828070070ce6f',156,2,NULL,'[\"*\"]',0,'2023-10-12 14:25:15','2023-10-12 14:25:15','2023-10-12 14:55:15'),('f52a3dcf9d273e07d8e1dfe8c304df50eb52e68e01bc7594160328e9742e48872e656d2836ab22e6',203,2,NULL,'[\"*\"]',0,'2023-11-16 03:10:19','2023-11-16 03:10:19','2023-11-16 03:40:19'),('f59bdef2a92a9eabd50ebab6866c947c1799f9a2ed48058ca6a0f6e7c7a1b342f90bac9d0d1c0a41',436,5,'auth_token','[]',0,'2025-01-16 11:52:23','2025-01-16 11:52:23','2026-01-16 11:52:23'),('f6ce07355df677bbe577a01e8e410dba08ca690a276e19462787843f5819ce28af76774ac1d0192a',146,2,NULL,'[\"*\"]',0,'2023-10-31 23:56:17','2023-10-31 23:56:17','2023-11-01 00:26:17'),('f6f79ab51d17174bad5c7aefbd958de2dd221f36bdccc0bbee3dff7079dc35991a940caab1bc7441',146,2,NULL,'[\"*\"]',1,'2023-11-02 03:54:42','2023-11-02 03:55:58','2023-11-02 04:24:42'),('f7456fec54dfaa7d415a855bdff81b538718c99cad92467b3831ea5a91f1cc1bb7f944f57909d621',146,2,NULL,'[\"*\"]',0,'2023-10-31 10:38:44','2023-10-31 10:38:44','2023-10-31 11:08:44'),('f7ce51f42cb7e4303935f6ee3f9b67a78c38fea86d0869ea526348ca94aca8edd9f6ec11042737c9',259,2,NULL,'[\"*\"]',0,'2024-05-03 03:39:50','2024-05-03 03:39:50','2024-07-02 03:40:50'),('f838f6af9de62f2bd271d4d7ba4e66a859a98cf488b3d10c9f7ea29a7755129c7c3118b34c640543',466,6,NULL,'[\"*\"]',0,'2025-04-14 09:14:36','2025-04-14 09:14:36','2025-06-13 09:15:36'),('f840ccfe54c79e38c159e89d45539b20856555df9b7c2c079e02281d137260450cae3ff71e0e9066',146,2,NULL,'[\"*\"]',0,'2023-10-31 02:26:07','2023-10-31 02:26:07','2023-10-31 02:56:07'),('f8913fb09d5d5fd1238b24e45445faf7a33d2ccf0359b652ba58771e9f2e79cdd55feb5203e25ae6',324,2,NULL,'[\"*\"]',0,'2024-06-26 06:39:04','2024-06-26 06:39:04','2024-08-25 06:40:04'),('f8f92506dc4210757019bea3e90a52709a4fe569dd1b46dc86d2394c5f70aa5f648d1efdc391eca6',166,2,NULL,'[\"*\"]',0,'2023-10-27 06:58:05','2023-10-27 06:58:05','2023-10-27 07:28:05'),('f923009ba484416d68c68c0e5effea376d5054f314ab7ab93ab9fab0631ee0ffaf6d52b38418df2e',269,2,NULL,'[\"*\"]',1,'2024-05-27 02:01:20','2024-05-27 02:02:11','2024-07-26 02:02:20'),('f96b5213d1fb3c0cd34b3e99f28956182808998aef6d390854f33344b976e9d3b97af6709c17f9fe',146,2,NULL,'[\"*\"]',0,'2023-10-26 23:04:59','2023-10-26 23:04:59','2023-10-26 23:34:59'),('f971f81682c1f20d8fc1d6ebc65649085ce86e52f5d4805f77ae9c0f9d71399c6a0aaa53d4d558f5',191,2,NULL,'[\"*\"]',1,'2023-11-10 00:26:51','2023-11-10 00:46:56','2023-11-10 00:56:51'),('fa549f9b23668b302e9ca87eaf6bd1986b3744bed7a9d06131cf7bf7a2b57e8a2550fdaa008ac991',175,2,NULL,'[\"*\"]',0,'2023-11-03 08:16:18','2023-11-03 08:16:18','2023-11-03 08:46:18'),('fb96126ead16812d82a1522640cf9714809264d390bad4a30f3dc3b69450ba825efc56d59892ae64',147,2,NULL,'[\"*\"]',0,'2023-10-25 00:26:32','2023-10-25 00:26:32','2023-10-25 00:56:32'),('fced35ac5c38a12585b5291e3eda0714c68d95dafb194dd47b4371695f43f7648905f016b1d63172',149,2,NULL,'[\"*\"]',0,'2023-10-03 03:07:09','2023-10-03 03:07:09','2023-10-03 03:37:09'),('fd49e8de9c329b11898e68798c92cd68743eaeb95b1a6980aa8f1021cdfc6c25f4d6996df3d926a3',146,2,NULL,'[\"*\"]',1,'2023-11-02 04:19:25','2023-11-02 04:19:33','2023-11-02 04:49:25'),('fd741a90256ce05102790e00d796b9ec7ac11b87503c00aa72927bbd5dee41d5e6285b0cbd4e72e5',468,6,NULL,'[\"*\"]',0,'2025-04-29 11:31:58','2025-04-29 11:31:58','2025-06-28 11:32:58'),('fdb15820b2c4b49f64a8a38cdc769ce70cc2a47eb76b6c016dec8c5e02744b19ee2407b836f550bc',175,2,NULL,'[\"*\"]',1,'2023-11-15 23:32:07','2023-11-15 23:32:55','2023-11-16 00:02:07'),('fdcc7d6204a73948aca97eb9aac58ee2c50d12479c05130312bd8736490da58c882c7665e8049033',164,2,NULL,'[\"*\"]',0,'2023-10-11 09:31:45','2023-10-11 09:31:45','2023-10-11 10:01:45'),('fe8d02ecd832053678144f9f5e8c659583899520c8f6498d432f4048101882c1baeb7abfc1208b2f',146,2,NULL,'[\"*\"]',0,'2023-11-02 00:58:48','2023-11-02 00:58:48','2023-11-02 01:28:48'),('ff09d4410b84e1b42d5fb662a067bf547e8030fd49a019ea6a897f2a9eb8ec0112cfdc794c2ff8cf',349,6,NULL,'[\"*\"]',0,'2024-07-12 06:19:22','2024-07-12 06:19:22','2024-09-10 06:20:22'),('ff2d59bebe292d6b091c7e7ce683dbc617023eb5d2af4e73816e8cc79f0b37a32ff8e31ad6e3543a',149,2,NULL,'[\"*\"]',0,'2023-09-27 03:10:57','2023-09-27 03:10:57','2023-09-27 03:40:57'),('ff38780cbe527bfa51c6a74aa0c0e1b999dee9b314bda08c4cded4e860e1ce3b53ff2cbebe7a4d22',211,2,NULL,'[\"*\"]',0,'2023-11-16 07:29:14','2023-11-16 07:29:14','2023-11-16 07:59:14');

--
